|FAILURE| [GIT MASTER] f7dce59377b34750fdda7d1780d527233c84663f

dpdklab at iol.unh.edu dpdklab at iol.unh.edu
Mon Apr 17 07:44:12 CEST 2023


_Testing issues_

Branch: tags/v21.11

f7dce59377b34750fdda7d1780d527233c84663f --> testing fail

Test environment and result as below:

+------------------+--------------------+
|   Environment    | dpdk_meson_compile |
+==================+====================+
| FreeBSD 13       | PASS               |
+------------------+--------------------+
| CentOS Stream 9  | PASS               |
+------------------+--------------------+
| CentOS Stream 8  | PASS               |
+------------------+--------------------+
| Ubuntu 22.04     | PASS               |
+------------------+--------------------+
| RHEL 7           | PASS               |
+------------------+--------------------+
| openSUSE Leap 15 | PASS               |
+------------------+--------------------+
| Alpine           | FAIL               |
+------------------+--------------------+
| Debian Bullseye  | PASS               |
+------------------+--------------------+
| Ubuntu 20.04     | PASS               |
+------------------+--------------------+
| RHEL8            | PASS               |
+------------------+--------------------+
| Debian Buster    | PASS               |
+------------------+--------------------+

==== 20 line log output for Alpine (dpdk_meson_compile): ====
[2589/2949] Compiling C object 'lib/76b5a35@@rte_eal at sta/eal_x86_rte_spinlock.c.o'.
[2590/2949] Compiling C object 'lib/76b5a35@@rte_eal at sta/eal_x86_rte_hypervisor.c.o'.
[2591/2949] Compiling C object 'lib/76b5a35@@rte_eal at sta/eal_x86_rte_cycles.c.o'.
[2592/2949] Compiling C object 'lib/76b5a35@@rte_eal at sta/eal_x86_rte_cpuflags.c.o'.
[2593/2949] Compiling C object 'lib/76b5a35@@rte_eal at sta/eal_linux_eal_vfio_mp_sync.c.o'.
[2594/2949] Compiling C object 'lib/76b5a35@@rte_eal at sta/eal_linux_eal_vfio.c.o'.
[2595/2949] Compiling C object 'lib/76b5a35@@rte_eal at sta/eal_linux_eal_timer.c.o'.
[2596/2949] Compiling C object 'lib/76b5a35@@rte_eal at sta/eal_linux_eal_thread.c.o'.
[2597/2949] Compiling C object 'lib/76b5a35@@rte_eal at sta/eal_linux_eal_memory.c.o'.
[2598/2949] Compiling C object 'lib/76b5a35@@rte_eal at sta/eal_linux_eal_memalloc.c.o'.
[2599/2949] Compiling C object 'lib/76b5a35@@rte_eal at sta/eal_linux_eal_log.c.o'.
[2600/2949] Compiling C object 'lib/76b5a35@@rte_eal at sta/eal_linux_eal_lcore.c.o'.
[2601/2949] Compiling C object 'lib/76b5a35@@rte_eal at sta/eal_linux_eal_interrupts.c.o'.
[2602/2949] Compiling C object 'lib/76b5a35@@rte_eal at sta/eal_linux_eal_hugepage_info.c.o'.
[2603/2949] Compiling C object 'lib/76b5a35@@rte_eal at sta/eal_linux_eal_dev.c.o'.
[2604/2949] Compiling C object 'lib/76b5a35@@rte_eal at sta/eal_linux_eal_debug.c.o'.
../lib/eal/linux/eal_debug.c:6:10: fatal error: execinfo.h: No such file or directory
6 | #include <execinfo.h>
|          ^~~~~~~~~~~~
compilation terminated.
==== End log output ====

FreeBSD 13
	Kernel: 13.0
	Compiler: clang 11.0.1

CentOS Stream 9
	Kernel: 4.18.0-240.10.1.el8_3.x86_64
	Compiler: gcc 11.3.1 20220421

CentOS Stream 8
	Kernel: 4.18.0-240.10.1.el8_3.x86_64
	Compiler: gcc 8.4.1 20200928

Ubuntu 22.04
	Kernel: Container Host Kernel
	Compiler: gcc 11.3.1-2

RHEL 7
	Kernel: 4.18.0-240.10.1.el8_3.x86_64
	Compiler: gcc 4.8.5 20150623 (Red Hat 4.8.5-44)

openSUSE Leap 15
	Kernel: 4.18.0-240.10.1.el8_3.x86_64
	Compiler: gcc 7.5.0

Alpine
	Kernel: 5.4.0-73-generic
	Compiler: gcc (Alpine 10.3.1_git20210424) 10.3.1 20210424

Debian Bullseye
	Kernel: 5.4.0-122-generic
	Compiler: gcc 10.2.1-6

Ubuntu 20.04
	Kernel: 4.18.0-240.10.1.el8_3.x86_64
	Compiler: gcc 9.3.0-17ubuntu1~20.04

RHEL8
	Kernel: 4.18.0-240.10.1.el8_3.x86_64
	Compiler: gcc 8.3.1 20191121 (Red Hat 8.3.1-5)

Debian Buster
	Kernel: 5.4.0-122-generic
	Compiler: gcc 8.3.0-6

To view detailed results, visit:
https://lab.dpdk.org/results/dashboard/tarballs/24280/

UNH-IOL DPDK Community Lab

To manage your email subscriptions, visit: 
https://lab.dpdk.org/results/dashboard/preferences/subscriptions/


More information about the test-report mailing list