|FAILURE| pw126174-126181 [PATCH] [v1, 8/8] net/mlx5: implement IPv6 routing push pop
dpdklab at iol.unh.edu
dpdklab at iol.unh.edu
Mon Apr 17 18:36:40 CEST 2023
Test-Label: iol-aarch64-compile-testing
Test-Status: FAILURE
http://dpdk.org/patch/126181
_Testing issues_
Submitter: Rongwei Liu <rongweil at nvidia.com>
Date: Monday, April 17 2023 09:25:40
DPDK git baseline: Repo:dpdk
Branch: master
CommitID:3b3fef9de22af80d173453ab65a80b01ce38cbfd
126174-126181 --> testing fail
Test environment and result as below:
+----------------------------------------+--------------------+
| Environment | dpdk_meson_compile |
+========================================+====================+
| Ubuntu 20.04 ARM GCC Native | PASS |
+----------------------------------------+--------------------+
| Ubuntu 20.04 ARM Clang Native | FAIL |
+----------------------------------------+--------------------+
| Ubuntu 20.04 aarch32 GCC Cross Compile | PASS |
+----------------------------------------+--------------------+
| Ubuntu 20.04 ARM GCC Cross Compile | PASS |
+----------------------------------------+--------------------+
| Ubuntu 20.04 ARM Clang Cross Compile | PASS |
+----------------------------------------+--------------------+
| Ubuntu 20.04 ARM SVE | PASS |
+----------------------------------------+--------------------+
==== 20 line log output for Ubuntu 20.04 ARM Clang Native (dpdk_meson_compile): ====
[1826/3181] Compiling C object drivers/libtmp_rte_net_cnxk.a.p/net_cnxk_tx_cn9k_tx_96_111_vec.c.o
[1827/3181] Compiling C object drivers/libtmp_rte_net_cnxk.a.p/net_cnxk_tx_cn9k_tx_0_15_vec.c.o
[1828/3181] Compiling C object drivers/libtmp_rte_net_cnxk.a.p/net_cnxk_tx_cn9k_tx_32_47_vec.c.o
[1829/3181] Compiling C object drivers/libtmp_rte_net_cnxk.a.p/net_cnxk_rx_cn10k_rx_64_79_vec_mseg.c.o
[1830/3181] Compiling C object drivers/libtmp_rte_net_mlx5.a.p/net_mlx5_mlx5_flow_dv.c.o
[1831/3181] Generating drivers/rte_common_cnxk.sym_chk with a custom command (wrapped by meson to capture output)
[1832/3181] Compiling C object drivers/libtmp_rte_crypto_dpaa_sec.a.p/crypto_dpaa_sec_dpaa_sec.c.o
[1833/3181] Compiling C object drivers/libtmp_rte_net_cnxk.a.p/net_cnxk_tx_cn9k_tx_0_15_vec_mseg.c.o
[1834/3181] Compiling C object drivers/libtmp_rte_net_cnxk.a.p/net_cnxk_tx_cn9k_tx_64_79_vec_mseg.c.o
[1835/3181] Compiling C object drivers/libtmp_rte_net_cnxk.a.p/net_cnxk_tx_cn9k_tx_96_111_vec_mseg.c.o
[1836/3181] Compiling C object drivers/libtmp_rte_net_cnxk.a.p/net_cnxk_rx_cn10k_rx_80_95_vec_mseg.c.o
[1837/3181] Compiling C object drivers/libtmp_rte_net_cnxk.a.p/net_cnxk_tx_cn9k_tx_32_47_vec_mseg.c.o
[1838/3181] Compiling C object drivers/libtmp_rte_net_cnxk.a.p/net_cnxk_rx_cn10k_rx_96_111_vec_mseg.c.o
[1839/3181] Compiling C object drivers/libtmp_rte_net_cnxk.a.p/net_cnxk_rx_cn10k_rx_112_127_vec_mseg.c.o
[1840/3181] Compiling C object drivers/libtmp_rte_crypto_cnxk.a.p/crypto_cnxk_cn10k_cryptodev_ops.c.o
[1841/3181] Compiling C object drivers/libtmp_rte_crypto_octeontx.a.p/crypto_octeontx_otx_cryptodev_ops.c.o
[1842/3181] Compiling C object drivers/libtmp_rte_net_mlx5.a.p/net_mlx5_mlx5_tx_nompw.c.o
[1843/3181] Compiling C object drivers/libtmp_rte_net_mlx5.a.p/net_mlx5_mlx5_tx_empw.c.o
[1844/3181] Compiling C object drivers/libtmp_rte_net_mlx5.a.p/net_mlx5_mlx5_tx_txpp.c.o
ninja: build stopped: subcommand failed.
==== End log output ====
Ubuntu 20.04 ARM GCC Native
Kernel: 5.4.0-53-generic
Compiler: gcc 9.3
Ubuntu 20.04 ARM Clang Native
Kernel: 5.4.0-53-generic
Compiler: clang 10.0.0-4ubuntu1
Ubuntu 20.04 aarch32 GCC Cross Compile
Kernel: 5.4.0-72-generic
Compiler: gcc 9.3.0
Ubuntu 20.04 ARM GCC Cross Compile
Kernel: 5.4.0-72-generic
Compiler: aarch64-linux-gnu-gcc (Ubuntu 9.3.0-17ubuntu1~20.04) 9.3.0
Ubuntu 20.04 ARM Clang Cross Compile
Kernel: 5.4.0-72-generic
Compiler: clang version 10.0.0-4ubuntu1
Ubuntu 20.04 ARM SVE
Kernel: 5.4.0-80-generic
Compiler: gcc 10.3.0 (Ubuntu 10.3.0-1ubuntu1~20.04)
To view detailed results, visit:
https://lab.dpdk.org/results/dashboard/patchsets/26015/
UNH-IOL DPDK Community Lab
To manage your email subscriptions, visit:
https://lab.dpdk.org/results/dashboard/preferences/subscriptions/
More information about the test-report
mailing list