|FAILURE| pw126174-126181 [PATCH] [v1, 8/8] net/mlx5: implement IPv6 routing push pop
dpdklab at iol.unh.edu
dpdklab at iol.unh.edu
Mon Apr 17 20:47:08 CEST 2023
Test-Label: iol-aarch64-compile-testing
Test-Status: FAILURE
http://dpdk.org/patch/126181
_Testing issues_
Submitter: Rongwei Liu <rongweil at nvidia.com>
Date: Monday, April 17 2023 09:25:40
DPDK git baseline: Repo:dpdk
Branch: master
CommitID:3b3fef9de22af80d173453ab65a80b01ce38cbfd
126174-126181 --> testing fail
Test environment and result as below:
+----------------------------------------+--------------------+
| Environment | dpdk_meson_compile |
+========================================+====================+
| Ubuntu 20.04 ARM GCC Native | PASS |
+----------------------------------------+--------------------+
| Ubuntu 20.04 ARM Clang Native | FAIL |
+----------------------------------------+--------------------+
| Ubuntu 20.04 aarch32 GCC Cross Compile | PASS |
+----------------------------------------+--------------------+
| Ubuntu 20.04 ARM Clang Cross Compile | PASS |
+----------------------------------------+--------------------+
| Ubuntu 20.04 ARM GCC Cross Compile | PASS |
+----------------------------------------+--------------------+
| Ubuntu 20.04 ARM SVE | PASS |
+----------------------------------------+--------------------+
==== 20 line log output for Ubuntu 20.04 ARM Clang Native (dpdk_meson_compile): ====
[2315/3181] Compiling C object drivers/libtmp_rte_event_cnxk.a.p/event_cnxk_deq_cn9k_deq_112_127_ca_tmo.c.o
[2316/3181] Compiling C object drivers/libtmp_rte_event_cnxk.a.p/event_cnxk_deq_cn9k_deq_112_127_tmo_seg.c.o
[2317/3181] Compiling C object drivers/libtmp_rte_event_cnxk.a.p/event_cnxk_deq_cn9k_deq_64_79_ca_tmo_seg.c.o
[2318/3181] Compiling C object drivers/libtmp_rte_event_cnxk.a.p/event_cnxk_deq_cn9k_deq_64_79_tmo_seg.c.o
[2319/3181] Compiling C object drivers/libtmp_rte_event_cnxk.a.p/event_cnxk_deq_cn9k_deq_112_127_tmo.c.o
[2320/3181] Generating drivers/rte_common_sfc_efx.sym_chk with a custom command (wrapped by meson to capture output)
[2321/3181] Compiling C object drivers/libtmp_rte_event_cnxk.a.p/event_cnxk_deq_cn9k_deq_96_111_ca_tmo.c.o
[2322/3181] Compiling C object drivers/libtmp_rte_event_cnxk.a.p/event_cnxk_deq_cn9k_deq_80_95_dual_tmo.c.o
[2323/3181] Compiling C object drivers/libtmp_rte_event_cnxk.a.p/event_cnxk_cn10k_eventdev.c.o
[2324/3181] Compiling C object drivers/libtmp_rte_event_cnxk.a.p/event_cnxk_deq_cn9k_deq_80_95_ca_tmo_seg.c.o
[2325/3181] Compiling C object drivers/libtmp_rte_event_cnxk.a.p/event_cnxk_deq_cn9k_deq_112_127_dual_tmo.c.o
[2326/3181] Compiling C object drivers/libtmp_rte_event_cnxk.a.p/event_cnxk_deq_cn9k_deq_80_95_tmo_seg.c.o
[2327/3181] Compiling C object drivers/libtmp_rte_event_cnxk.a.p/event_cnxk_deq_cn9k_deq_80_95_dual_tmo_seg.c.o
[2328/3181] Compiling C object drivers/libtmp_rte_event_cnxk.a.p/event_cnxk_deq_cn9k_deq_64_79_dual_tmo_seg.c.o
[2329/3181] Compiling C object drivers/libtmp_rte_event_cnxk.a.p/event_cnxk_deq_cn9k_deq_112_127_ca_tmo_seg.c.o
[2330/3181] Generating lib/eal.sym_chk with a custom command (wrapped by meson to capture output)
[2331/3181] Compiling C object drivers/libtmp_rte_event_cnxk.a.p/event_cnxk_deq_cn9k_deq_96_111_dual_tmo_seg.c.o
[2332/3181] Compiling C object drivers/libtmp_rte_event_cnxk.a.p/event_cnxk_deq_cn9k_deq_112_127_dual_tmo_seg.c.o
[2333/3181] Generating drivers/rte_common_cnxk.sym_chk with a custom command (wrapped by meson to capture output)
ninja: build stopped: subcommand failed.
==== End log output ====
Ubuntu 20.04 ARM GCC Native
Kernel: 5.4.0-53-generic
Compiler: gcc 9.3
Ubuntu 20.04 ARM Clang Native
Kernel: 5.4.0-53-generic
Compiler: clang 10.0.0-4ubuntu1
Ubuntu 20.04 aarch32 GCC Cross Compile
Kernel: 5.4.0-72-generic
Compiler: gcc 9.3.0
Ubuntu 20.04 ARM Clang Cross Compile
Kernel: 5.4.0-72-generic
Compiler: clang version 10.0.0-4ubuntu1
Ubuntu 20.04 ARM GCC Cross Compile
Kernel: 5.4.0-72-generic
Compiler: aarch64-linux-gnu-gcc (Ubuntu 9.3.0-17ubuntu1~20.04) 9.3.0
Ubuntu 20.04 ARM SVE
Kernel: 5.4.0-80-generic
Compiler: gcc 10.3.0 (Ubuntu 10.3.0-1ubuntu1~20.04)
To view detailed results, visit:
https://lab.dpdk.org/results/dashboard/patchsets/26015/
UNH-IOL DPDK Community Lab
To manage your email subscriptions, visit:
https://lab.dpdk.org/results/dashboard/preferences/subscriptions/
More information about the test-report
mailing list