|FAILURE| [GIT MASTER] e14fb55cfb314e8d49c6183648d16e0f5b900e3d
dpdklab at iol.unh.edu
dpdklab at iol.unh.edu
Tue Apr 18 10:19:21 CEST 2023
_Testing issues_
Branch: tags/v22.11
e14fb55cfb314e8d49c6183648d16e0f5b900e3d --> testing fail
Test environment and result as below:
+------------------+--------------------+
| Environment | dpdk_meson_compile |
+==================+====================+
| FreeBSD 13 | PASS |
+------------------+--------------------+
| Ubuntu 20.04 | PASS |
+------------------+--------------------+
| openSUSE Leap 15 | PASS |
+------------------+--------------------+
| Debian Bullseye | PASS |
+------------------+--------------------+
| CentOS Stream 8 | PASS |
+------------------+--------------------+
| Ubuntu 22.04 | PASS |
+------------------+--------------------+
| Debian Buster | PASS |
+------------------+--------------------+
| RHEL 7 | PASS |
+------------------+--------------------+
| CentOS Stream 9 | PASS |
+------------------+--------------------+
| RHEL8 | PASS |
+------------------+--------------------+
| Alpine | FAIL |
+------------------+--------------------+
==== 20 line log output for Alpine (dpdk_meson_compile): ====
[3029/3375] Compiling C object 'lib/76b5a35@@rte_eal at sta/eal_linux_eal_log.c.o'.
[3030/3375] Compiling C object 'lib/76b5a35@@rte_eal at sta/eal_linux_eal_lcore.c.o'.
[3031/3375] Compiling C object 'lib/76b5a35@@rte_eal at sta/eal_linux_eal_interrupts.c.o'.
[3032/3375] Compiling C object 'lib/76b5a35@@rte_eal at sta/eal_linux_eal_hugepage_info.c.o'.
[3033/3375] Compiling C object 'lib/76b5a35@@rte_eal at sta/eal_linux_eal_dev.c.o'.
[3034/3375] Compiling C object 'lib/76b5a35@@rte_eal at sta/eal_linux_eal_cpuflags.c.o'.
[3035/3375] Compiling C object 'lib/76b5a35@@rte_eal at sta/eal_linux_eal_alarm.c.o'.
[3036/3375] Compiling C object 'lib/76b5a35@@rte_eal at sta/eal_linux_eal.c.o'.
[3037/3375] Compiling C object 'lib/76b5a35@@rte_eal at sta/eal_unix_rte_thread.c.o'.
[3038/3375] Compiling C object 'lib/76b5a35@@rte_eal at sta/eal_unix_eal_unix_timer.c.o'.
[3039/3375] Compiling C object 'lib/76b5a35@@rte_eal at sta/eal_unix_eal_unix_thread.c.o'.
[3040/3375] Compiling C object 'lib/76b5a35@@rte_eal at sta/eal_unix_eal_unix_memory.c.o'.
[3041/3375] Compiling C object 'lib/76b5a35@@rte_eal at sta/eal_unix_eal_firmware.c.o'.
[3042/3375] Compiling C object 'lib/76b5a35@@rte_eal at sta/eal_unix_eal_filesystem.c.o'.
[3043/3375] Compiling C object 'lib/76b5a35@@rte_eal at sta/eal_unix_eal_file.c.o'.
[3044/3375] Compiling C object 'lib/76b5a35@@rte_eal at sta/eal_unix_eal_debug.c.o'.
[01m[K../lib/eal/unix/eal_debug.c:10:10:[m[K [01;31m[Kfatal error: [m[Kexecinfo.h: No such file or directory
10 | #include [01;31m[K<execinfo.h>[m[K
| [01;31m[K^~~~~~~~~~~~[m[K
compilation terminated.
==== End log output ====
FreeBSD 13
Kernel: 13.0
Compiler: clang 11.0.1
Ubuntu 20.04
Kernel: 4.18.0-240.10.1.el8_3.x86_64
Compiler: gcc 9.3.0-17ubuntu1~20.04
openSUSE Leap 15
Kernel: 4.18.0-240.10.1.el8_3.x86_64
Compiler: gcc 7.5.0
Debian Bullseye
Kernel: 5.4.0-122-generic
Compiler: gcc 10.2.1-6
CentOS Stream 8
Kernel: 4.18.0-240.10.1.el8_3.x86_64
Compiler: gcc 8.4.1 20200928
Ubuntu 22.04
Kernel: Container Host Kernel
Compiler: clang 14.0.5-1.fc36
Debian Buster
Kernel: 5.4.0-122-generic
Compiler: gcc 8.3.0-6
RHEL 7
Kernel: 4.18.0-240.10.1.el8_3.x86_64
Compiler: gcc 4.8.5 20150623 (Red Hat 4.8.5-44)
CentOS Stream 9
Kernel: 4.18.0-240.10.1.el8_3.x86_64
Compiler: gcc 11.3.1 20220421
RHEL8
Kernel: 4.18.0-240.10.1.el8_3.x86_64
Compiler: gcc 8.3.1 20191121 (Red Hat 8.3.1-5)
Alpine
Kernel: 5.4.0-73-generic
Compiler: gcc (Alpine 10.3.1_git20210424) 10.3.1 20210424
To view detailed results, visit:
https://lab.dpdk.org/results/dashboard/tarballs/24301/
UNH-IOL DPDK Community Lab
To manage your email subscriptions, visit:
https://lab.dpdk.org/results/dashboard/preferences/subscriptions/
More information about the test-report
mailing list