|WARNING| pw126236 [PATCH] eventdev: fix alignment padding

dpdklab at iol.unh.edu dpdklab at iol.unh.edu
Tue Apr 18 16:07:14 CEST 2023


Test-Label: iol-abi-testing
Test-Status: WARNING
http://dpdk.org/patch/126236

_Testing issues_

Submitter: Sivaprasad Tummala <Sivaprasad.Tummala at amd.com>
Date: Tuesday, April 18 2023 10:45:47 
DPDK git baseline: Repo:dpdk
  Branch: master
  CommitID:3b3fef9de22af80d173453ab65a80b01ce38cbfd

126236 --> testing fail

Test environment and result as below:

+-----------------+----------+
|   Environment   | abi_test |
+=================+==========+
| Ubuntu 22.04    | FAIL     |
+-----------------+----------+
| Debian Buster   | FAIL     |
+-----------------+----------+
| CentOS Stream 9 | FAIL     |
+-----------------+----------+
| Debian Bullseye | FAIL     |
+-----------------+----------+
| CentOS Stream 8 | FAIL     |
+-----------------+----------+
| RHEL8           | FAIL     |
+-----------------+----------+

==== 20 line log output for RHEL8 (abi_test): ====
Variables changes summary: 0 Removed, 0 Changed, 0 Added variable

Functions changes summary: 0 Removed, 0 Changed (3 filtered out), 0 Added functions
Variables changes summary: 0 Removed, 0 Changed, 0 Added variable

Functions changes summary: 0 Removed (1 filtered out), 0 Changed, 0 Added (3 filtered out) functions
Variables changes summary: 0 Removed (15 filtered out), 0 Changed, 0 Added (1 filtered out) variables

Functions changes summary: 0 Removed, 0 Changed (34 filtered out), 0 Added (5 filtered out) functions
Variables changes summary: 0 Removed (6 filtered out), 0 Changed (1 filtered out), 0 Added variables

Functions changes summary: 0 Removed (1 filtered out), 0 Changed (2 filtered out), 0 Added (1 filtered out) functions
Variables changes summary: 0 Removed, 0 Changed, 0 Added variable

Functions changes summary: 0 Removed, 0 Changed, 0 Added (1 filtered out) function
Variables changes summary: 0 Removed, 0 Changed, 0 Added variable

Functions changes summary: 0 Removed, 0 Changed (1 filtered out), 0 Added function
Variables changes summary: 0 Removed, 0 Changed, 0 Added variable

==== End log output ====

Ubuntu 22.04
	Kernel: Container Host Kernel
	Compiler: gcc 12.2.1-2

Debian Buster
	Kernel: 5.4.0-122-generic
	Compiler: gcc 8.3.0-6

CentOS Stream 9
	Kernel: 4.18.0-240.10.1.el8_3.x86_64
	Compiler: gcc 11.3.1 20220421

Debian Bullseye
	Kernel: 5.4.0-122-generic
	Compiler: gcc 10.2.1-6

CentOS Stream 8
	Kernel: 4.18.0-240.10.1.el8_3.x86_64
	Compiler: gcc 8.4.1 20200928

RHEL8
	Kernel: 4.18.0-240.10.1.el8_3.x86_64
	Compiler: gcc 8.3.1 20191121 (Red Hat 8.3.1-5)

To view detailed results, visit:
https://lab.dpdk.org/results/dashboard/patchsets/26031/

UNH-IOL DPDK Community Lab

To manage your email subscriptions, visit: 
https://lab.dpdk.org/results/dashboard/preferences/subscriptions/


More information about the test-report mailing list