|WARNING| pw126265-126266 [PATCH] [2/2] crypto/qat: add sm3 hmac

dpdklab at iol.unh.edu dpdklab at iol.unh.edu
Wed Apr 19 22:25:57 CEST 2023


Test-Label: iol-abi-testing
Test-Status: WARNING
http://dpdk.org/patch/126266

_Testing issues_

Submitter: Arek Kusztal <arkadiuszx.kusztal at intel.com>
Date: Wednesday, April 19 2023 19:51:09 
DPDK git baseline: Repo:dpdk
  Branch: master
  CommitID:3b3fef9de22af80d173453ab65a80b01ce38cbfd

126265-126266 --> testing fail

Test environment and result as below:

+------------------+----------+
|   Environment    | abi_test |
+==================+==========+
| Ubuntu 22.04     | FAIL     |
+------------------+----------+
| openSUSE Leap 15 | FAIL     |
+------------------+----------+
| RHEL 7           | FAIL     |
+------------------+----------+
| Debian Buster    | FAIL     |
+------------------+----------+
| Debian Bullseye  | FAIL     |
+------------------+----------+

==== 20 line log output for Debian Bullseye (abi_test): ====
[781/3384] Compiling C object 'drivers/a715181@@tmp_rte_common_qat at sta/crypto_qat_dev_qat_sym_pmd_gen1.c.o'.
[782/3384] Compiling C object 'drivers/a715181@@tmp_rte_common_qat at sta/crypto_qat_dev_qat_asym_pmd_gen1.c.o'.
[783/3384] Compiling C object 'drivers/a715181@@tmp_rte_common_qat at sta/crypto_qat_qat_asym.c.o'.
[784/3384] Compiling C object 'drivers/a715181@@tmp_rte_common_qat at sta/crypto_qat_qat_crypto.c.o'.
[785/3384] Compiling C object 'drivers/a715181@@tmp_rte_common_qat at sta/crypto_qat_qat_sym_session.c.o'.
FAILED: drivers/a715181@@tmp_rte_common_qat at sta/crypto_qat_qat_sym_session.c.o
ccache cc -Idrivers/a715181@@tmp_rte_common_qat at sta -Idrivers -I../drivers -Idrivers/common/qat -I../drivers/common/qat -I../drivers/common/qat/qat_adf -I../drivers/common/qat/../../crypto/qat -I../drivers/common/qat/../../compress/qat -Idrivers/bus/pci -I../drivers/bus/pci -I../drivers/bus/pci/linux -I. -I../ -Iconfig -I../config -Ilib/eal/include -I../lib/eal/include -Ilib/eal/linux/include -I../lib/eal/linux/include -Ilib/eal/x86/include -I../lib/eal/x86/include -Ilib/eal/common -I../lib/eal/common -Ilib/eal -I../lib/eal -Ilib/kvargs -I../lib/kvargs -Ilib/telemetry/../metrics -I../lib/telemetry/../metrics -Ilib/telemetry -I../lib/telemetry -Ilib/pci -I../lib/pci -Ilib/cryptodev -I../lib/cryptodev -Ilib/mbuf -I../lib/mbuf -Ilib/mempool -I../lib/mempool -Ilib/ring -I../lib/ring -Ilib/rcu -I../lib/rcu -Ilib/net -I../lib/net -Ilib/compressdev -I../lib/compressdev -Ilib/security -I../lib/security -fdiagnostics-color=always -pipe -D_FILE_OFFSET_BITS=64 -Wall -Winvalid-pch -Wextra -O2 -g
  -include rte_config.h -Wcast-qual -Wdeprecated -Wformat -Wformat-nonliteral -Wformat-security -Wmissing-declarations -Wmissing-prototypes -Wnested-externs -Wold-style-definition -Wpointer-arith -Wsign-compare -Wstrict-prototypes -Wundef -Wwrite-strings -Wno-address-of-packed-member -Wno-packed-not-aligned -Wno-missing-field-initializers -Wno-zero-length-bounds -D_GNU_SOURCE -fPIC -march=native -DALLOW_EXPERIMENTAL_API -DALLOW_INTERNAL_API -Wno-format-truncation -DBUILD_QAT_SYM -DBUILD_QAT_ASYM -DRTE_LOG_DEFAULT_LOGTYPE=pmd.common.qat -MD -MQ 'drivers/a715181@@tmp_rte_common_qat at sta/crypto_qat_qat_sym_session.c.o' -MF 'drivers/a715181@@tmp_rte_common_qat at sta/crypto_qat_qat_sym_session.c.o.d' -o 'drivers/a715181@@tmp_rte_common_qat at sta/crypto_qat_qat_sym_session.c.o' -c ../drivers/crypto/qat/qat_sym_session.c
../drivers/crypto/qat/qat_sym_session.c: In function 'qat_sym_session_configure_auth':
../drivers/crypto/qat/qat_sym_session.c:698:7: error: 'RTE_CRYPTO_AUTH_SM3_HMAC' undeclared (first use in this function); did you mean 'RTE_CRYPTO_AUTH_SHA1_HMAC'?
698 |  case RTE_CRYPTO_AUTH_SM3_HMAC:
|       ^~~~~~~~~~~~~~~~~~~~~~~~
|       RTE_CRYPTO_AUTH_SHA1_HMAC
../drivers/crypto/qat/qat_sym_session.c:698:7: note: each undeclared identifier is reported only once for each function it appears in
../drivers/crypto/qat/qat_sym_session.c:700:22: warning: this statement may fall through [-Wimplicit-fallthrough=]
700 |   session->auth_mode = ICP_QAT_HW_AUTH_MODE2;
|   ~~~~~~~~~~~~~~~~~~~^~~~~~~~~~~~~~~~~~~~~~~
../drivers/crypto/qat/qat_sym_session.c:701:2: note: here
701 |  case RTE_CRYPTO_AUTH_SM3:
|  ^~~~
ninja: build stopped: subcommand failed.
==== End log output ====

Ubuntu 22.04
	Kernel: 4.18.0-240.10.1.el8_3.x86_64
	Compiler: gcc 11.3.0

openSUSE Leap 15
	Kernel: 4.18.0-240.10.1.el8_3.x86_64
	Compiler: gcc 7.5.0

RHEL 7
	Kernel: 4.18.0-240.10.1.el8_3.x86_64
	Compiler: gcc 4.8.5 20150623 (Red Hat 4.8.5-44)

Debian Buster
	Kernel: 5.4.0-122-generic
	Compiler: gcc 8.3.0-6

Debian Bullseye
	Kernel: 5.4.0-122-generic
	Compiler: gcc 10.2.1-6

To view detailed results, visit:
https://lab.dpdk.org/results/dashboard/patchsets/26051/

UNH-IOL DPDK Community Lab

To manage your email subscriptions, visit: 
https://lab.dpdk.org/results/dashboard/preferences/subscriptions/


More information about the test-report mailing list