|WARNING| pw126265-126266 [PATCH] [2/2] crypto/qat: add sm3 hmac

dpdklab at iol.unh.edu dpdklab at iol.unh.edu
Wed Apr 19 22:48:38 CEST 2023


Test-Label: iol-aarch64-unit-testing
Test-Status: WARNING
http://dpdk.org/patch/126266

_Testing issues_

Submitter: Arek Kusztal <arkadiuszx.kusztal at intel.com>
Date: Wednesday, April 19 2023 19:51:09 
DPDK git baseline: Repo:dpdk
  Branch: master
  CommitID:3b3fef9de22af80d173453ab65a80b01ce38cbfd

126265-126266 --> testing fail

Test environment and result as below:

+----------------------+---------------------------+------------------------------+--------------+
|     Environment      | cryptodev_sw_zuc_autotest | cryptodev_sw_snow3g_autotest | lpm_autotest |
+======================+===========================+==============================+==============+
| Debian 11            | FAIL                      | FAIL                         | SKIPPED      |
+----------------------+---------------------------+------------------------------+--------------+
| Ubuntu 20.04 ARM SVE | SKIPPED                   | SKIPPED                      | PASS         |
+----------------------+---------------------------+------------------------------+--------------+

==== 20 line log output for Debian 11 (cryptodev_sw_snow3g_autotest): ====
[760/3170] Compiling C object 'drivers/a715181@@tmp_rte_common_qat at sta/crypto_qat_qat_sym_session.c.o'.
FAILED: drivers/a715181@@tmp_rte_common_qat at sta/crypto_qat_qat_sym_session.c.o
ccache cc -Idrivers/a715181@@tmp_rte_common_qat at sta -Idrivers -I../drivers -Idrivers/common/qat -I../drivers/common/qat -I../drivers/common/qat/qat_adf -I../drivers/common/qat/../../crypto/qat -I../drivers/common/qat/../../compress/qat -Idrivers/bus/pci -I../drivers/bus/pci -I../drivers/bus/pci/linux -I. -I../ -Iconfig -I../config -Ilib/eal/include -I../lib/eal/include -Ilib/eal/linux/include -I../lib/eal/linux/include -Ilib/eal/arm/include -I../lib/eal/arm/include -Ilib/eal/common -I../lib/eal/common -Ilib/eal -I../lib/eal -Ilib/kvargs -I../lib/kvargs -Ilib/telemetry/../metrics -I../lib/telemetry/../metrics -Ilib/telemetry -I../lib/telemetry -Ilib/pci -I../lib/pci -Ilib/cryptodev -I../lib/cryptodev -Ilib/mbuf -I../lib/mbuf -Ilib/mempool -I../lib/mempool -Ilib/ring -I../lib/ring -Ilib/rcu -I../lib/rcu -Ilib/net -I../lib/net -Ilib/compressdev -I../lib/compressdev -Ilib/security -I../lib/security -fdiagnostics-color=always -pipe -D_FILE_OFFSET_BITS=64 -Wall -Winvalid-pch -Wextra -Werro
 r -O3 -include rte_config.h -Wcast-qual -Wdeprecated -Wformat -Wformat-nonliteral -Wformat-security -Wmissing-declarations -Wmissing-prototypes -Wnested-externs -Wold-style-definition -Wpointer-arith -Wsign-compare -Wstrict-prototypes -Wundef -Wwrite-strings -Wno-address-of-packed-member -Wno-packed-not-aligned -Wno-missing-field-initializers -Wno-zero-length-bounds -D_GNU_SOURCE -march=armv8-a+crc+crypto -fPIC -march=armv8-a+crc -moutline-atomics -DALLOW_EXPERIMENTAL_API -DALLOW_INTERNAL_API -Wno-format-truncation -DBUILD_QAT_SYM -DBUILD_QAT_ASYM -DRTE_LOG_DEFAULT_LOGTYPE=pmd.common.qat -MD -MQ 'drivers/a715181@@tmp_rte_common_qat at sta/crypto_qat_qat_sym_session.c.o' -MF 'drivers/a715181@@tmp_rte_common_qat at sta/crypto_qat_qat_sym_session.c.o.d' -o 'drivers/a715181@@tmp_rte_common_qat at sta/crypto_qat_qat_sym_session.c.o' -c ../drivers/crypto/qat/qat_sym_session.c
../drivers/crypto/qat/qat_sym_session.c: In function 'qat_sym_session_configure_auth':
../drivers/crypto/qat/qat_sym_session.c:698:7: error: 'RTE_CRYPTO_AUTH_SM3_HMAC' undeclared (first use in this function); did you mean 'RTE_CRYPTO_AUTH_SHA1_HMAC'?
698 |  case RTE_CRYPTO_AUTH_SM3_HMAC:
|       ^~~~~~~~~~~~~~~~~~~~~~~~
|       RTE_CRYPTO_AUTH_SHA1_HMAC
../drivers/crypto/qat/qat_sym_session.c:698:7: note: each undeclared identifier is reported only once for each function it appears in
../drivers/crypto/qat/qat_sym_session.c:700:22: error: this statement may fall through [-Werror=implicit-fallthrough=]
700 |   session->auth_mode = ICP_QAT_HW_AUTH_MODE2;
|   ~~~~~~~~~~~~~~~~~~~^~~~~~~~~~~~~~~~~~~~~~~
../drivers/crypto/qat/qat_sym_session.c:701:2: note: here
701 |  case RTE_CRYPTO_AUTH_SM3:
|  ^~~~
cc1: all warnings being treated as errors
[761/3170] Compiling C object 'drivers/a715181@@tmp_rte_common_qat at sta/crypto_qat_dev_qat_sym_pmd_gen1.c.o'.
[762/3170] Compiling C object 'drivers/a715181@@tmp_rte_common_qat at sta/crypto_qat_dev_qat_crypto_pmd_gen4.c.o'.
[763/3170] Generating rte_common_cnxk.sym_chk with a meson_exe.py custom command.
ninja: build stopped: subcommand failed.
==== End log output ====

Debian 11
	Kernel: Container Host Kernel
	Compiler: gcc 10.2.1

Ubuntu 20.04 ARM SVE
	Kernel: 5.4.0-80-generic
	Compiler: gcc 10.3.0 (Ubuntu 10.3.0-1ubuntu1~20.04)

To view detailed results, visit:
https://lab.dpdk.org/results/dashboard/patchsets/26051/

UNH-IOL DPDK Community Lab

To manage your email subscriptions, visit: 
https://lab.dpdk.org/results/dashboard/preferences/subscriptions/


More information about the test-report mailing list