|WARNING| [GIT MASTER] 5f34cc454df420b9b2da8deb949fb76cba058b87

dpdklab at iol.unh.edu dpdklab at iol.unh.edu
Thu Apr 20 19:48:31 CEST 2023


_Testing issues_

Branch: dpdk

5f34cc454df420b9b2da8deb949fb76cba058b87 --> testing fail

Test environment and result as below:

+---------------+----------------------------------+
|  Environment  | dpdk_kmod_compile_torvalds_linux |
+===============+==================================+
| Debian Buster | FAIL                             |
+---------------+----------------------------------+
| Ubuntu 22.04  | FAIL                             |
+---------------+----------------------------------+
| Arch Linux    | FAIL                             |
+---------------+----------------------------------+
| RHEL8         | FAIL                             |
+---------------+----------------------------------+

==== 20 line log output for RHEL8 (dpdk_kmod_compile_torvalds_linux): ====
WARNING: Module.symvers is missing.
Modules may not have dependencies or modversions.
You may get many unresolved symbol errors.
You can set KBUILD_MODPOST_WARN=1 to turn errors into warning
if you want to proceed at your own risk.
ERROR: modpost: "__x86_indirect_thunk_rax" [/home-local/jenkins-local/jenkins-agent/workspace/Generic-DPDK-Compile-Kmod/dpdk/build/kernel/linux/kni/rte_kni.ko] undefined!
ERROR: modpost: "alloc_netdev_mqs" [/home-local/jenkins-local/jenkins-agent/workspace/Generic-DPDK-Compile-Kmod/dpdk/build/kernel/linux/kni/rte_kni.ko] undefined!
ERROR: modpost: "_printk" [/home-local/jenkins-local/jenkins-agent/workspace/Generic-DPDK-Compile-Kmod/dpdk/build/kernel/linux/kni/rte_kni.ko] undefined!
ERROR: modpost: "schedule_timeout" [/home-local/jenkins-local/jenkins-agent/workspace/Generic-DPDK-Compile-Kmod/dpdk/build/kernel/linux/kni/rte_kni.ko] undefined!
ERROR: modpost: "eth_header_parse" [/home-local/jenkins-local/jenkins-agent/workspace/Generic-DPDK-Compile-Kmod/dpdk/build/kernel/linux/kni/rte_kni.ko] undefined!
ERROR: modpost: "__stack_chk_fail" [/home-local/jenkins-local/jenkins-agent/workspace/Generic-DPDK-Compile-Kmod/dpdk/build/kernel/linux/kni/rte_kni.ko] undefined!
ERROR: modpost: "refcount_warn_saturate" [/home-local/jenkins-local/jenkins-agent/workspace/Generic-DPDK-Compile-Kmod/dpdk/build/kernel/linux/kni/rte_kni.ko] undefined!
ERROR: modpost: "strnlen" [/home-local/jenkins-local/jenkins-agent/workspace/Generic-DPDK-Compile-Kmod/dpdk/build/kernel/linux/kni/rte_kni.ko] undefined!
ERROR: modpost: "page_offset_base" [/home-local/jenkins-local/jenkins-agent/workspace/Generic-DPDK-Compile-Kmod/dpdk/build/kernel/linux/kni/rte_kni.ko] undefined!
ERROR: modpost: "hugetlb_optimize_vmemmap_key" [/home-local/jenkins-local/jenkins-agent/workspace/Generic-DPDK-Compile-Kmod/dpdk/build/kernel/linux/kni/rte_kni.ko] undefined!
WARNING: modpost: suppressed 62 unresolved symbol warnings because there were too many)
make[1]: *** [scripts/Makefile.modpost:136: /home-local/jenkins-local/jenkins-agent/workspace/Generic-DPDK-Compile-Kmod/dpdk/build/kernel/linux/kni/Module.symvers] Error 1
make: *** [Makefile:1977: modpost] Error 2
make: Leaving directory '/home-local/jenkins-local/jenkins-agent/workspace/Generic-DPDK-Compile-Kmod/linux'
ninja: build stopped: subcommand failed.
==== End log output ====

Debian Buster
	Kernel: 5.4.0-122-generic
	Compiler: gcc 8.3.0-6

Ubuntu 22.04
	Kernel: Container Host Kernel
	Compiler: clang 14.0.5-1.fc36

Arch Linux
	Kernel: 5.4.0-73-generic
	Compiler: gcc 11.1.0

RHEL8
	Kernel: 4.18.0-240.10.1.el8_3.x86_64
	Compiler: gcc 8.3.1 20191121 (Red Hat 8.3.1-5)

To view detailed results, visit:
https://lab.dpdk.org/results/dashboard/tarballs/24345/

UNH-IOL DPDK Community Lab

To manage your email subscriptions, visit: 
https://lab.dpdk.org/results/dashboard/preferences/subscriptions/


More information about the test-report mailing list