|FAILURE| pw126508-126511 [PATCH] [v2, 4/4] app: add testgraph application

dpdklab at iol.unh.edu dpdklab at iol.unh.edu
Tue Apr 25 18:04:31 CEST 2023


Test-Label: iol-aarch64-compile-testing
Test-Status: FAILURE
http://dpdk.org/patch/126511

_Testing issues_

Submitter: Vamsi Attunuru <vattunuru at marvell.com>
Date: Tuesday, April 25 2023 13:15:16 
DPDK git baseline: Repo:dpdk
  Branch: master
  CommitID:70cc4e1fed665712e68f2f45d98dda4abc6accda

126508-126511 --> testing fail

Test environment and result as below:

+----------------------------------------+--------------------+
|              Environment               | dpdk_meson_compile |
+========================================+====================+
| Ubuntu 20.04 ARM GCC Native            | PASS               |
+----------------------------------------+--------------------+
| Ubuntu 20.04 ARM Clang Native          | PASS               |
+----------------------------------------+--------------------+
| Ubuntu 20.04 aarch32 GCC Cross Compile | FAIL               |
+----------------------------------------+--------------------+
| Ubuntu 20.04 ARM Clang Cross Compile   | FAIL               |
+----------------------------------------+--------------------+
| Ubuntu 20.04 ARM GCC Cross Compile     | FAIL               |
+----------------------------------------+--------------------+
| Ubuntu 20.04 ARM SVE                   | PASS               |
+----------------------------------------+--------------------+

==== 20 line log output for Ubuntu 20.04 ARM GCC Cross Compile (dpdk_meson_compile): ====
[2775/3159] Compiling C object 'app/a172ced@@dpdk-test-graph at exe/test-graph_cmdline_graph.c.o'.
[2776/3159] Compiling C object 'app/a172ced@@dpdk-test-mldev at exe/test-mldev_ml_options.c.o'.
[2777/3159] Compiling C object 'app/a172ced@@dpdk-test-graph at exe/test-graph_parameters.c.o'.
[2778/3159] Compiling C object 'app/a172ced@@dpdk-test-graph at exe/test-graph_testgraph.c.o'.
[2779/3159] Linking target app/dpdk-test-graph.
FAILED: app/dpdk-test-graph
aarch64-linux-gnu-gcc  -o app/dpdk-test-graph 'app/a172ced@@dpdk-test-graph at exe/test-graph_cmdline.c.o' 'app/a172ced@@dpdk-test-graph at exe/test-graph_cmdline_graph.c.o' 'app/a172ced@@dpdk-test-graph at exe/test-graph_parameters.c.o' 'app/a172ced@@dpdk-test-graph at exe/test-graph_testgraph.c.o' -Wl,--as-needed -Wl,--no-undefined -Wl,-O1 -Wl,--no-as-needed -pthread -Wl,--start-group -lm -ldl lib/librte_ethdev.so.23.2 lib/librte_eal.so.23.2 lib/librte_kvargs.so.23.2 lib/librte_telemetry.so.23.2 lib/librte_net.so.23.2 lib/librte_mbuf.so.23.2 lib/librte_mempool.so.23.2 lib/librte_ring.so.23.2 lib/librte_meter.so.23.2 lib/librte_cmdline.so.23.2 lib/librte_graph.so.23.2 lib/librte_pcapng.so.23.2 lib/librte_node.so.23.2 lib/librte_lpm.so.23.2 lib/librte_hash.so.23.2 lib/librte_rcu.so.23.2 lib/librte_cryptodev.so.23.2 -Wl,--end-group '-Wl,-rpath,$ORIGIN/../lib:XXXXXXXXXXXXXXX' -Wl,-rpath-link,/home-local/jenkins-local/jenkins-agent/workspace/Generic-DPDK-Compile-Meson/dpdk/build/lib
/usr/lib/gcc-cross/aarch64-linux-gnu/9/../../../../aarch64-linux-gnu/bin/ld: app/a172ced@@dpdk-test-graph at exe/test-graph_testgraph.c.o: in function `configure_graph_nodes':
testgraph.c:(.text+0x1630): undefined reference to `ethdev_rx_get_node_data_get'
/usr/lib/gcc-cross/aarch64-linux-gnu/9/../../../../aarch64-linux-gnu/bin/ld: testgraph.c:(.text+0x1638): undefined reference to `ethdev_rx_node_get'
/usr/lib/gcc-cross/aarch64-linux-gnu/9/../../../../aarch64-linux-gnu/bin/ld: testgraph.c:(.text+0x1698): undefined reference to `ethdev_tx_node_data_get'
/usr/lib/gcc-cross/aarch64-linux-gnu/9/../../../../aarch64-linux-gnu/bin/ld: testgraph.c:(.text+0x16a0): undefined reference to `ethdev_tx_node_get'
/usr/lib/gcc-cross/aarch64-linux-gnu/9/../../../../aarch64-linux-gnu/bin/ld: testgraph.c:(.text+0x17b4): undefined reference to `punt_kernel_node_get'
/usr/lib/gcc-cross/aarch64-linux-gnu/9/../../../../aarch64-linux-gnu/bin/ld: testgraph.c:(.text+0x1854): undefined reference to `kernel_recv_node_get'
/usr/lib/gcc-cross/aarch64-linux-gnu/9/../../../../aarch64-linux-gnu/bin/ld: app/a172ced@@dpdk-test-graph at exe/test-graph_testgraph.c.o: in function `create_graph':
testgraph.c:(.text+0x1cd4): undefined reference to `kernel_recv_node_data_get'
/usr/lib/gcc-cross/aarch64-linux-gnu/9/../../../../aarch64-linux-gnu/bin/ld: testgraph.c:(.text+0x1f68): undefined reference to `ethdev_rx_get_node_data_get'
/usr/lib/gcc-cross/aarch64-linux-gnu/9/../../../../aarch64-linux-gnu/bin/ld: testgraph.c:(.text+0x21a4): undefined reference to `ethdev_rx_get_node_data_get'
collect2: error: ld returned 1 exit status
ninja: build stopped: subcommand failed.
==== End log output ====

Ubuntu 20.04 ARM GCC Native
	Kernel: 5.4.0-53-generic
	Compiler: gcc 9.3

Ubuntu 20.04 ARM Clang Native
	Kernel: 5.4.0-53-generic
	Compiler: clang 10.0.0-4ubuntu1

Ubuntu 20.04 aarch32 GCC Cross Compile
	Kernel: 5.4.0-72-generic
	Compiler: gcc 9.3.0

Ubuntu 20.04 ARM Clang Cross Compile
	Kernel: 5.4.0-72-generic
	Compiler: clang version 10.0.0-4ubuntu1

Ubuntu 20.04 ARM GCC Cross Compile
	Kernel: 5.4.0-72-generic
	Compiler: aarch64-linux-gnu-gcc (Ubuntu 9.3.0-17ubuntu1~20.04) 9.3.0

Ubuntu 20.04 ARM SVE
	Kernel: 5.4.0-80-generic
	Compiler: gcc 10.3.0 (Ubuntu 10.3.0-1ubuntu1~20.04)

To view detailed results, visit:
https://lab.dpdk.org/results/dashboard/patchsets/26117/

UNH-IOL DPDK Community Lab

To manage your email subscriptions, visit: 
https://lab.dpdk.org/results/dashboard/preferences/subscriptions/


More information about the test-report mailing list