|WARNING| pw126626 [PATCH] net/liquidio: removed LiquidIO ethdev driver

dpdklab at iol.unh.edu dpdklab at iol.unh.edu
Fri Apr 28 13:37:27 CEST 2023


Test-Label: iol-abi-testing
Test-Status: WARNING
http://dpdk.org/patch/126626

_Testing issues_

Submitter: Jerin Jacob Kollanukkaran <jerinj at marvell.com>
Date: Friday, April 28 2023 10:31:26 
DPDK git baseline: Repo:dpdk
  Branch: master
  CommitID:d03446724972d2a1bb645ce7f3e64f5ef0203d61

126626 --> testing fail

Test environment and result as below:

+-----------------+----------+
|   Environment   | abi_test |
+=================+==========+
| CentOS Stream 9 | FAIL     |
+-----------------+----------+
| CentOS Stream 8 | FAIL     |
+-----------------+----------+
| RHEL 7          | FAIL     |
+-----------------+----------+
| Ubuntu 22.04    | FAIL     |
+-----------------+----------+
| Debian Bullseye | FAIL     |
+-----------------+----------+
| Debian Buster   | FAIL     |
+-----------------+----------+

==== 20 line log output for Debian Buster (abi_test): ====
Variables changes summary: 0 Removed, 0 Changed, 0 Added variable

Functions changes summary: 0 Removed, 0 Changed (3 filtered out), 0 Added functions
Variables changes summary: 0 Removed, 0 Changed, 0 Added variable

Functions changes summary: 0 Removed, 0 Changed (34 filtered out), 0 Added (5 filtered out) functions
Variables changes summary: 0 Removed (6 filtered out), 0 Changed (1 filtered out), 0 Added variables

Functions changes summary: 0 Removed (1 filtered out), 0 Changed, 0 Added (7 filtered out) functions
Variables changes summary: 0 Removed (15 filtered out), 0 Changed, 0 Added (1 filtered out) variables

Functions changes summary: 0 Removed (1 filtered out), 0 Changed (2 filtered out), 0 Added (1 filtered out) functions
Variables changes summary: 0 Removed, 0 Changed, 0 Added variable

Functions changes summary: 0 Removed, 0 Changed, 0 Added (1 filtered out) function
Variables changes summary: 0 Removed, 0 Changed, 0 Added variable

Functions changes summary: 0 Removed, 0 Changed (1 filtered out), 0 Added function
Variables changes summary: 0 Removed, 0 Changed, 0 Added variable

==== End log output ====

CentOS Stream 9
	Kernel: 4.18.0-240.10.1.el8_3.x86_64
	Compiler: gcc 11.3.1 20220421

CentOS Stream 8
	Kernel: 4.18.0-240.10.1.el8_3.x86_64
	Compiler: gcc 8.4.1 20200928

RHEL 7
	Kernel: 4.18.0-240.10.1.el8_3.x86_64
	Compiler: gcc 4.8.5 20150623 (Red Hat 4.8.5-44)

Ubuntu 22.04
	Kernel: Container Host Kernel
	Compiler: clang 14.0.5-1.fc36

Debian Bullseye
	Kernel: 5.4.0-122-generic
	Compiler: gcc 10.2.1-6

Debian Buster
	Kernel: 5.4.0-122-generic
	Compiler: gcc 8.3.0-6

To view detailed results, visit:
https://lab.dpdk.org/results/dashboard/patchsets/26140/

UNH-IOL DPDK Community Lab

To manage your email subscriptions, visit: 
https://lab.dpdk.org/results/dashboard/preferences/subscriptions/


More information about the test-report mailing list