|WARNING| [GIT MASTER] 0ae35eceb9e4569b0814fcf671b4455301bb7518

dpdklab at iol.unh.edu dpdklab at iol.unh.edu
Tue Aug 1 03:21:10 CEST 2023


_Testing issues_

Branch: dpdk

0ae35eceb9e4569b0814fcf671b4455301bb7518 --> testing fail

Test environment and result as below:

+--------------+----------+
| Environment  | abi_test |
+==============+==========+
| Ubuntu 22.04 | FAIL     |
+--------------+----------+
| RHEL8        | FAIL     |
+--------------+----------+
| Fedora 38    | FAIL     |
+--------------+----------+

==== 20 line log output for Fedora 38 (abi_test): ====
Error: cannot find librte_rawdev.so.23.0 in build_install
Error: cannot find librte_pdump.so.23.0 in build_install
Error: cannot find librte_lpm.so.23.0 in build_install
Error: cannot find librte_distributor.so.23.0 in build_install
Error: cannot find librte_net.so.23.0 in build_install
Error: cannot find librte_node.so.23.0 in build_install
Error: cannot find librte_latencystats.so.23.0 in build_install
Error: cannot find librte_bpf.so.23.0 in build_install
Error: cannot find librte_member.so.23.0 in build_install
Error: cannot find librte_stack.so.23.0 in build_install
Error: cannot find librte_gpudev.so.23.0 in build_install
Error: cannot find librte_meter.so.23.0 in build_install
Error: cannot find librte_telemetry.so.23.0 in build_install
Error: cannot find librte_pci.so.23.0 in build_install
Error: cannot find librte_sched.so.23.0 in build_install
Error: cannot find librte_rcu.so.23.0 in build_install
Error: cannot find librte_reorder.so.23.0 in build_install
Error: cannot find librte_pcapng.so.23.0 in build_install
Error: cannot find librte_vhost.so.23.0 in build_install
Error: cannot find librte_ring.so.23.0 in build_install
==== End log output ====

Ubuntu 22.04
	Kernel: 4.18.0-240.10.1.el8_3.x86_64
	Compiler: gcc 11.3.0

RHEL8
	Kernel: 4.18.0-240.10.1.el8_3.x86_64
	Compiler: gcc 8.3.1 20191121 (Red Hat 8.3.1-5)

Fedora 38
	Kernel: Depends on container host
	Compiler: clang 16.0.3

To view detailed results, visit:
https://lab.dpdk.org/results/dashboard/tarballs/25655/

UNH-IOL DPDK Community Lab

To manage your email subscriptions, visit: 
https://lab.dpdk.org/results/dashboard/preferences/subscriptions/


More information about the test-report mailing list