|FAILURE| pw129758-129760 [PATCH] [4/4] eal: adapt rte spinlock and

dpdklab at iol.unh.edu dpdklab at iol.unh.edu
Tue Aug 1 06:39:56 CEST 2023


Test-Label: iol-aarch64-compile-testing
Test-Status: FAILURE
http://dpdk.org/patch/129760

_Testing issues_

Submitter: Tyler Retzlaff <roretzla at linux.microsoft.com>
Date: Monday, July 31 2023 21:07:41 
DPDK git baseline: Repo:dpdk
  Branch: master
  CommitID:0ae35eceb9e4569b0814fcf671b4455301bb7518

129758-129760 --> testing fail

Test environment and result as below:

+----------------------------------------+--------------------+
|              Environment               | dpdk_meson_compile |
+========================================+====================+
| Ubuntu 20.04 ARM GCC Cross Compile     | FAIL               |
+----------------------------------------+--------------------+
| Ubuntu 20.04 aarch32 GCC Cross Compile | FAIL               |
+----------------------------------------+--------------------+
| Ubuntu 20.04 ARM SVE                   | FAIL               |
+----------------------------------------+--------------------+
| Fedora 38 (ARM)                        | FAIL               |
+----------------------------------------+--------------------+
| Fedora 38 (ARM Clang)                  | FAIL               |
+----------------------------------------+--------------------+
| CentOS Stream 9 (ARM)                  | FAIL               |
+----------------------------------------+--------------------+
| Ubuntu 20.04 (ARM)                     | FAIL               |
+----------------------------------------+--------------------+
| Ubuntu 20.04 ARM Clang Cross Compile   | FAIL               |
+----------------------------------------+--------------------+
| Fedora 37 (ARM)                        | FAIL               |
+----------------------------------------+--------------------+
| Debian 11 (Buster) (ARM)               | PASS               |
+----------------------------------------+--------------------+

==== 20 line log output for Fedora 37 (ARM) (dpdk_meson_compile): ====

Option default_library is: shared [default: static]
Found ninja-1.11.1.git.kitware.jobserver-1 at /usr/local/bin/ninja
ninja: Entering directory `build'
[1/3037] Compiling C object 'lib/76b5a35@@rte_kvargs at sta/kvargs_rte_kvargs.c.o'.
[2/3037] Linking static target lib/librte_kvargs.a.
[3/3037] Generating kvargs.sym_chk with a meson_exe.py custom command.
[4/3037] Linking target lib/librte_kvargs.so.24.0.
[5/3037] Generating symbol file 'lib/76b5a35@@rte_kvargs at sha/librte_kvargs.so.24.0.symbols'.
[6/3037] Compiling C object 'lib/76b5a35@@rte_telemetry at sta/telemetry_telemetry.c.o'.
FAILED: lib/76b5a35@@rte_telemetry at sta/telemetry_telemetry.c.o
ccache cc -Ilib/76b5a35@@rte_telemetry at sta -Ilib -I../lib -I. -I../ -Iconfig -I../config -Ilib/eal/include -I../lib/eal/include -Ilib/eal/linux/include -I../lib/eal/linux/include -Ilib/eal/arm/include -I../lib/eal/arm/include -Ilib/telemetry/../metrics -I../lib/telemetry/../metrics -Ilib/telemetry -I../lib/telemetry -fdiagnostics-color=always -pipe -D_FILE_OFFSET_BITS=64 -Wall -Winvalid-pch -Wextra -Werror -std=c11 -O3 -include rte_config.h -Wcast-qual -Wdeprecated -Wformat -Wformat-nonliteral -Wformat-security -Wmissing-declarations -Wmissing-prototypes -Wnested-externs -Wold-style-definition -Wpointer-arith -Wsign-compare -Wstrict-prototypes -Wundef -Wwrite-strings -Wno-address-of-packed-member -Wno-packed-not-aligned -Wno-missing-field-initializers -Wno-zero-length-bounds -D_GNU_SOURCE -fPIC -march=armv8.1-a+crc+crypto -mcpu=thunderx2t99 -DALLOW_EXPERIMENTAL_API -DALLOW_INTERNAL_API -Wno-format-truncation -DRTE_LOG_DEFAULT_LOGTYPE=lib.telemetry -MD -MQ 'lib/76b5a35@@rte_telemetry@
 sta/telemetry_telemetry.c.o' -MF 'lib/76b5a35@@rte_telemetry at sta/telemetry_telemetry.c.o.d' -o 'lib/76b5a35@@rte_telemetry at sta/telemetry_telemetry.c.o' -c ../lib/telemetry/telemetry.c
In file included from ../lib/eal/arm/include/rte_spinlock.h:17,
from ../lib/telemetry/telemetry.c:20:
../lib/eal/include/generic/rte_spinlock.h: In function 'rte_spinlock_lock':
../lib/eal/include/generic/rte_spinlock.h:72:41: error: cast discards 'volatile' qualifier from pointer target type [-Werror=cast-qual]
72 |                 rte_wait_until_equal_32((uint32_t _Atomic *)&sl->locked,
|                                         ^
cc1: all warnings being treated as errors
ninja: build stopped: subcommand failed.
==== End log output ====

Ubuntu 20.04 ARM GCC Cross Compile
	Kernel: 5.4.0-72-generic
	Compiler: aarch64-linux-gnu-gcc (Ubuntu 9.3.0-17ubuntu1~20.04) 9.3.0

Ubuntu 20.04 aarch32 GCC Cross Compile
	Kernel: 5.4.0-72-generic
	Compiler: gcc 9.3.0

Ubuntu 20.04 ARM SVE
	Kernel: 5.4.0-80-generic
	Compiler: gcc 10.3.0 (Ubuntu 10.3.0-1ubuntu1~20.04)

Fedora 38 (ARM)
	Kernel: Depends on container host
	Compiler: gcc 13.1.1

Fedora 38 (ARM Clang)
	Kernel: Depends on container host
	Compiler: clang 16.0.3

CentOS Stream 9 (ARM)
	Kernel: Container Host Kernel
	Compiler: gcc 11.3.1

Ubuntu 20.04 (ARM)
	Kernel: Container Host Kernel
	Compiler: gcc 9.4.0

Ubuntu 20.04 ARM Clang Cross Compile
	Kernel: 5.4.0-72-generic
	Compiler: clang version 10.0.0-4ubuntu1

Fedora 37 (ARM)
	Kernel: Depends on container host
	Compiler: gcc 12.3.1

Debian 11 (Buster) (ARM)
	Kernel: Container Host Kernel
	Compiler: gcc 10.2.1

To view detailed results, visit:
https://lab.dpdk.org/results/dashboard/patchsets/27173/

UNH-IOL DPDK Community Lab

To manage your email subscriptions, visit: 
https://lab.dpdk.org/results/dashboard/preferences/subscriptions/


More information about the test-report mailing list