|WARNING| [GIT MASTER] 0ae35eceb9e4569b0814fcf671b4455301bb7518

dpdklab at iol.unh.edu dpdklab at iol.unh.edu
Wed Aug 2 03:44:54 CEST 2023


_Testing issues_

Branch: dpdk

0ae35eceb9e4569b0814fcf671b4455301bb7518 --> testing fail

Test environment and result as below:

+-----------------+----------+
|   Environment   | abi_test |
+=================+==========+
| RHEL 7          | FAIL     |
+-----------------+----------+
| Debian Bullseye | FAIL     |
+-----------------+----------+
| CentOS Stream 8 | FAIL     |
+-----------------+----------+
| Fedora 38       | FAIL     |
+-----------------+----------+
| CentOS Stream 9 | FAIL     |
+-----------------+----------+
| Ubuntu 22.04    | FAIL     |
+-----------------+----------+

==== 20 line log output for Ubuntu 22.04 (abi_test): ====
Error: cannot find librte_compressdev.so.23.0 in build_install
Error: cannot find librte_stack.so.23.0 in build_install
Error: cannot find librte_cfgfile.so.23.0 in build_install
Error: cannot find librte_bitratestats.so.23.0 in build_install
Error: cannot find librte_port.so.23.0 in build_install
Error: cannot find librte_eal.so.23.0 in build_install
Error: cannot find librte_acl.so.23.0 in build_install
Error: cannot find librte_dmadev.so.23.0 in build_install
Error: cannot find librte_distributor.so.23.0 in build_install
Error: cannot find librte_ip_frag.so.23.0 in build_install
Error: cannot find librte_sched.so.23.0 in build_install
Error: cannot find librte_lpm.so.23.0 in build_install
Error: cannot find librte_jobstats.so.23.0 in build_install
Error: cannot find librte_kvargs.so.23.0 in build_install
Error: cannot find librte_ipsec.so.23.0 in build_install
Error: cannot find librte_security.so.23.0 in build_install
Error: cannot find librte_member.so.23.0 in build_install
Error: cannot find librte_power.so.23.0 in build_install
Error: cannot find librte_vhost.so.23.0 in build_install
Error: cannot find librte_latencystats.so.23.0 in build_install
==== End log output ====

RHEL 7
	Kernel: 4.18.0-240.10.1.el8_3.x86_64
	Compiler: gcc 4.8.5 20150623 (Red Hat 4.8.5-44)

Debian Bullseye
	Kernel: 5.4.0-122-generic
	Compiler: gcc 10.2.1-6

CentOS Stream 8
	Kernel: 4.18.0-240.10.1.el8_3.x86_64
	Compiler: gcc 8.4.1 20200928

Fedora 38
	Kernel: Depends on container host
	Compiler: clang 16.0.3

CentOS Stream 9
	Kernel: 4.18.0-240.10.1.el8_3.x86_64
	Compiler: gcc 11.3.1 20220421

Ubuntu 22.04
	Kernel: 4.18.0-240.10.1.el8_3.x86_64
	Compiler: gcc 11.3.0

To view detailed results, visit:
https://lab.dpdk.org/results/dashboard/tarballs/25673/

UNH-IOL DPDK Community Lab

To manage your email subscriptions, visit: 
https://lab.dpdk.org/results/dashboard/preferences/subscriptions/


More information about the test-report mailing list