|WARNING| [GIT MASTER] 0ae35eceb9e4569b0814fcf671b4455301bb7518

dpdklab at iol.unh.edu dpdklab at iol.unh.edu
Thu Aug 3 04:06:38 CEST 2023


_Testing issues_

Branch: dpdk

0ae35eceb9e4569b0814fcf671b4455301bb7518 --> testing fail

Test environment and result as below:

+------------------+----------+
|   Environment    | abi_test |
+==================+==========+
| Debian Buster    | FAIL     |
+------------------+----------+
| CentOS Stream 8  | FAIL     |
+------------------+----------+
| CentOS Stream 9  | FAIL     |
+------------------+----------+
| openSUSE Leap 15 | FAIL     |
+------------------+----------+
| Fedora 38        | FAIL     |
+------------------+----------+
| Fedora 37        | FAIL     |
+------------------+----------+
| Debian Bullseye  | FAIL     |
+------------------+----------+
| Ubuntu 22.04     | FAIL     |
+------------------+----------+

==== 20 line log output for Ubuntu 22.04 (abi_test): ====
Error: cannot find librte_crypto_dpaa_sec.so.23.0 in build_install
Error: cannot find librte_net_ionic.so.23.0 in build_install
Error: cannot find librte_event_sw.so.23.0 in build_install
Error: cannot find librte_net_af_packet.so.23.0 in build_install
Error: cannot find librte_raw_skeleton.so.23.0 in build_install
Error: cannot find librte_net_gve.so.23.0 in build_install
Error: cannot find librte_event_octeontx.so.23.0 in build_install
Error: cannot find librte_net_vhost.so.23.0 in build_install
Error: cannot find librte_raw_dpaa2_cmdif.so.23.0 in build_install
Error: cannot find librte_net_txgbe.so.23.0 in build_install
Error: cannot find librte_compress_zlib.so.23.0 in build_install
Error: cannot find librte_net_cnxk.so.23.0 in build_install
Error: cannot find librte_dma_idxd.so.23.0 in build_install
Error: cannot find librte_event_dpaa.so.23.0 in build_install
Error: cannot find librte_bus_auxiliary.so.23.0 in build_install
Error: cannot find librte_regex_mlx5.so.23.0 in build_install
Error: cannot find librte_metrics.so.23.0 in build_install
Error: cannot find librte_mempool.so.23.0 in build_install
Error: cannot find librte_gpudev.so.23.0 in build_install
Error: cannot find librte_kvargs.so.23.0 in build_install
==== End log output ====

Debian Buster
	Kernel: 5.4.0-122-generic
	Compiler: gcc 8.3.0-6

CentOS Stream 8
	Kernel: 4.18.0-240.10.1.el8_3.x86_64
	Compiler: gcc 8.4.1 20200928

CentOS Stream 9
	Kernel: 4.18.0-240.10.1.el8_3.x86_64
	Compiler: gcc 11.3.1 20220421

openSUSE Leap 15
	Kernel: 4.18.0-240.10.1.el8_3.x86_64
	Compiler: gcc 7.5.0

Fedora 38
	Kernel: Depends on container host
	Compiler: gcc 13.1.1

Fedora 37
	Kernel: Depends on container host system
	Compiler: gcc 12.3.1

Debian Bullseye
	Kernel: 5.4.0-122-generic
	Compiler: gcc 10.2.1-6

Ubuntu 22.04
	Kernel: 4.18.0-240.10.1.el8_3.x86_64
	Compiler: gcc 11.3.0

To view detailed results, visit:
https://lab.dpdk.org/results/dashboard/tarballs/25693/

UNH-IOL DPDK Community Lab

To manage your email subscriptions, visit: 
https://lab.dpdk.org/results/dashboard/preferences/subscriptions/


More information about the test-report mailing list