|FAILURE| pw129892-129899 [PATCH] [v4,8/8] net/rnp handle device int

dpdklab at iol.unh.edu dpdklab at iol.unh.edu
Thu Aug 3 19:28:08 CEST 2023


Test-Label: iol-x86_64-compile-testing
Test-Status: FAILURE
http://dpdk.org/patch/129899

_Testing issues_

Submitter: Wenbo Cao <caowenbo at mucse.com>
Date: Thursday, August 03 2023 08:13:01 
DPDK git baseline: Repo:dpdk
  Branch: master
  CommitID:0ae35eceb9e4569b0814fcf671b4455301bb7518

129892-129899 --> testing fail

Test environment and result as below:

+---------------------+--------------------+----------------------+
|     Environment     | dpdk_meson_compile | dpdk_mingw64_compile |
+=====================+====================+======================+
| FreeBSD 13          | FAIL               | SKIPPED              |
+---------------------+--------------------+----------------------+
| Debian Buster       | PASS               | SKIPPED              |
+---------------------+--------------------+----------------------+
| Debian Bullseye     | PASS               | SKIPPED              |
+---------------------+--------------------+----------------------+
| CentOS Stream 9     | PASS               | SKIPPED              |
+---------------------+--------------------+----------------------+
| Fedora 38           | PASS               | SKIPPED              |
+---------------------+--------------------+----------------------+
| RHEL8               | PASS               | SKIPPED              |
+---------------------+--------------------+----------------------+
| CentOS Stream 8     | PASS               | SKIPPED              |
+---------------------+--------------------+----------------------+
| Alpine              | FAIL               | SKIPPED              |
+---------------------+--------------------+----------------------+
| Ubuntu 20.04        | PASS               | SKIPPED              |
+---------------------+--------------------+----------------------+
| Windows Server 2019 | PASS               | PASS                 |
+---------------------+--------------------+----------------------+
| Fedora 37           | PASS               | SKIPPED              |
+---------------------+--------------------+----------------------+
| openSUSE Leap 15    | PASS               | SKIPPED              |
+---------------------+--------------------+----------------------+
| Ubuntu 22.04        | PASS               | SKIPPED              |
+---------------------+--------------------+----------------------+

==== 20 line log output for Alpine (dpdk_meson_compile): ====
[735/2596] Compiling C object 'drivers/a715181@@tmp_rte_net_sfc at sta/net_sfc_sfc_ev.c.o'.
[736/2596] Compiling C object 'drivers/a715181@@tmp_rte_net_sfc at sta/net_sfc_sfc_intr.c.o'.
[737/2596] Compiling C object 'drivers/a715181@@tmp_rte_net_sfc at sta/net_sfc_sfc_sw_stats.c.o'.
[738/2596] Compiling C object 'drivers/a715181@@tmp_rte_net_sfc at sta/net_sfc_sfc_sriov.c.o'.
[739/2596] Compiling C object 'drivers/a715181@@tmp_rte_net_sfc at sta/net_sfc_sfc_mcdi.c.o'.
[740/2596] Compiling C object 'drivers/a715181@@tmp_rte_net_sfc at sta/net_sfc_sfc.c.o'.
[741/2596] Compiling C object 'drivers/a715181@@tmp_rte_net_sfc at sta/net_sfc_sfc_kvargs.c.o'.
[742/2596] Compiling C object 'drivers/a715181@@tmp_rte_net_sfc at sta/net_sfc_sfc_ethdev.c.o'.
[743/2596] Linking static target drivers/libtmp_rte_net_sfc.a.
[744/2596] Generating rte_net_sfc.pmd.c with a custom command.
[745/2596] Compiling C object 'drivers/a715181@@rte_net_sfc at sha/meson-generated_.._rte_net_sfc.pmd.c.o'.
[746/2596] Compiling C object 'drivers/a715181@@rte_net_sfc at sta/meson-generated_.._rte_net_sfc.pmd.c.o'.
[747/2596] Linking static target drivers/librte_net_sfc.a.
[748/2596] Compiling C object 'drivers/a715181@@tmp_rte_net_rnp at sta/net_rnp_base_rnp_api.c.o'.
[749/2596] Compiling C object 'drivers/a715181@@tmp_rte_net_rnp at sta/net_rnp_rnp_rxtx.c.o'.
[750/2596] Compiling C object 'drivers/a715181@@tmp_rte_net_rnp at sta/net_rnp_rnp_mbx_fw.c.o'.
../drivers/net/rnp/rnp_mbx_fw.c:2:10: fatal error: error.h: No such file or directory
2 | #include <error.h>
|          ^~~~~~~~~
compilation terminated.
==== End log output ====

FreeBSD 13
	Kernel: 13.0
	Compiler: clang 11.0.1

Debian Buster
	Kernel: 5.4.0-122-generic
	Compiler: gcc 8.3.0-6

Debian Bullseye
	Kernel: 5.4.0-122-generic
	Compiler: gcc 10.2.1-6

CentOS Stream 9
	Kernel: 4.18.0-240.10.1.el8_3.x86_64
	Compiler: gcc 11.3.1 20220421

Fedora 38
	Kernel: Depends on container host
	Compiler: gcc 13.1.1

RHEL8
	Kernel: 4.18.0-240.10.1.el8_3.x86_64
	Compiler: gcc 8.3.1 20191121 (Red Hat 8.3.1-5)

CentOS Stream 8
	Kernel: 4.18.0-240.10.1.el8_3.x86_64
	Compiler: gcc 8.4.1 20200928

Alpine
	Kernel: 5.4.0-73-generic
	Compiler: gcc (Alpine 10.3.1_git20210424) 10.3.1 20210424

Ubuntu 20.04
	Kernel: 5.4.0-153-generic
	Compiler: gcc 9.4.0-1ubuntu1~20.04.1

Windows Server 2019
	Kernel: 10.0
	Compiler: clang 14.0 and gcc 8.1.0 (MinGW)

Fedora 37
	Kernel: Depends on container host system
	Compiler: gcc 12.3.1

openSUSE Leap 15
	Kernel: 4.18.0-240.10.1.el8_3.x86_64
	Compiler: gcc 7.5.0

Ubuntu 22.04
	Kernel: 4.18.0-240.10.1.el8_3.x86_64
	Compiler: gcc 11.3.0

To view detailed results, visit:
https://lab.dpdk.org/results/dashboard/patchsets/27224/

UNH-IOL DPDK Community Lab

To manage your email subscriptions, visit: 
https://lab.dpdk.org/results/dashboard/preferences/subscriptions/


More information about the test-report mailing list