|WARNING| [GIT MASTER] 9836014d4c2b1b2c29948c928fd386b2944b6bcf

dpdklab at iol.unh.edu dpdklab at iol.unh.edu
Sun Aug 6 03:39:00 CEST 2023


_Testing issues_

Branch: dpdk

9836014d4c2b1b2c29948c928fd386b2944b6bcf --> testing fail

Test environment and result as below:

+------------------+----------+
|   Environment    | abi_test |
+==================+==========+
| RHEL8            | FAIL     |
+------------------+----------+
| Fedora 38        | FAIL     |
+------------------+----------+
| openSUSE Leap 15 | FAIL     |
+------------------+----------+
| Debian Buster    | FAIL     |
+------------------+----------+
| Debian Bullseye  | FAIL     |
+------------------+----------+
| Ubuntu 22.04     | FAIL     |
+------------------+----------+
| CentOS Stream 9  | FAIL     |
+------------------+----------+
| Fedora 37        | FAIL     |
+------------------+----------+
| Arch Linux       | FAIL     |
+------------------+----------+
| CentOS Stream 8  | FAIL     |
+------------------+----------+

==== 20 line log output for CentOS Stream 8 (abi_test): ====
Error: cannot find librte_pdump.so.23.0 in build_install
Error: cannot find librte_cfgfile.so.23.0 in build_install
Error: cannot find librte_graph.so.23.0 in build_install
Error: cannot find librte_compressdev.so.23.0 in build_install
Error: cannot find librte_bitratestats.so.23.0 in build_install
Error: cannot find librte_kvargs.so.23.0 in build_install
Error: cannot find librte_port.so.23.0 in build_install
Error: cannot find librte_acl.so.23.0 in build_install
Error: cannot find librte_dmadev.so.23.0 in build_install
Error: cannot find librte_lpm.so.23.0 in build_install
Error: cannot find librte_distributor.so.23.0 in build_install
Error: cannot find librte_ip_frag.so.23.0 in build_install
Error: cannot find librte_sched.so.23.0 in build_install
Error: cannot find librte_ipsec.so.23.0 in build_install
Error: cannot find librte_jobstats.so.23.0 in build_install
Error: cannot find librte_latencystats.so.23.0 in build_install
Error: cannot find librte_security.so.23.0 in build_install
Error: cannot find librte_power.so.23.0 in build_install
Error: cannot find librte_vhost.so.23.0 in build_install
Error: cannot find librte_member.so.23.0 in build_install
==== End log output ====

RHEL8
	Kernel: 4.18.0-240.10.1.el8_3.x86_64
	Compiler: gcc 8.3.1 20191121 (Red Hat 8.3.1-5)

Fedora 38
	Kernel: Depends on container host
	Compiler: gcc 13.1.1

openSUSE Leap 15
	Kernel: 4.18.0-240.10.1.el8_3.x86_64
	Compiler: gcc 7.5.0

Debian Buster
	Kernel: 5.4.0-122-generic
	Compiler: gcc 8.3.0-6

Debian Bullseye
	Kernel: 5.4.0-122-generic
	Compiler: gcc 10.2.1-6

Ubuntu 22.04
	Kernel: 4.18.0-240.10.1.el8_3.x86_64
	Compiler: gcc 11.3.0

CentOS Stream 9
	Kernel: 4.18.0-240.10.1.el8_3.x86_64
	Compiler: gcc 11.3.1 20220421

Fedora 37
	Kernel: Depends on container host system
	Compiler: gcc 12.3.1

Arch Linux
	Kernel: 5.4.0-73-generic
	Compiler: gcc 11.1.0

CentOS Stream 8
	Kernel: 4.18.0-240.10.1.el8_3.x86_64
	Compiler: gcc 8.4.1 20200928

To view detailed results, visit:
https://lab.dpdk.org/results/dashboard/tarballs/25715/

UNH-IOL DPDK Community Lab

To manage your email subscriptions, visit: 
https://lab.dpdk.org/results/dashboard/preferences/subscriptions/


More information about the test-report mailing list