|FAILURE| pw130330-130331 [PATCH] [v2,2/2] devtools: list symbols by

dpdklab at iol.unh.edu dpdklab at iol.unh.edu
Tue Aug 15 16:51:37 CEST 2023


Test-Label: iol-compile-amd64-testing
Test-Status: FAILURE
http://dpdk.org/patch/130331

_Testing issues_

Submitter: David Marchand <david.marchand at redhat.com>
Date: Tuesday, August 15 2023 10:36:51 
DPDK git baseline: Repo:dpdk
  Branch: master
  CommitID:68150b90bda5e8f81ad1b1bad82be653b1d42a81

130330-130331 --> testing fail

Test environment and result as below:

+---------------------+--------------------+----------------------+
|     Environment     | dpdk_meson_compile | dpdk_mingw64_compile |
+=====================+====================+======================+
| FreeBSD 13          | FAIL               | SKIPPED              |
+---------------------+--------------------+----------------------+
| Windows Server 2019 | PASS               | PASS                 |
+---------------------+--------------------+----------------------+
| CentOS Stream 9     | PASS               | SKIPPED              |
+---------------------+--------------------+----------------------+
| Debian Buster       | FAIL               | SKIPPED              |
+---------------------+--------------------+----------------------+
| Debian Bullseye     | PASS               | SKIPPED              |
+---------------------+--------------------+----------------------+

==== 20 line log output for Debian Buster (dpdk_meson_compile): ====
compress/isal:	missing dependency, "libisal"
gpu/cuda:	missing dependency, "cuda.h"


Build targets in project: 755

Option default_library is: shared [default: static]
Found ninja-1.8.2 at /usr/bin/ninja
ninja: Entering directory `build'
[1/2726] Compiling C object 'lib/76b5a35@@rte_log at sta/log_log.c.o'.
[2/2726] Compiling C object 'lib/76b5a35@@rte_log at sta/log_log_linux.c.o'.
[3/2726] Linking static target lib/librte_log.a.
[4/2726] Generating log.sym_chk with a meson_exe.py custom command.
FAILED: lib/log.sym_chk
/usr/local/bin/meson --internal exe --capture lib/log.sym_chk -- /home-local/jenkins-local/jenkins-agent/workspace/Generic-DPDK-Compile-Meson at 2/dpdk/buildtools/check-symbols.sh /home-local/jenkins-local/jenkins-agent/workspace/Generic-DPDK-Compile-Meson at 2/dpdk/lib/log/version.map lib/librte_log.a
awk: line 6: regular expression compile failed (missing operand)
^\t[a-zA-Z_0-9]*;(| # WINDOWS_NO_EXPORT)$
Found badly formatted maps:
/home-local/jenkins-local/jenkins-agent/workspace/Generic-DPDK-Compile-Meson at 2/dpdk/lib/log/version.map
ninja: build stopped: subcommand failed.
==== End log output ====

FreeBSD 13
	Kernel: 13.0
	Compiler: clang 11.0.1

Windows Server 2019
	Kernel: 10.0
	Compiler: clang 14.0 and gcc 8.1.0 (MinGW)

CentOS Stream 9
	Kernel: 4.18.0-240.10.1.el8_3.x86_64
	Compiler: gcc 11.3.1 20220421

Debian Buster
	Kernel: 5.4.0-122-generic
	Compiler: gcc 8.3.0-6

Debian Bullseye
	Kernel: 5.4.0-122-generic
	Compiler: gcc 10.2.1-6

To view detailed results, visit:
https://lab.dpdk.org/results/dashboard/patchsets/27341/

UNH-IOL DPDK Community Lab

To manage your email subscriptions, visit: 
https://lab.dpdk.org/results/dashboard/preferences/subscriptions/


More information about the test-report mailing list