|FAILURE| pw130414-130416 [PATCH] [8/8] net/ntnic: adds socket conne

dpdklab at iol.unh.edu dpdklab at iol.unh.edu
Wed Aug 16 17:19:02 CEST 2023


Test-Label: iol-compile-arm64-testing
Test-Status: FAILURE
http://dpdk.org/patch/130416

_Testing issues_

Submitter: Mykola Kostenok <mko-plv at napatech.com>
Date: Wednesday, August 16 2023 13:25:52 
DPDK git baseline: Repo:dpdk
  Branch: master
  CommitID:68150b90bda5e8f81ad1b1bad82be653b1d42a81

130414-130416 --> testing fail

Test environment and result as below:

+----------------------------------------+--------------------+
|              Environment               | dpdk_meson_compile |
+========================================+====================+
| Ubuntu 20.04 ARM SVE                   | PASS               |
+----------------------------------------+--------------------+
| Ubuntu 20.04 ARM GCC Cross Compile     | PASS               |
+----------------------------------------+--------------------+
| Ubuntu 20.04 aarch32 GCC Cross Compile | FAIL               |
+----------------------------------------+--------------------+
| Fedora 37 (ARM)                        | PASS               |
+----------------------------------------+--------------------+
| Debian 11 (Buster) (ARM)               | PASS               |
+----------------------------------------+--------------------+
| Ubuntu 20.04 (ARM)                     | PASS               |
+----------------------------------------+--------------------+
| CentOS Stream 9 (ARM)                  | PASS               |
+----------------------------------------+--------------------+
| Fedora 38 (ARM)                        | PASS               |
+----------------------------------------+--------------------+
| Ubuntu 20.04 ARM Clang Cross Compile   | FAIL               |
+----------------------------------------+--------------------+
| Fedora 38 (ARM Clang)                  | FAIL               |
+----------------------------------------+--------------------+

==== 20 line log output for Fedora 38 (ARM Clang) (dpdk_meson_compile): ====
[1900/3154] Compiling C object 'drivers/a715181@@tmp_rte_net_ntnic at sta/net_ntnic_nthw_core_nthw_spis.c.o'.
[1901/3154] Compiling C object 'drivers/a715181@@tmp_rte_net_ntnic at sta/net_ntnic_nthw_core_nthw_tsm.c.o'.
[1902/3154] Compiling C object 'drivers/a715181@@tmp_rte_net_ntnic at sta/net_ntnic_nthw_flow_api_flow_api.c.o'.
[1903/3154] Compiling C object 'drivers/a715181@@tmp_rte_net_ntnic at sta/net_ntnic_nthw_flow_api_flow_api_actions.c.o'.
[1904/3154] Compiling C object 'drivers/a715181@@tmp_rte_net_ntnic at sta/net_ntnic_nthw_flow_api_flow_api_backend.c.o'.
[1905/3154] Compiling C object 'drivers/a715181@@tmp_rte_net_ntnic at sta/net_ntnic_nthw_flow_api_flow_api_profile_inline.c.o'.
[1906/3154] Compiling C object 'drivers/a715181@@tmp_rte_net_ntnic at sta/net_ntnic_nthw_flow_api_flow_engine_flow_group.c.o'.
[1907/3154] Compiling C object 'drivers/a715181@@tmp_rte_net_ntnic at sta/net_ntnic_nthw_flow_api_flow_engine_flow_hasher.c.o'.
[1908/3154] Compiling C object 'drivers/a715181@@tmp_rte_net_ntnic at sta/net_ntnic_nthw_flow_api_flow_engine_flow_kcc.c.o'.
[1909/3154] Compiling C object 'drivers/a715181@@tmp_rte_net_ntnic at sta/net_ntnic_nthw_flow_api_flow_engine_flow_km.c.o'.
FAILED: drivers/a715181@@tmp_rte_net_ntnic at sta/net_ntnic_nthw_flow_api_flow_engine_flow_km.c.o
clang -Idrivers/a715181@@tmp_rte_net_ntnic at sta -Idrivers -I../drivers -Idrivers/net/ntnic -I../drivers/net/ntnic -I../drivers/net/ntnic/adapter -I../drivers/net/ntnic/include -I../drivers/net/ntnic/nim -I../drivers/net/ntnic/ntlog/include -I../drivers/net/ntnic/ntutil/include -I../drivers/net/ntnic/nthw -I../drivers/net/ntnic/nthw/core -I../drivers/net/ntnic/nthw/supported -I../drivers/net/ntnic/nthw/flow_api -I../drivers/net/ntnic/nthw/flow_filter -I../drivers/net/ntnic/ntconnect/include -I../drivers/net/ntnic/sensors -I../drivers/net/ntnic/sensors/avr_sensors -I../drivers/net/ntnic/sensors/board_sensors -I../drivers/net/ntnic/sensors/nim_sensors -I../drivers/net/ntnic/sensors/ntavr -Ilib/ethdev -I../lib/ethdev -I. -I../ -Iconfig -I../config -Ilib/eal/include -I../lib/eal/include -Ilib/eal/linux/include -I../lib/eal/linux/include -Ilib/eal/arm/include -I../lib/eal/arm/include -Ilib/eal/common -I../lib/eal/common -Ilib/eal -I../lib/eal -Ilib/kvargs -I../lib/kvargs -Ilib/log -I../lib/
 log -Ilib/telemetry/../metrics -I../lib/telemetry/../metrics -Ilib/telemetry -I../lib/telemetry -Ilib/net -I../lib/net -Ilib/mbuf -I../lib/mbuf -Ilib/mempool -I../lib/mempool -Ilib/ring -I../lib/ring -Ilib/meter -I../lib/meter -Idrivers/bus/pci -I../drivers/bus/pci -I../drivers/bus/pci/linux -Ilib/pci -I../lib/pci -Idrivers/bus/vdev -I../drivers/bus/vdev -Ilib/vhost -I../lib/vhost -Ilib/cryptodev -I../lib/cryptodev -Ilib/rcu -I../lib/rcu -Ilib/hash -I../lib/hash -Ilib/dmadev -I../lib/dmadev -Xclang -fcolor-diagnostics -pipe -D_FILE_OFFSET_BITS=64 -Wall -Winvalid-pch -Wextra -Werror -std=c11 -O3 -include rte_config.h -Wcast-qual -Wdeprecated -Wformat -Wformat-nonliteral -Wformat-security -Wmissing-declarations -Wmissing-prototypes -Wnested-externs -Wold-style-definition -Wpointer-arith -Wsign-compare -Wstrict-prototypes -Wundef -Wwrite-strings -Wno-address-of-packed-member -Wno-missing-field-initializers -D_GNU_SOURCE -fPIC -march=armv8.1-a+crc+crypto -mcpu=thunderx2t99 -std=c11 -DNT
 _TOOLS -march=armv8.1-a+crc+crypto -mcpu=thunderx2t99 -DALLOW_EXPERIMENTAL_API -DALLOW_INTERNAL_API -DRTE_LOG_DEFAULT_LOGTYPE=pmd.net.ntnic -DRTE_ANNOTATE_LOCKS -Wthread-safety -MD -MQ 'drivers/a715181@@tmp_rte_net_ntnic at sta/net_ntnic_nthw_flow_api_flow_engine_flow_km.c.o' -MF 'drivers/a715181@@tmp_rte_net_ntnic at sta/net_ntnic_nthw_flow_api_flow_engine_flow_km.c.o.d' -o 'drivers/a715181@@tmp_rte_net_ntnic at sta/net_ntnic_nthw_flow_api_flow_engine_flow_km.c.o' -c ../drivers/net/ntnic/nthw/flow_api/flow_engine/flow_km.c
../drivers/net/ntnic/nthw/flow_api/flow_engine/flow_km.c:293:6: error: variable 'num_qwords' set but not used [-Werror,-Wunused-but-set-variable]
int num_qwords = 0;
^
../drivers/net/ntnic/nthw/flow_api/flow_engine/flow_km.c:294:6: error: variable 'num_swords' set but not used [-Werror,-Wunused-but-set-variable]
int num_swords = 0;
^
2 errors generated.
ninja: build stopped: subcommand failed.
==== End log output ====

Ubuntu 20.04 ARM SVE
	Kernel: 5.4.0-80-generic
	Compiler: gcc 10.3.0 (Ubuntu 10.3.0-1ubuntu1~20.04)

Ubuntu 20.04 ARM GCC Cross Compile
	Kernel: 5.4.0-72-generic
	Compiler: aarch64-linux-gnu-gcc (Ubuntu 9.3.0-17ubuntu1~20.04) 9.3.0

Ubuntu 20.04 aarch32 GCC Cross Compile
	Kernel: 5.4.0-72-generic
	Compiler: gcc 9.3.0

Fedora 37 (ARM)
	Kernel: Depends on container host
	Compiler: gcc 12.3.1

Debian 11 (Buster) (ARM)
	Kernel: Container Host Kernel
	Compiler: gcc 10.2.1

Ubuntu 20.04 (ARM)
	Kernel: Container Host Kernel
	Compiler: gcc 9.4.0

CentOS Stream 9 (ARM)
	Kernel: Container Host Kernel
	Compiler: gcc 11.3.1

Fedora 38 (ARM)
	Kernel: Depends on container host
	Compiler: gcc 13.1.1

Ubuntu 20.04 ARM Clang Cross Compile
	Kernel: 5.4.0-72-generic
	Compiler: clang version 10.0.0-4ubuntu1

Fedora 38 (ARM Clang)
	Kernel: Depends on container host
	Compiler: clang 16.0.3

To view detailed results, visit:
https://lab.dpdk.org/results/dashboard/patchsets/27357/

UNH-IOL DPDK Community Lab

To manage your email subscriptions, visit: 
https://lab.dpdk.org/results/dashboard/preferences/subscriptions/


More information about the test-report mailing list