|FAILURE| pw130704-130730 [PATCH] [27/27] net/nfp: extend the usage

dpdklab at iol.unh.edu dpdklab at iol.unh.edu
Fri Aug 25 09:25:21 CEST 2023


Test-Label: iol-unit-amd64-testing
Test-Status: FAILURE
http://dpdk.org/patch/130730

_Testing issues_

Submitter: Chaoyong He <chaoyong.he at corigine.com>
Date: Thursday, August 24 2023 11:09:56 
DPDK git baseline: Repo:dpdk
  Branch: master
  CommitID:934c0ccbfe881d861d749a9f8fb146d5f134c04c

130704-130730 --> testing fail

Test environment and result as below:

+---------------------+----------------+
|     Environment     | dpdk_unit_test |
+=====================+================+
| Windows Server 2019 | PASS           |
+---------------------+----------------+
| Fedora 37           | FAIL           |
+---------------------+----------------+
| Debian Buster       | PASS           |
+---------------------+----------------+
| CentOS Stream 9     | FAIL           |
+---------------------+----------------+

==== 20 line log output for CentOS Stream 9 (dpdk_unit_test): ====
../drivers/net/nfp/nfpcore/nfp6000_pcie.c: In function 'nfp6000_get_interface':
../drivers/net/nfp/nfpcore/nfp6000_pcie.c:888:20: error: 'dsn' may be used uninitialized in this function [-Werror=maybe-uninitialized]
888 |         *interface = dsn & 0xffff;
|         ~~~~~~~~~~~^~~~~~~~~~~~~~
../drivers/net/nfp/nfpcore/nfp6000_pcie.c: In function 'nfp6000_get_serial':
../drivers/net/nfp/nfpcore/nfp6000_pcie.c:913:26: error: 'dsn' may be used uninitialized in this function [-Werror=maybe-uninitialized]
913 |         serial[5] = (dsn >> 16) & 0xff;
|                     ~~~~~^~~~~~
../drivers/net/nfp/nfpcore/nfp6000_pcie.c: In function 'nfp_cpp_from_nfp6000_pcie':
../drivers/net/nfp/nfpcore/nfp6000_pcie.c:888:20: error: 'dsn' may be used uninitialized in this function [-Werror=maybe-uninitialized]
888 |         *interface = dsn & 0xffff;
|         ~~~~~~~~~~~^~~~~~~~~~~~~~
../drivers/net/nfp/nfpcore/nfp6000_pcie.c:882:18: note: 'dsn' was declared here
882 |         uint64_t dsn;
|                  ^~~
cc1: all warnings being treated as errors
[1730/2709] Compiling C object 'drivers/a715181@@tmp_rte_net_nfp at sta/net_nfp_nfp_cpp_bridge.c.o'.
[1731/2709] Compiling C object 'drivers/a715181@@tmp_rte_net_nfp at sta/net_nfp_nfp_ethdev_vf.c.o'.
[1732/2709] Compiling C object 'drivers/a715181@@tmp_rte_net_nfp at sta/net_nfp_nfp_rxtx.c.o'.
ninja: build stopped: subcommand failed.
==== End log output ====

Windows Server 2019
	Kernel: 10.0
	Compiler: clang 14.0 and gcc 8.1.0 (MinGW)

Fedora 37
	Kernel: Depends on container host system
	Compiler: gcc 12.3.1

Debian Buster
	Kernel: 5.4.0-122-generic
	Compiler: gcc 8.3.0-6

CentOS Stream 9
	Kernel: 4.18.0-240.10.1.el8_3.x86_64
	Compiler: gcc 11.3.1 20220421

To view detailed results, visit:
https://lab.dpdk.org/results/dashboard/patchsets/27438/

UNH-IOL DPDK Community Lab

To manage your email subscriptions, visit: 
https://lab.dpdk.org/results/dashboard/preferences/subscriptions/


More information about the test-report mailing list