|FAILURE| pw130704-130730 [PATCH] [27/27] net/nfp: extend the usage

dpdklab at iol.unh.edu dpdklab at iol.unh.edu
Fri Aug 25 09:30:15 CEST 2023


Test-Label: iol-compile-arm64-testing
Test-Status: FAILURE
http://dpdk.org/patch/130730

_Testing issues_

Submitter: Chaoyong He <chaoyong.he at corigine.com>
Date: Thursday, August 24 2023 11:09:56 
DPDK git baseline: Repo:dpdk
  Branch: master
  CommitID:934c0ccbfe881d861d749a9f8fb146d5f134c04c

130704-130730 --> testing fail

Test environment and result as below:

+--------------------------+--------------------+
|       Environment        | dpdk_meson_compile |
+==========================+====================+
| Ubuntu 20.04 ARM SVE     | PASS               |
+--------------------------+--------------------+
| Debian 11 (Buster) (ARM) | FAIL               |
+--------------------------+--------------------+
| Fedora 37 (ARM)          | FAIL               |
+--------------------------+--------------------+
| Fedora 38 (ARM)          | FAIL               |
+--------------------------+--------------------+

==== 20 line log output for Fedora 38 (ARM) (dpdk_meson_compile): ====
882 |         uint64_t dsn;
|                  ^~~
../drivers/net/nfp/nfpcore/nfp6000_pcie.c: In function 'nfp6000_get_serial':
../drivers/net/nfp/nfpcore/nfp6000_pcie.c:911:26: error: 'dsn' may be used uninitialized [-Werror=maybe-uninitialized]
911 |         serial[3] = (dsn >> 32) & 0xff;
|                     ~~~~~^~~~~~
../drivers/net/nfp/nfpcore/nfp6000_pcie.c:899:18: note: 'dsn' was declared here
899 |         uint64_t dsn;
|                  ^~~
In function 'nfp6000_get_interface',
inlined from 'nfp_cpp_from_nfp6000_pcie' at ../drivers/net/nfp/nfpcore/nfp6000_pcie.c:1002:8:
../drivers/net/nfp/nfpcore/nfp6000_pcie.c:888:20: error: 'dsn' may be used uninitialized [-Werror=maybe-uninitialized]
888 |         *interface = dsn & 0xffff;
|         ~~~~~~~~~~~^~~~~~~~~~~~~~
../drivers/net/nfp/nfpcore/nfp6000_pcie.c: In function 'nfp_cpp_from_nfp6000_pcie':
../drivers/net/nfp/nfpcore/nfp6000_pcie.c:882:18: note: 'dsn' was declared here
882 |         uint64_t dsn;
|                  ^~~
cc1: all warnings being treated as errors
ninja: build stopped: subcommand failed.
==== End log output ====

Ubuntu 20.04 ARM SVE
	Kernel: 5.4.0-80-generic
	Compiler: gcc 10.3.0 (Ubuntu 10.3.0-1ubuntu1~20.04)

Debian 11 (Buster) (ARM)
	Kernel: Container Host Kernel
	Compiler: gcc 10.2.1

Fedora 37 (ARM)
	Kernel: Depends on container host
	Compiler: gcc 12.3.1

Fedora 38 (ARM)
	Kernel: Depends on container host
	Compiler: gcc 13.1.1

To view detailed results, visit:
https://lab.dpdk.org/results/dashboard/patchsets/27438/

UNH-IOL DPDK Community Lab

To manage your email subscriptions, visit: 
https://lab.dpdk.org/results/dashboard/preferences/subscriptions/


More information about the test-report mailing list