|FAILURE| pw130704-130730 [PATCH] [27/27] net/nfp: extend the usage

dpdklab at iol.unh.edu dpdklab at iol.unh.edu
Fri Aug 25 09:31:14 CEST 2023


Test-Label: iol-compile-arm64-testing
Test-Status: FAILURE
http://dpdk.org/patch/130730

_Testing issues_

Submitter: Chaoyong He <chaoyong.he at corigine.com>
Date: Thursday, August 24 2023 11:09:56 
DPDK git baseline: Repo:dpdk
  Branch: master
  CommitID:934c0ccbfe881d861d749a9f8fb146d5f134c04c

130704-130730 --> testing fail

Test environment and result as below:

+--------------------------+--------------------+
|       Environment        | dpdk_meson_compile |
+==========================+====================+
| Ubuntu 20.04 ARM SVE     | PASS               |
+--------------------------+--------------------+
| Debian 11 (Buster) (ARM) | FAIL               |
+--------------------------+--------------------+
| Fedora 37 (ARM)          | FAIL               |
+--------------------------+--------------------+
| Fedora 38 (ARM)          | FAIL               |
+--------------------------+--------------------+
| Ubuntu 20.04 (ARM)       | PASS               |
+--------------------------+--------------------+
| CentOS Stream 9 (ARM)    | FAIL               |
+--------------------------+--------------------+

==== 20 line log output for CentOS Stream 9 (ARM) (dpdk_meson_compile): ====
[1825/3033] Compiling C object 'drivers/a715181@@tmp_rte_net_nfp at sta/net_nfp_nfpcore_nfp6000_pcie.c.o'.
FAILED: drivers/a715181@@tmp_rte_net_nfp at sta/net_nfp_nfpcore_nfp6000_pcie.c.o
ccache cc -Idrivers/a715181@@tmp_rte_net_nfp at sta -Idrivers -I../drivers -Idrivers/net/nfp -I../drivers/net/nfp -Ilib/ethdev -I../lib/ethdev -I. -I../ -Iconfig -I../config -Ilib/eal/include -I../lib/eal/include -Ilib/eal/linux/include -I../lib/eal/linux/include -Ilib/eal/arm/include -I../lib/eal/arm/include -Ilib/eal/common -I../lib/eal/common -Ilib/eal -I../lib/eal -Ilib/kvargs -I../lib/kvargs -Ilib/log -I../lib/log -Ilib/telemetry/../metrics -I../lib/telemetry/../metrics -Ilib/telemetry -I../lib/telemetry -Ilib/net -I../lib/net -Ilib/mbuf -I../lib/mbuf -Ilib/mempool -I../lib/mempool -Ilib/ring -I../lib/ring -Ilib/meter -I../lib/meter -Idrivers/bus/pci -I../drivers/bus/pci -I../drivers/bus/pci/linux -Ilib/pci -I../lib/pci -Idrivers/bus/vdev -I../drivers/bus/vdev -Ilib/hash -I../lib/hash -Ilib/rcu -I../lib/rcu -fdiagnostics-color=always -pipe -D_FILE_OFFSET_BITS=64 -Wall -Winvalid-pch -Wextra -Werror -std=c11 -O3 -include rte_config.h -Wcast-qual -Wdeprecated -Wformat -Wformat-nonlite
 ral -Wformat-security -Wmissing-declarations -Wmissing-prototypes -Wnested-externs -Wold-style-definition -Wpointer-arith -Wsign-compare -Wstrict-prototypes -Wundef -Wwrite-strings -Wno-address-of-packed-member -Wno-packed-not-aligned -Wno-missing-field-initializers -Wno-zero-length-bounds -D_GNU_SOURCE -fPIC -march=armv8.1-a+crc+crypto -mcpu=thunderx2t99 -DALLOW_EXPERIMENTAL_API -DALLOW_INTERNAL_API -Wno-format-truncation -DRTE_LOG_DEFAULT_LOGTYPE=pmd.net.nfp -MD -MQ 'drivers/a715181@@tmp_rte_net_nfp at sta/net_nfp_nfpcore_nfp6000_pcie.c.o' -MF 'drivers/a715181@@tmp_rte_net_nfp at sta/net_nfp_nfpcore_nfp6000_pcie.c.o.d' -o 'drivers/a715181@@tmp_rte_net_nfp at sta/net_nfp_nfpcore_nfp6000_pcie.c.o' -c ../drivers/net/nfp/nfpcore/nfp6000_pcie.c
../drivers/net/nfp/nfpcore/nfp6000_pcie.c: In function 'nfp6000_get_interface':
../drivers/net/nfp/nfpcore/nfp6000_pcie.c:888:20: error: 'dsn' may be used uninitialized in this function [-Werror=maybe-uninitialized]
888 |         *interface = dsn & 0xffff;
|         ~~~~~~~~~~~^~~~~~~~~~~~~~
../drivers/net/nfp/nfpcore/nfp6000_pcie.c: In function 'nfp6000_get_serial':
../drivers/net/nfp/nfpcore/nfp6000_pcie.c:913:26: error: 'dsn' may be used uninitialized in this function [-Werror=maybe-uninitialized]
913 |         serial[5] = (dsn >> 16) & 0xff;
|                     ~~~~~^~~~~~
../drivers/net/nfp/nfpcore/nfp6000_pcie.c: In function 'nfp_cpp_from_nfp6000_pcie':
../drivers/net/nfp/nfpcore/nfp6000_pcie.c:888:20: error: 'dsn' may be used uninitialized in this function [-Werror=maybe-uninitialized]
888 |         *interface = dsn & 0xffff;
|         ~~~~~~~~~~~^~~~~~~~~~~~~~
../drivers/net/nfp/nfpcore/nfp6000_pcie.c:882:18: note: 'dsn' was declared here
882 |         uint64_t dsn;
|                  ^~~
cc1: all warnings being treated as errors
ninja: build stopped: subcommand failed.
==== End log output ====

Ubuntu 20.04 ARM SVE
	Kernel: 5.4.0-80-generic
	Compiler: gcc 10.3.0 (Ubuntu 10.3.0-1ubuntu1~20.04)

Debian 11 (Buster) (ARM)
	Kernel: Container Host Kernel
	Compiler: gcc 10.2.1

Fedora 37 (ARM)
	Kernel: Depends on container host
	Compiler: gcc 12.3.1

Fedora 38 (ARM)
	Kernel: Depends on container host
	Compiler: gcc 13.1.1

Ubuntu 20.04 (ARM)
	Kernel: Container Host Kernel
	Compiler: gcc 9.4.0

CentOS Stream 9 (ARM)
	Kernel: Container Host Kernel
	Compiler: gcc 11.3.1

To view detailed results, visit:
https://lab.dpdk.org/results/dashboard/patchsets/27438/

UNH-IOL DPDK Community Lab

To manage your email subscriptions, visit: 
https://lab.dpdk.org/results/dashboard/preferences/subscriptions/


More information about the test-report mailing list