|FAILURE| pw130704-130730 [PATCH] [27/27] net/nfp: extend the usage
dpdklab at iol.unh.edu
dpdklab at iol.unh.edu
Fri Aug 25 09:33:06 CEST 2023
Test-Label: iol-compile-amd64-testing
Test-Status: FAILURE
http://dpdk.org/patch/130730
_Testing issues_
Submitter: Chaoyong He <chaoyong.he at corigine.com>
Date: Thursday, August 24 2023 11:09:56
DPDK git baseline: Repo:dpdk
Branch: master
CommitID:934c0ccbfe881d861d749a9f8fb146d5f134c04c
130704-130730 --> testing fail
Test environment and result as below:
+---------------------+--------------------+----------------------+
| Environment | dpdk_meson_compile | dpdk_mingw64_compile |
+=====================+====================+======================+
| FreeBSD 13 | PASS | SKIPPED |
+---------------------+--------------------+----------------------+
| Windows Server 2019 | PASS | PASS |
+---------------------+--------------------+----------------------+
| CentOS Stream 8 | PASS | SKIPPED |
+---------------------+--------------------+----------------------+
| Debian Bullseye | FAIL | SKIPPED |
+---------------------+--------------------+----------------------+
| Fedora 37 | FAIL | SKIPPED |
+---------------------+--------------------+----------------------+
| Fedora 38 | PASS | SKIPPED |
+---------------------+--------------------+----------------------+
| openSUSE Leap 15 | PASS | SKIPPED |
+---------------------+--------------------+----------------------+
| Debian Buster | PASS | SKIPPED |
+---------------------+--------------------+----------------------+
| RHEL8 | PASS | SKIPPED |
+---------------------+--------------------+----------------------+
| Ubuntu 20.04 | PASS | SKIPPED |
+---------------------+--------------------+----------------------+
| CentOS Stream 9 | FAIL | SKIPPED |
+---------------------+--------------------+----------------------+
| Alpine | FAIL | SKIPPED |
+---------------------+--------------------+----------------------+
==== 20 line log output for Alpine (dpdk_meson_compile): ====
[01m[K../drivers/net/nfp/nfpcore/nfp6000_pcie.c:888:20:[m[K [01;31m[Kerror: [m[K'[01m[Kdsn[m[K' may be used uninitialized [[01;31m[K-Werror=maybe-uninitialized[m[K]
888 | [01;31m[K*interface = dsn & 0xffff[m[K;
| [01;31m[K~~~~~~~~~~~^~~~~~~~~~~~~~[m[K
[01m[K../drivers/net/nfp/nfpcore/nfp6000_pcie.c:882:18:[m[K [01;36m[Knote: [m[K'[01m[Kdsn[m[K' was declared here
882 | uint64_t [01;36m[Kdsn[m[K;
| [01;36m[K^~~[m[K
[01m[K../drivers/net/nfp/nfpcore/nfp6000_pcie.c:[m[K In function '[01m[Knfp6000_get_serial[m[K':
[01m[K../drivers/net/nfp/nfpcore/nfp6000_pcie.c:899:18:[m[K [01;31m[Kerror: [m[K'[01m[Kdsn[m[K' may be used uninitialized [[01;31m[K-Werror=maybe-uninitialized[m[K]
899 | uint64_t [01;31m[Kdsn[m[K;
| [01;31m[K^~~[m[K
In function '[01m[Knfp6000_get_interface[m[K',
inlined from '[01m[Knfp_cpp_from_nfp6000_pcie[m[K' at [01m[K../drivers/net/nfp/nfpcore/nfp6000_pcie.c:1002:8[m[K:
[01m[K../drivers/net/nfp/nfpcore/nfp6000_pcie.c:888:20:[m[K [01;31m[Kerror: [m[K'[01m[Kdsn[m[K' may be used uninitialized [[01;31m[K-Werror=maybe-uninitialized[m[K]
888 | [01;31m[K*interface = dsn & 0xffff[m[K;
| [01;31m[K~~~~~~~~~~~^~~~~~~~~~~~~~[m[K
[01m[K../drivers/net/nfp/nfpcore/nfp6000_pcie.c:[m[K In function '[01m[Knfp_cpp_from_nfp6000_pcie[m[K':
[01m[K../drivers/net/nfp/nfpcore/nfp6000_pcie.c:882:18:[m[K [01;36m[Knote: [m[K'[01m[Kdsn[m[K' was declared here
882 | uint64_t [01;36m[Kdsn[m[K;
| [01;36m[K^~~[m[K
cc1: all warnings being treated as errors
==== End log output ====
FreeBSD 13
Kernel: 13.0
Compiler: clang 11.0.1
Windows Server 2019
Kernel: 10.0
Compiler: clang 14.0 and gcc 8.1.0 (MinGW)
CentOS Stream 8
Kernel: 4.18.0-240.10.1.el8_3.x86_64
Compiler: gcc 8.4.1 20200928
Debian Bullseye
Kernel: 5.4.0-122-generic
Compiler: gcc 10.2.1-6
Fedora 37
Kernel: Depends on container host system
Compiler: gcc 12.3.1
Fedora 38
Kernel: Depends on container host
Compiler: gcc 13.1.1
openSUSE Leap 15
Kernel: 4.18.0-240.10.1.el8_3.x86_64
Compiler: gcc 7.5.0
Debian Buster
Kernel: 5.4.0-122-generic
Compiler: gcc 8.3.0-6
RHEL8
Kernel: 4.18.0-240.10.1.el8_3.x86_64
Compiler: gcc 8.3.1 20191121 (Red Hat 8.3.1-5)
Ubuntu 20.04
Kernel: 5.4.0-153-generic
Compiler: gcc 9.4.0-1ubuntu1~20.04.1
CentOS Stream 9
Kernel: 4.18.0-240.10.1.el8_3.x86_64
Compiler: gcc 11.3.1 20220421
Alpine
Kernel: 5.4.0-73-generic
Compiler: gcc (Alpine 10.3.1_git20210424) 10.3.1 20210424
To view detailed results, visit:
https://lab.dpdk.org/results/dashboard/patchsets/27438/
UNH-IOL DPDK Community Lab
To manage your email subscriptions, visit:
https://lab.dpdk.org/results/dashboard/preferences/subscriptions/
More information about the test-report
mailing list