|FAILURE| pw130789-130812 [PATCH] [32/32] net/sssnic: add VF dev sup

dpdklab at iol.unh.edu dpdklab at iol.unh.edu
Tue Aug 29 13:44:25 CEST 2023


Test-Label: iol-compile-amd64-testing
Test-Status: FAILURE
http://dpdk.org/patch/130812

_Testing issues_

Submitter: Renyong Wan <wanry at 3snic.com>
Date: Tuesday, August 29 2023 07:58:29 
DPDK git baseline: Repo:dpdk
  Branch: master
  CommitID:ac1d4db91e9955148e82f2caaa107434409cf35e

130789-130812 --> testing fail

Test environment and result as below:

+-----------------+--------------------+
|   Environment   | dpdk_meson_compile |
+=================+====================+
| FreeBSD 13      | PASS               |
+-----------------+--------------------+
| CentOS Stream 8 | PASS               |
+-----------------+--------------------+
| Fedora 37       | FAIL               |
+-----------------+--------------------+
| Debian Buster   | PASS               |
+-----------------+--------------------+
| Debian Bullseye | PASS               |
+-----------------+--------------------+
| CentOS Stream 9 | PASS               |
+-----------------+--------------------+
| Alpine          | FAIL               |
+-----------------+--------------------+

==== 20 line log output for Alpine (dpdk_meson_compile): ====
[682/2605] Compiling C object 'drivers/net/thunderx/base/80ab7c6@@nicvf_base at sta/nicvf_mbox.c.o'.
[683/2605] Compiling C object 'drivers/net/thunderx/base/80ab7c6@@nicvf_base at sta/nicvf_hw.c.o'.
[684/2605] Linking static target drivers/librte_net_thunderx.a.
[685/2605] Linking static target drivers/net/thunderx/base/libnicvf_base.a.
[686/2605] Compiling C object 'drivers/a715181@@tmp_rte_net_tap at sta/net_tap_tap_tcmsgs.c.o'.
[687/2605] Compiling C object 'drivers/a715181@@tmp_rte_net_tap at sta/net_tap_tap_netlink.c.o'.
[688/2605] Compiling C object 'drivers/a715181@@tmp_rte_net_tap at sta/net_tap_tap_intr.c.o'.
[689/2605] Compiling C object 'drivers/a715181@@tmp_rte_net_tap at sta/net_tap_tap_flow.c.o'.
[690/2605] Compiling C object 'drivers/a715181@@tmp_rte_net_tap at sta/net_tap_tap_bpf_api.c.o'.
[691/2605] Compiling C object 'drivers/a715181@@tmp_rte_net_tap at sta/net_tap_rte_eth_tap.c.o'.
[692/2605] Linking static target drivers/libtmp_rte_net_tap.a.
[693/2605] Generating rte_net_tap.pmd.c with a custom command.
[694/2605] Compiling C object 'drivers/a715181@@rte_net_tap at sha/meson-generated_.._rte_net_tap.pmd.c.o'.
[695/2605] Compiling C object 'drivers/a715181@@rte_net_tap at sta/meson-generated_.._rte_net_tap.pmd.c.o'.
[696/2605] Linking static target drivers/librte_net_tap.a.
[697/2605] Compiling C object 'drivers/a715181@@tmp_rte_net_sssnic at sta/net_sssnic_sssnic_ethdev_flow.c.o'.
../drivers/net/sssnic/sssnic_ethdev_flow.c:5:10: fatal error: error.h: No such file or directory
5 | #include <error.h>
|          ^~~~~~~~~
compilation terminated.
==== End log output ====

FreeBSD 13
	Kernel: 13.0
	Compiler: clang 11.0.1

CentOS Stream 8
	Kernel: 4.18.0-240.10.1.el8_3.x86_64
	Compiler: gcc 8.4.1 20200928

Fedora 37
	Kernel: Depends on container host system
	Compiler: gcc 12.3.1

Debian Buster
	Kernel: 5.4.0-122-generic
	Compiler: gcc 8.3.0-6

Debian Bullseye
	Kernel: 5.4.0-122-generic
	Compiler: gcc 10.2.1-6

CentOS Stream 9
	Kernel: 4.18.0-240.10.1.el8_3.x86_64
	Compiler: gcc 11.3.1 20220421

Alpine
	Kernel: 5.4.0-73-generic
	Compiler: gcc (Alpine 10.3.1_git20210424) 10.3.1 20210424

To view detailed results, visit:
https://lab.dpdk.org/results/dashboard/patchsets/27460/

UNH-IOL DPDK Community Lab

To manage your email subscriptions, visit: 
https://lab.dpdk.org/results/dashboard/preferences/subscriptions/


More information about the test-report mailing list