|FAILURE| pw130971 [PATCH] [v3] app/test: add support for skipping t

dpdklab at iol.unh.edu dpdklab at iol.unh.edu
Thu Aug 31 15:14:54 CEST 2023


Test-Label: iol-unit-amd64-testing
Test-Status: FAILURE
http://dpdk.org/patch/130971

_Testing issues_

Submitter: Bruce Richardson <bruce.richardson at intel.com>
Date: Thursday, August 31 2023 10:18:06 
DPDK git baseline: Repo:dpdk
  Branch: master
  CommitID:b7b8de26f34d39c8aaded44d8a468da5e68f19da

130971 --> testing fail

Test environment and result as below:

+---------------------+----------------+
|     Environment     | dpdk_unit_test |
+=====================+================+
| CentOS Stream 9     | PASS           |
+---------------------+----------------+
| CentOS Stream 8     | PASS           |
+---------------------+----------------+
| Debian Bullseye     | PASS           |
+---------------------+----------------+
| Windows Server 2019 | FAIL           |
+---------------------+----------------+
| Debian Buster       | PASS           |
+---------------------+----------------+
| Fedora 37           | PASS           |
+---------------------+----------------+
| RHEL8               | PASS           |
+---------------------+----------------+
| Ubuntu 20.04        | PASS           |
+---------------------+----------------+
| Fedora 38           | PASS           |
+---------------------+----------------+
| openSUSE Leap 15    | PASS           |
+---------------------+----------------+
| Ubuntu 22.04        | PASS           |
+---------------------+----------------+

==== 20 line log output for Windows Server 2019 (dpdk_unit_test): ====
                                                 c h a r   * d p d k _ t e s t _ s k i p _ c p   =   s t r d u p ( d p d k _ t e s t _ s k i p ) ; 
 
                                                                                                     ^ 
 
 C : \ P r o g r a m   F i l e s   ( x 8 6 ) \ W i n d o w s   K i t s \ 1 0 \ I n c l u d e \ 1 0 . 0 . 1 8 3 6 2 . 0 \ u c r t \ s t r i n g . h : 5 3 5 : 2 0 :   n o t e :   ' s t r d u p '   h a s   b e e n   e x p l i c i t l y   m a r k e d   d e p r e c a t e d   h e r e 
 
         _ C h e c k _ r e t u r n _   _ C R T _ N O N S T D C _ D E P R E C A T E ( _ s t r d u p ) 
 
                                       ^ 
 
 C : \ P r o g r a m   F i l e s   ( x 8 6 ) \ W i n d o w s   K i t s \ 1 0 \ I n c l u d e \ 1 0 . 0 . 1 8 3 6 2 . 0 \ u c r t \ c o r e c r t . h : 3 3 5 : 5 0 :   n o t e :   e x p a n d e d   f r o m   m a c r o   ' _ C R T _ N O N S T D C _ D E P R E C A T E ' 
 
                 # d e f i n e   _ C R T _ N O N S T D C _ D E P R E C A T E ( _ N e w N a m e )   _ C R T _ D E P R E C A T E _ T E X T (                           \ 
 
                                                                                                   ^ 
 
 C : \ P r o g r a m   F i l e s   ( x 8 6 ) \ M i c r o s o f t   V i s u a l   S t u d i o \ 2 0 1 9 \ B u i l d T o o l s \ V C \ T o o l s \ M S V C \ 1 4 . 2 9 . 3 0 1 3 3 \ i n c l u d e \ v c r u n t i m e . h : 3 1 0 : 4 7 :   n o t e :   e x p a n d e d   f r o m   m a c r o   ' _ C R T _ D E P R E C A T E _ T E X T ' 
 
 # d e f i n e   _ C R T _ D E P R E C A T E _ T E X T ( _ T e x t )   _ _ d e c l s p e c ( d e p r e c a t e d ( _ T e x t ) ) 
 
                                                                                             ^ 
 
 1   e r r o r   g e n e r a t e d . 
 
 [ 1 6 / 1 0 1 ]   C o m p i l i n g   C   o b j e c t   a p p / d p d k - t e s t . e x e . p / t e s t _ t e s t _ f i b _ p e r f . c . o b j 
 
 [ 1 7 / 1 0 1 ]   C o m p i l i n g   C   o b j e c t   a p p / d p d k - t e s t . e x e . p / t e s t _ t e s t _ c m d l i n e _ p o r t l i s t . c . o b j 
 
 [ 1 8 / 1 0 1 ]   C o m p i l i n g   C   o b j e c t   a p p / d p d k - t e s t . e x e . p / t e s t _ t e s t _ b a r r i e r . c . o b j 
 
 [ 1 9 / 1 0 1 ]   C o m p i l i n g   C   o b j e c t   a p p / d p d k - t e s t . e x e . p / t e s t _ t e s t _ c m d l i n e _ i p a d d r . c . o b j 
 
 [ 2 0 / 1 0 1 ]   C o m p i l i n g   C   o b j e c t   a p p / d p d k - t e s t . e x e . p / t e s t _ t e s t _ c r c . c . o b j 
 
 n i n j a :   b u i l d   s t o p p e d :   s u b c o m m a n d   f a i l e d . 
 
 C o u l d   n o t   r e b u i l d   C : \ U s e r s \ b u i l d e r \ j e n k i n s \ w o r k s p a c e \ G e n e r i c - V M - U n i t - T e s t - D P D K \ d p d k \ b u i l d 
 
 
==== End log output ====

CentOS Stream 9
	Kernel: 4.18.0-240.10.1.el8_3.x86_64
	Compiler: gcc 11.3.1 20220421

CentOS Stream 8
	Kernel: 4.18.0-240.10.1.el8_3.x86_64
	Compiler: gcc 8.4.1 20200928

Debian Bullseye
	Kernel: 5.4.0-122-generic
	Compiler: gcc 10.2.1-6

Windows Server 2019
	Kernel: 10.0
	Compiler: clang 14.0 and gcc 8.1.0 (MinGW)

Debian Buster
	Kernel: 5.4.0-122-generic
	Compiler: gcc 8.3.0-6

Fedora 37
	Kernel: Depends on container host system
	Compiler: gcc 12.3.1

RHEL8
	Kernel: 4.18.0-240.10.1.el8_3.x86_64
	Compiler: gcc 8.3.1 20191121 (Red Hat 8.3.1-5)

Ubuntu 20.04
	Kernel: 5.4.0-153-generic
	Compiler: gcc 9.4.0-1ubuntu1~20.04.1

Fedora 38
	Kernel: Depends on container host
	Compiler: gcc 13.1.1

openSUSE Leap 15
	Kernel: 4.18.0-240.10.1.el8_3.x86_64
	Compiler: gcc 7.5.0

Ubuntu 22.04
	Kernel: 4.18.0-240.10.1.el8_3.x86_64
	Compiler: gcc 11.3.0

To view detailed results, visit:
https://lab.dpdk.org/results/dashboard/patchsets/27487/

UNH-IOL DPDK Community Lab

To manage your email subscriptions, visit: 
https://lab.dpdk.org/results/dashboard/preferences/subscriptions/


More information about the test-report mailing list