|FAILURE| [GIT MASTER] 31608e4db56893c896375288671b5ee38723a211

dpdklab at iol.unh.edu dpdklab at iol.unh.edu
Sat Feb 4 09:44:11 CET 2023


_Testing issues_

Branch: tags/v21.11

31608e4db56893c896375288671b5ee38723a211 --> testing fail

Test environment and result as below:

+-------------------------------+----------------+
|          Environment          | dpdk_unit_test |
+===============================+================+
| Ubuntu 20.04 ARM Clang Native | PASS           |
+-------------------------------+----------------+
| Ubuntu 20.04 ARM GCC Native   | PASS           |
+-------------------------------+----------------+
| Windows Server 2019           | PASS           |
+-------------------------------+----------------+
| CentOS Stream 8               | PASS           |
+-------------------------------+----------------+
| Ubuntu 22.04                  | PASS           |
+-------------------------------+----------------+
| CentOS Stream 9               | PASS           |
+-------------------------------+----------------+
| Ubuntu 20.04                  | PASS           |
+-------------------------------+----------------+
| Debian Bullseye               | PASS           |
+-------------------------------+----------------+
| RHEL 7                        | PASS           |
+-------------------------------+----------------+
| RHEL8                         | PASS           |
+-------------------------------+----------------+
| Debian Buster                 | FAIL           |
+-------------------------------+----------------+
| openSUSE Leap 15              | PASS           |
+-------------------------------+----------------+

==== 20 line log output for Debian Buster (dpdk_unit_test): ====
89/99 DPDK:fast-tests / trace_autotest        OK       0.17 s
90/99 DPDK:fast-tests / metrics_autotest      OK       0.17 s
91/99 DPDK:fast-tests / telemetry_json_autotest  OK       0.24 s
92/99 DPDK:fast-tests / telemetry_data_autotest  OK       0.17 s
93/99 DPDK:fast-tests / ring_pmd_autotest     OK       0.19 s
94/99 DPDK:fast-tests / event_eth_tx_adapter_autotest  OK       1.08 s
95/99 DPDK:fast-tests / bitratestats_autotest  OK       0.17 s
96/99 DPDK:fast-tests / latencystats_autotest  OK       0.17 s
97/99 DPDK:fast-tests / pdump_autotest        OK       5.31 s
98/99 DPDK:fast-tests / vdev_autotest         OK       0.26 s
99/99 DPDK:fast-tests / compressdev_autotest  SKIP     0.17 s

Ok:                   92
Expected Fail:         0
Fail:                  1
Unexpected Pass:       0
Skipped:               6
Timeout:               0

Full log written to /home-local/jenkins-local/jenkins-agent/workspace/Generic-Unit-Test-DPDK at 4/dpdk/build/meson-logs/testlog.txt
==== End log output ====

Ubuntu 20.04 ARM Clang Native
	Kernel: 5.4.0-53-generic
	Compiler: clang 10.0.0-4ubuntu1

Ubuntu 20.04 ARM GCC Native
	Kernel: 5.4.0-53-generic
	Compiler: gcc 9.3

Windows Server 2019
	Kernel: 10.0
	Compiler: clang 14.0 and gcc 8.1.0 (MinGW)

CentOS Stream 8
	Kernel: 4.18.0-240.10.1.el8_3.x86_64
	Compiler: gcc 8.4.1 20200928

Ubuntu 22.04
	Kernel: Container Host Kernel
	Compiler: clang 14.0.5-1.fc36

CentOS Stream 9
	Kernel: 4.18.0-240.10.1.el8_3.x86_64
	Compiler: gcc 11.3.1 20220421

Ubuntu 20.04
	Kernel: 4.18.0-240.10.1.el8_3.x86_64
	Compiler: gcc 9.3.0-17ubuntu1~20.04

Debian Bullseye
	Kernel: 5.4.0-122-generic
	Compiler: gcc 10.2.1-6

RHEL 7
	Kernel: 4.18.0-240.10.1.el8_3.x86_64
	Compiler: gcc 4.8.5 20150623 (Red Hat 4.8.5-44)

RHEL8
	Kernel: 4.18.0-240.10.1.el8_3.x86_64
	Compiler: gcc 8.3.1 20191121 (Red Hat 8.3.1-5)

Debian Buster
	Kernel: 5.4.0-122-generic
	Compiler: gcc 8.3.0-6

openSUSE Leap 15
	Kernel: 4.18.0-240.10.1.el8_3.x86_64
	Compiler: gcc 7.5.0

To view detailed results, visit:
https://lab.dpdk.org/results/dashboard/tarballs/23136/

UNH-IOL DPDK Community Lab

To manage your email subscriptions, visit: 
https://lab.dpdk.org/results/dashboard/preferences/subscriptions/


More information about the test-report mailing list