|FAILURE| pw123144-123153 [PATCH] [v1, 10/10] examples/fips_validation: add extra space in JSON buffer
dpdklab at iol.unh.edu
dpdklab at iol.unh.edu
Mon Feb 6 23:33:46 CET 2023
Test-Label: iol-aarch64-compile-testing
Test-Status: FAILURE
http://dpdk.org/patch/123153
_Testing issues_
Submitter: Gowrishankar Muthukrishnan <gmuthukrishn at marvell.com>
Date: Monday, February 06 2023 14:46:02
DPDK git baseline: Repo:dpdk
Branch: master
CommitID:796b031608d8d52e040f83304c676d3cda5af617
123144-123153 --> testing fail
Test environment and result as below:
+----------------------------------------+--------------------+
| Environment | dpdk_meson_compile |
+========================================+====================+
| Ubuntu 20.04 ARM Clang Native | PASS |
+----------------------------------------+--------------------+
| Ubuntu 20.04 ARM GCC Native | PASS |
+----------------------------------------+--------------------+
| Ubuntu 20.04 ARM GCC Cross Compile | FAIL |
+----------------------------------------+--------------------+
| Ubuntu 20.04 ARM Clang Cross Compile | FAIL |
+----------------------------------------+--------------------+
| Ubuntu 20.04 aarch32 GCC Cross Compile | FAIL |
+----------------------------------------+--------------------+
| Ubuntu 20.04 ARM SVE | PASS |
+----------------------------------------+--------------------+
==== 20 line log output for Ubuntu 20.04 aarch32 GCC Cross Compile (dpdk_meson_compile): ====
[1952/2096] Compiling C object 'examples/c590b3c@@dpdk-fips_validation at exe/fips_validation_fips_validation_aes.c.o'.
[1953/2096] Compiling C object 'examples/c590b3c@@dpdk-fips_validation at exe/fips_validation_fips_validation.c.o'.
[1954/2096] Compiling C object 'examples/c590b3c@@dpdk-fips_validation at exe/fips_validation_fips_validation_hmac.c.o'.
[1955/2096] Compiling C object 'examples/c590b3c@@dpdk-fips_validation at exe/fips_validation_fips_validation_tdes.c.o'.
[1956/2096] Compiling C object 'examples/c590b3c@@dpdk-fips_validation at exe/fips_validation_fips_validation_gcm.c.o'.
[1957/2096] Compiling C object 'examples/c590b3c@@dpdk-fips_validation at exe/fips_validation_fips_validation_cmac.c.o'.
[1958/2096] Compiling C object 'examples/c590b3c@@dpdk-helloworld at exe/helloworld_main.c.o'.
[1959/2096] Compiling C object 'examples/c590b3c@@dpdk-fips_validation at exe/fips_validation_fips_validation_ccm.c.o'.
[1960/2096] Compiling C object 'examples/c590b3c@@dpdk-fips_validation at exe/fips_validation_fips_validation_sha.c.o'.
FAILED: examples/c590b3c@@dpdk-fips_validation at exe/fips_validation_fips_validation_sha.c.o
ccache arm-linux-gnueabihf-gcc -Iexamples/c590b3c@@dpdk-fips_validation at exe -Iexamples -I../examples -Iexamples/fips_validation -I../examples/fips_validation -I../examples/common -I. -I../ -Iconfig -I../config -Ilib/eal/include -I../lib/eal/include -Ilib/eal/linux/include -I../lib/eal/linux/include -Ilib/eal/arm/include -I../lib/eal/arm/include -Ilib/eal/common -I../lib/eal/common -Ilib/eal -I../lib/eal -Ilib/kvargs -I../lib/kvargs -Ilib/telemetry/../metrics -I../lib/telemetry/../metrics -Ilib/telemetry -I../lib/telemetry -Ilib/mempool -I../lib/mempool -Ilib/ring -I../lib/ring -Ilib/net -I../lib/net -Ilib/mbuf -I../lib/mbuf -Ilib/ethdev -I../lib/ethdev -Ilib/meter -I../lib/meter -Ilib/cmdline -I../lib/cmdline -Ilib/cryptodev -I../lib/cryptodev -Ilib/rcu -I../lib/rcu -fdiagnostics-color=always -pipe -D_FILE_OFFSET_BITS=64 -Wall -Winvalid-pch -Wextra -Werror -O3 -include rte_config.h -Wcast-qual -Wdeprecated -Wformat -Wformat-nonliteral -Wformat-security -Wmissing-declarations -Wmissing-prototypes -Wnested-externs -Wold-style-definition -Wpointer-arith -Wsign-compare -Wstrict-prototypes -Wundef -Wwrite-strings -Wno-address-of-packed-member -Wno-packed-not-aligned -Wno-missing-field-initializers -Wno-pointer-to-int-cast -D_GNU_SOURCE -march=armv8-a -mfpu=neon -Wno-format-truncation -DALLOW_EXPERIMENTAL_API -MD -MQ 'examples/c590b3c@@dpdk-fips_validation at exe/fips_validation_fips_validation_sha.c.o' -MF 'examples/c590b3c@@dpdk-fips_validation at exe/fips_validation_fips_validation_sha.c.o.d' -o 'examples/c590b3c@@dpdk-fips_validation at exe/fips_validation_fips_validation_sha.c.o' -c ../examples/fips_validation/fips_validation_sha.c
../examples/fips_validation/fips_validation_sha.c:42:10: error: 'RTE_CRYPTO_AUTH_SHAKE_128' undeclared here (not in a function); did you mean 'RTE_CRYPTO_AUTH_SHA3_512'?
42 | {"16", RTE_CRYPTO_AUTH_SHAKE_128},
| ^~~~~~~~~~~~~~~~~~~~~~~~~
| RTE_CRYPTO_AUTH_SHA3_512
../examples/fips_validation/fips_validation_sha.c:43:10: error: 'RTE_CRYPTO_AUTH_SHAKE_256' undeclared here (not in a function); did you mean 'RTE_CRYPTO_AUTH_SHA3_256'?
43 | {"32", RTE_CRYPTO_AUTH_SHAKE_256},
| ^~~~~~~~~~~~~~~~~~~~~~~~~
| RTE_CRYPTO_AUTH_SHA3_256
ninja: build stopped: subcommand failed.
==== End log output ====
Ubuntu 20.04 ARM Clang Native
Kernel: 5.4.0-53-generic
Compiler: clang 10.0.0-4ubuntu1
Ubuntu 20.04 ARM GCC Native
Kernel: 5.4.0-53-generic
Compiler: gcc 9.3
Ubuntu 20.04 ARM GCC Cross Compile
Kernel: 5.4.0-72-generic
Compiler: aarch64-linux-gnu-gcc (Ubuntu 9.3.0-17ubuntu1~20.04) 9.3.0
Ubuntu 20.04 ARM Clang Cross Compile
Kernel: 5.4.0-72-generic
Compiler: clang version 10.0.0-4ubuntu1
Ubuntu 20.04 aarch32 GCC Cross Compile
Kernel: 5.4.0-72-generic
Compiler: gcc 9.3.0
Ubuntu 20.04 ARM SVE
Kernel: 5.4.0-80-generic
Compiler: gcc 10.3.0 (Ubuntu 10.3.0-1ubuntu1~20.04)
To view detailed results, visit:
https://lab.dpdk.org/results/dashboard/patchsets/25224/
UNH-IOL DPDK Community Lab
To manage your email subscriptions, visit:
https://lab.dpdk.org/results/dashboard/preferences/subscriptions/
More information about the test-report
mailing list