|FAILURE| pw123163-123174 [PATCH] [v2, 12/12] mldev: support to get debug info and test device
dpdklab at iol.unh.edu
dpdklab at iol.unh.edu
Tue Feb 7 06:41:24 CET 2023
Test-Label: iol-testing
Test-Status: FAILURE
http://dpdk.org/patch/123174
_Testing issues_
Submitter: Jerin Jacob Kollanukkaran <jerinj at marvell.com>
Date: Monday, February 06 2023 20:24:53
DPDK git baseline: Repo:dpdk
Branch: master
CommitID:796b031608d8d52e040f83304c676d3cda5af617
123163-123174 --> testing fail
Test environment and result as below:
+-------------------------------+----------------+
| Environment | dpdk_unit_test |
+===============================+================+
| Ubuntu 20.04 ARM GCC Native | PASS |
+-------------------------------+----------------+
| Ubuntu 20.04 ARM Clang Native | PASS |
+-------------------------------+----------------+
| Windows Server 2019 | PASS |
+-------------------------------+----------------+
| Debian Buster | PASS |
+-------------------------------+----------------+
| Ubuntu 22.04 | PASS |
+-------------------------------+----------------+
| CentOS Stream 9 | PASS |
+-------------------------------+----------------+
| RHEL8 | PASS |
+-------------------------------+----------------+
| CentOS Stream 8 | PASS |
+-------------------------------+----------------+
| Ubuntu 20.04 | PASS |
+-------------------------------+----------------+
| Debian Bullseye | PASS |
+-------------------------------+----------------+
| RHEL 7 | FAIL |
+-------------------------------+----------------+
| openSUSE Leap 15 | PASS |
+-------------------------------+----------------+
==== 20 line log output for RHEL 7 (dpdk_unit_test): ====
93/103 DPDK:fast-tests / telemetry_json_autotest OK 0.17 s
94/103 DPDK:fast-tests / telemetry_data_autotest OK 0.17 s
95/103 DPDK:fast-tests / table_autotest OK 7.08 s
96/103 DPDK:fast-tests / ring_pmd_autotest OK 0.17 s
97/103 DPDK:fast-tests / event_eth_tx_adapter_autotest OK 0.47 s
98/103 DPDK:fast-tests / bitratestats_autotest OK 0.17 s
99/103 DPDK:fast-tests / latencystats_autotest OK 0.17 s
100/103 DPDK:fast-tests / pdump_autotest OK 5.23 s
101/103 DPDK:fast-tests / vdev_autotest OK 0.17 s
102/103 DPDK:fast-tests / compressdev_autotest SKIP 0.17 s
103/103 DPDK:fast-tests / telemetry_all SKIP 0.01 s
Ok: 93
Expected Fail: 0
Fail: 0
Unexpected Pass: 0
Skipped: 9
Timeout: 1
Full log written to /home-local/jenkins-local/jenkins-agent/workspace/Generic-Unit-Test-DPDK at 4/dpdk/build/meson-logs/testlog.txt
==== End log output ====
Ubuntu 20.04 ARM GCC Native
Kernel: 5.4.0-53-generic
Compiler: gcc 9.3
Ubuntu 20.04 ARM Clang Native
Kernel: 5.4.0-53-generic
Compiler: clang 10.0.0-4ubuntu1
Windows Server 2019
Kernel: 10.0
Compiler: clang 14.0 and gcc 8.1.0 (MinGW)
Debian Buster
Kernel: 5.4.0-122-generic
Compiler: gcc 8.3.0-6
Ubuntu 22.04
Kernel: Container Host Kernel
Compiler: gcc 12.2.1-2
CentOS Stream 9
Kernel: 4.18.0-240.10.1.el8_3.x86_64
Compiler: gcc 11.3.1 20220421
RHEL8
Kernel: 4.18.0-240.10.1.el8_3.x86_64
Compiler: gcc 8.3.1 20191121 (Red Hat 8.3.1-5)
CentOS Stream 8
Kernel: 4.18.0-240.10.1.el8_3.x86_64
Compiler: gcc 8.4.1 20200928
Ubuntu 20.04
Kernel: 4.18.0-240.10.1.el8_3.x86_64
Compiler: gcc 9.3.0-17ubuntu1~20.04
Debian Bullseye
Kernel: 5.4.0-122-generic
Compiler: gcc 10.2.1-6
RHEL 7
Kernel: 4.18.0-240.10.1.el8_3.x86_64
Compiler: gcc 4.8.5 20150623 (Red Hat 4.8.5-44)
openSUSE Leap 15
Kernel: 4.18.0-240.10.1.el8_3.x86_64
Compiler: gcc 7.5.0
To view detailed results, visit:
https://lab.dpdk.org/results/dashboard/patchsets/25233/
UNH-IOL DPDK Community Lab
To manage your email subscriptions, visit:
https://lab.dpdk.org/results/dashboard/preferences/subscriptions/
More information about the test-report
mailing list