|FAILURE| pw123178-123185 [PATCH] [v2, 8/8] pcapng: windows compatibility
dpdklab at iol.unh.edu
dpdklab at iol.unh.edu
Tue Feb 7 12:30:05 CET 2023
Test-Label: iol-testing
Test-Status: FAILURE
http://dpdk.org/patch/123185
_Testing issues_
Submitter: Stephen Hemminger <stephen at networkplumber.org>
Date: Tuesday, February 07 2023 00:19:37
DPDK git baseline: Repo:dpdk
Branch: master
CommitID:56ee8af9fd80493a9dd888ccc01ef4f1db02e491
123178-123185 --> testing fail
Test environment and result as below:
+-------------------------------+----------------+
| Environment | dpdk_unit_test |
+===============================+================+
| Ubuntu 20.04 ARM GCC Native | PASS |
+-------------------------------+----------------+
| Ubuntu 20.04 ARM Clang Native | PASS |
+-------------------------------+----------------+
| Windows Server 2019 | FAIL |
+-------------------------------+----------------+
| Debian Buster | PASS |
+-------------------------------+----------------+
==== 20 line log output for Windows Server 2019 (dpdk_unit_test): ====
n a m e = s t r d u p ( v a l u e ) ;
^
C : \ P r o g r a m F i l e s ( x 8 6 ) \ W i n d o w s K i t s \ 1 0 \ I n c l u d e \ 1 0 . 0 . 1 8 3 6 2 . 0 \ u c r t \ s t r i n g . h : 5 3 5 : 2 0 : n o t e : ' s t r d u p ' h a s b e e n e x p l i c i t l y m a r k e d d e p r e c a t e d h e r e
_ C h e c k _ r e t u r n _ _ C R T _ N O N S T D C _ D E P R E C A T E ( _ s t r d u p )
^
C : \ P r o g r a m F i l e s ( x 8 6 ) \ W i n d o w s K i t s \ 1 0 \ I n c l u d e \ 1 0 . 0 . 1 8 3 6 2 . 0 \ u c r t \ c o r e c r t . h : 3 3 5 : 5 0 : n o t e : e x p a n d e d f r o m m a c r o ' _ C R T _ N O N S T D C _ D E P R E C A T E '
# d e f i n e _ C R T _ N O N S T D C _ D E P R E C A T E ( _ N e w N a m e ) _ C R T _ D E P R E C A T E _ T E X T ( \
^
C : \ P r o g r a m F i l e s ( x 8 6 ) \ M i c r o s o f t V i s u a l S t u d i o \ 2 0 1 9 \ B u i l d T o o l s \ V C \ T o o l s \ M S V C \ 1 4 . 2 9 . 3 0 1 3 3 \ i n c l u d e \ v c r u n t i m e . h : 3 1 0 : 4 7 : n o t e : e x p a n d e d f r o m m a c r o ' _ C R T _ D E P R E C A T E _ T E X T '
# d e f i n e _ C R T _ D E P R E C A T E _ T E X T ( _ T e x t ) _ _ d e c l s p e c ( d e p r e c a t e d ( _ T e x t ) )
^
1 e r r o r g e n e r a t e d .
[ 9 / 3 2 8 ] C o m p i l i n g C o b j e c t d r i v e r s / l i b t m p _ r t e _ b u s _ a u x i l i a r y . a . p / b u s _ a u x i l i a r y _ a u x i l i a r y _ p a r a m s . c . o b j
[ 1 0 / 3 2 8 ] G e n e r a t i n g r t e _ n e t _ v m x n e t 3 . p m d . c w i t h a c u s t o m c o m m a n d ( w r a p p e d b y m e s o n t o s e t P A T H )
[ 1 1 / 3 2 8 ] G e n e r a t i n g r t e _ n e t _ o c t e o n _ e p . p m d . c w i t h a c u s t o m c o m m a n d ( w r a p p e d b y m e s o n t o s e t P A T H )
[ 1 2 / 3 2 8 ] C o m p i l i n g C o b j e c t d r i v e r s / l i b t m p _ r t e _ c o m m o n _ i d p f . a . p / c o m m o n _ i d p f _ b a s e _ i d p f _ c o n t r o l q . c . o b j
[ 1 3 / 3 2 8 ] C o m p i l i n g C o b j e c t d r i v e r s / l i b t m p _ r t e _ c o m m o n _ i d p f . a . p / c o m m o n _ i d p f _ b a s e _ i d p f _ c o n t r o l q _ s e t u p . c . o b j
n i n j a : b u i l d s t o p p e d : s u b c o m m a n d f a i l e d .
C o u l d n o t r e b u i l d C : \ U s e r s \ b u i l d e r \ j e n k i n s \ w o r k s p a c e \ G e n e r i c - V M - U n i t - T e s t - D P D K \ d p d k \ b u i l d
==== End log output ====
Ubuntu 20.04 ARM GCC Native
Kernel: 5.4.0-53-generic
Compiler: gcc 9.3
Ubuntu 20.04 ARM Clang Native
Kernel: 5.4.0-53-generic
Compiler: clang 10.0.0-4ubuntu1
Windows Server 2019
Kernel: 10.0
Compiler: clang 14.0 and gcc 8.1.0 (MinGW)
Debian Buster
Kernel: 5.4.0-122-generic
Compiler: gcc 8.3.0-6
To view detailed results, visit:
https://lab.dpdk.org/results/dashboard/patchsets/25236/
UNH-IOL DPDK Community Lab
To manage your email subscriptions, visit:
https://lab.dpdk.org/results/dashboard/preferences/subscriptions/
More information about the test-report
mailing list