|FAILURE| pw123198-123203 [PATCH] [v9, 6/6] ethdev: add trace points for tm
dpdklab at iol.unh.edu
dpdklab at iol.unh.edu
Wed Feb 8 03:12:47 CET 2023
Test-Label: iol-x86_64-compile-testing
Test-Status: FAILURE
http://dpdk.org/patch/123203
_Testing issues_
Submitter: Ankur Dwivedi <adwivedi at marvell.com>
Date: Tuesday, February 07 2023 06:32:54
DPDK git baseline: Repo:dpdk
Branch: master
CommitID:56ee8af9fd80493a9dd888ccc01ef4f1db02e491
123198-123203 --> testing fail
Test environment and result as below:
+------------------+--------------------+
| Environment | dpdk_meson_compile |
+==================+====================+
| FreeBSD 13 | PASS |
+------------------+--------------------+
| CentOS Stream 8 | PASS |
+------------------+--------------------+
| RHEL 7 | FAIL |
+------------------+--------------------+
| CentOS Stream 9 | PASS |
+------------------+--------------------+
| Debian Buster | PASS |
+------------------+--------------------+
| Debian Bullseye | PASS |
+------------------+--------------------+
| Ubuntu 22.04 | PASS |
+------------------+--------------------+
| openSUSE Leap 15 | PASS |
+------------------+--------------------+
| RHEL8 | PASS |
+------------------+--------------------+
| Ubuntu 20.04 | PASS |
+------------------+--------------------+
==== 20 line log output for RHEL 7 (dpdk_meson_compile): ====
[124/3136] Generating symbol file 'lib/76b5a35@@rte_net at sha/librte_net.so.23.1.symbols'.
[125/3136] Compiling C object 'lib/76b5a35@@rte_meter at sta/meter_rte_meter.c.o'.
[126/3136] Linking static target lib/librte_meter.a.
[127/3136] Generating meter.sym_chk with a meson_exe.py custom command.
[128/3136] Compiling C object 'lib/76b5a35@@rte_ethdev at sta/ethdev_ethdev_driver.c.o'.
[129/3136] Linking target lib/librte_meter.so.23.1.
[130/3136] Generating symbol file 'lib/76b5a35@@rte_meter at sha/librte_meter.so.23.1.symbols'.
[131/3136] Compiling C object 'lib/76b5a35@@rte_ethdev at sta/ethdev_ethdev_private.c.o'.
[132/3136] Compiling C object 'lib/76b5a35@@rte_eventdev at sta/eventdev_rte_eventdev.c.o'.
[133/3136] Compiling C object 'lib/76b5a35@@rte_ethdev at sta/ethdev_ethdev_trace_points.c.o'.
[134/3136] Compiling C object 'lib/76b5a35@@rte_ethdev at sta/ethdev_rte_class_eth.c.o'.
[135/3136] Compiling C object 'lib/76b5a35@@rte_ethdev at sta/ethdev_rte_ethdev.c.o'.
FAILED: lib/76b5a35@@rte_ethdev at sta/ethdev_rte_ethdev.c.o
ccache cc -Ilib/76b5a35@@rte_ethdev at sta -Ilib -I../lib -Ilib/ethdev -I../lib/ethdev -I. -I../ -Iconfig -I../config -Ilib/eal/include -I../lib/eal/include -Ilib/eal/linux/include -I../lib/eal/linux/include -Ilib/eal/x86/include -I../lib/eal/x86/include -Ilib/eal/common -I../lib/eal/common -Ilib/eal -I../lib/eal -Ilib/kvargs -I../lib/kvargs -Ilib/telemetry/../metrics -I../lib/telemetry/../metrics -Ilib/telemetry -I../lib/telemetry -Ilib/net -I../lib/net -Ilib/mbuf -I../lib/mbuf -Ilib/mempool -I../lib/mempool -Ilib/ring -I../lib/ring -Ilib/meter -I../lib/meter -pipe -D_FILE_OFFSET_BITS=64 -Wall -Winvalid-pch -Wextra -Werror -O3 -include rte_config.h -Wcast-qual -Wdeprecated -Wformat -Wformat-nonliteral -Wformat-security -Wmissing-declarations -Wmissing-prototypes -Wnested-externs -Wold-style-definition -Wpointer-arith -Wsign-compare -Wstrict-prototypes -Wundef -Wwrite-strings -Wno-missing-field-initializers -D_GNU_SOURCE -fPIC -march=native -DALLOW_EXPERIMENTAL_API -DALLOW_INTERNAL_API -DRTE_LOG_DEFAULT_LOGTYPE=lib.ethdev -MD -MQ 'lib/76b5a35@@rte_ethdev at sta/ethdev_rte_ethdev.c.o' -MF 'lib/76b5a35@@rte_ethdev at sta/ethdev_rte_ethdev.c.o.d' -o 'lib/76b5a35@@rte_ethdev at sta/ethdev_rte_ethdev.c.o' -c ../lib/ethdev/rte_ethdev.c
../lib/ethdev/rte_ethdev.c: In function 'rte_eth_xstats_get_names':
../lib/ethdev/rte_ethdev.c:3260:2: error: 'for' loop initial declarations are only allowed in C99 mode
for (int i = 0; i < cnt_used_entries; i++)
^
../lib/ethdev/rte_ethdev.c:3260:2: note: use option -std=c99 or -std=gnu99 to compile your code
ninja: build stopped: subcommand failed.
==== End log output ====
FreeBSD 13
Kernel: 13.0
Compiler: clang 11.0.1
CentOS Stream 8
Kernel: 4.18.0-240.10.1.el8_3.x86_64
Compiler: gcc 8.4.1 20200928
RHEL 7
Kernel: 4.18.0-240.10.1.el8_3.x86_64
Compiler: gcc 4.8.5 20150623 (Red Hat 4.8.5-44)
CentOS Stream 9
Kernel: 4.18.0-240.10.1.el8_3.x86_64
Compiler: gcc 11.3.1 20220421
Debian Buster
Kernel: 5.4.0-122-generic
Compiler: gcc 8.3.0-6
Debian Bullseye
Kernel: 5.4.0-122-generic
Compiler: gcc 10.2.1-6
Ubuntu 22.04
Kernel: Container Host Kernel
Compiler: clang 14.0.5-1.fc36
openSUSE Leap 15
Kernel: 4.18.0-240.10.1.el8_3.x86_64
Compiler: gcc 7.5.0
RHEL8
Kernel: 4.18.0-240.10.1.el8_3.x86_64
Compiler: gcc 8.3.1 20191121 (Red Hat 8.3.1-5)
Ubuntu 20.04
Kernel: 4.18.0-240.10.1.el8_3.x86_64
Compiler: gcc 9.3.0-17ubuntu1~20.04
To view detailed results, visit:
https://lab.dpdk.org/results/dashboard/patchsets/25240/
UNH-IOL DPDK Community Lab
To manage your email subscriptions, visit:
https://lab.dpdk.org/results/dashboard/preferences/subscriptions/
More information about the test-report
mailing list