|FAILURE| pw123361 [PATCH] [V4] pipeline: add RSS support
dpdklab at iol.unh.edu
dpdklab at iol.unh.edu
Wed Feb 8 19:08:44 CET 2023
Test-Label: iol-testing
Test-Status: FAILURE
http://dpdk.org/patch/123361
_Testing issues_
Submitter: Cristian Dumitrescu <cristian.dumitrescu at intel.com>
Date: Tuesday, February 07 2023 16:41:45
DPDK git baseline: Repo:dpdk
Branch: master
CommitID:56ee8af9fd80493a9dd888ccc01ef4f1db02e491
123361 --> testing fail
Test environment and result as below:
+-------------------------------+----------------+
| Environment | dpdk_unit_test |
+===============================+================+
| Ubuntu 20.04 ARM GCC Native | PASS |
+-------------------------------+----------------+
| Ubuntu 20.04 ARM Clang Native | PASS |
+-------------------------------+----------------+
| Windows Server 2019 | PASS |
+-------------------------------+----------------+
| Ubuntu 20.04 | PASS |
+-------------------------------+----------------+
| RHEL 7 | PASS |
+-------------------------------+----------------+
| CentOS Stream 8 | PASS |
+-------------------------------+----------------+
| Ubuntu 22.04 | PASS |
+-------------------------------+----------------+
| openSUSE Leap 15 | PASS |
+-------------------------------+----------------+
| Debian Buster | PASS |
+-------------------------------+----------------+
| RHEL8 | PASS |
+-------------------------------+----------------+
| Debian Bullseye | FAIL |
+-------------------------------+----------------+
| CentOS Stream 9 | PASS |
+-------------------------------+----------------+
==== 20 line log output for Debian Bullseye (dpdk_unit_test): ====
93/103 DPDK:fast-tests / telemetry_json_autotest OK 0.17 s
94/103 DPDK:fast-tests / telemetry_data_autotest OK 0.20 s
95/103 DPDK:fast-tests / table_autotest OK 11.70 s
96/103 DPDK:fast-tests / ring_pmd_autotest OK 0.17 s
97/103 DPDK:fast-tests / event_eth_tx_adapter_autotest OK 1.11 s
98/103 DPDK:fast-tests / bitratestats_autotest OK 0.29 s
99/103 DPDK:fast-tests / latencystats_autotest OK 0.17 s
100/103 DPDK:fast-tests / pdump_autotest OK 5.43 s
101/103 DPDK:fast-tests / vdev_autotest OK 0.17 s
102/103 DPDK:fast-tests / compressdev_autotest SKIP 0.31 s
103/103 DPDK:fast-tests / telemetry_all SKIP 0.01 s
Ok: 93
Expected Fail: 0
Fail: 1
Unexpected Pass: 0
Skipped: 9
Timeout: 0
Full log written to /home-local/jenkins-local/jenkins-agent/workspace/Generic-Unit-Test-DPDK at 3/dpdk/build/meson-logs/testlog.txt
==== End log output ====
Ubuntu 20.04 ARM GCC Native
Kernel: 5.4.0-53-generic
Compiler: gcc 9.3
Ubuntu 20.04 ARM Clang Native
Kernel: 5.4.0-53-generic
Compiler: clang 10.0.0-4ubuntu1
Windows Server 2019
Kernel: 10.0
Compiler: clang 14.0 and gcc 8.1.0 (MinGW)
Ubuntu 20.04
Kernel: 4.18.0-240.10.1.el8_3.x86_64
Compiler: gcc 9.3.0-17ubuntu1~20.04
RHEL 7
Kernel: 4.18.0-240.10.1.el8_3.x86_64
Compiler: gcc 4.8.5 20150623 (Red Hat 4.8.5-44)
CentOS Stream 8
Kernel: 4.18.0-240.10.1.el8_3.x86_64
Compiler: gcc 8.4.1 20200928
Ubuntu 22.04
Kernel: Container Host Kernel
Compiler: clang 14.0.5-1.fc36
openSUSE Leap 15
Kernel: 4.18.0-240.10.1.el8_3.x86_64
Compiler: gcc 7.5.0
Debian Buster
Kernel: 5.4.0-122-generic
Compiler: gcc 8.3.0-6
RHEL8
Kernel: 4.18.0-240.10.1.el8_3.x86_64
Compiler: gcc 8.3.1 20191121 (Red Hat 8.3.1-5)
Debian Bullseye
Kernel: 5.4.0-122-generic
Compiler: gcc 10.2.1-6
CentOS Stream 9
Kernel: 4.18.0-240.10.1.el8_3.x86_64
Compiler: gcc 11.3.1 20220421
To view detailed results, visit:
https://lab.dpdk.org/results/dashboard/patchsets/25269/
UNH-IOL DPDK Community Lab
To manage your email subscriptions, visit:
https://lab.dpdk.org/results/dashboard/preferences/subscriptions/
More information about the test-report
mailing list