|FAILURE| [GIT MASTER] 31608e4db56893c896375288671b5ee38723a211
dpdklab at iol.unh.edu
dpdklab at iol.unh.edu
Thu Feb 9 10:37:06 CET 2023
_Testing issues_
Branch: tags/v21.11
31608e4db56893c896375288671b5ee38723a211 --> testing fail
Test environment and result as below:
+-------------------------------+----------------+
| Environment | dpdk_unit_test |
+===============================+================+
| Ubuntu 20.04 ARM GCC Native | PASS |
+-------------------------------+----------------+
| Ubuntu 20.04 ARM Clang Native | PASS |
+-------------------------------+----------------+
| Windows Server 2019 | PASS |
+-------------------------------+----------------+
| CentOS Stream 9 | PASS |
+-------------------------------+----------------+
| Debian Bullseye | PASS |
+-------------------------------+----------------+
| CentOS Stream 8 | PASS |
+-------------------------------+----------------+
| Ubuntu 22.04 | FAIL |
+-------------------------------+----------------+
==== 20 line log output for Ubuntu 22.04 (dpdk_unit_test): ====
89/99 DPDK:fast-tests / trace_autotest OK 0.17 s
90/99 DPDK:fast-tests / metrics_autotest OK 0.28 s
91/99 DPDK:fast-tests / telemetry_json_autotest OK 0.24 s
92/99 DPDK:fast-tests / telemetry_data_autotest OK 0.17 s
93/99 DPDK:fast-tests / ring_pmd_autotest OK 0.17 s
94/99 DPDK:fast-tests / event_eth_tx_adapter_autotest OK 0.86 s
95/99 DPDK:fast-tests / bitratestats_autotest OK 0.17 s
96/99 DPDK:fast-tests / latencystats_autotest OK 0.19 s
97/99 DPDK:fast-tests / pdump_autotest OK 5.23 s
98/99 DPDK:fast-tests / vdev_autotest OK 0.22 s
99/99 DPDK:fast-tests / compressdev_autotest SKIP 0.23 s
Ok: 92
Expected Fail: 0
Fail: 1
Unexpected Pass: 0
Skipped: 6
Timeout: 0
Full log written to /home-local/jenkins-local/jenkins-agent/workspace/Generic-Unit-Test-DPDK at 2/dpdk/build/meson-logs/testlog.txt
==== End log output ====
Ubuntu 20.04 ARM GCC Native
Kernel: 5.4.0-53-generic
Compiler: gcc 9.3
Ubuntu 20.04 ARM Clang Native
Kernel: 5.4.0-53-generic
Compiler: clang 10.0.0-4ubuntu1
Windows Server 2019
Kernel: 10.0
Compiler: clang 14.0 and gcc 8.1.0 (MinGW)
CentOS Stream 9
Kernel: 4.18.0-240.10.1.el8_3.x86_64
Compiler: gcc 11.3.1 20220421
Debian Bullseye
Kernel: 5.4.0-122-generic
Compiler: gcc 10.2.1-6
CentOS Stream 8
Kernel: 4.18.0-240.10.1.el8_3.x86_64
Compiler: gcc 8.4.1 20200928
Ubuntu 22.04
Kernel: Container Host Kernel
Compiler: gcc 12.2.1-2
To view detailed results, visit:
https://lab.dpdk.org/results/dashboard/tarballs/23214/
UNH-IOL DPDK Community Lab
To manage your email subscriptions, visit:
https://lab.dpdk.org/results/dashboard/preferences/subscriptions/
More information about the test-report
mailing list