|FAILURE| pw123442 [PATCH] net/ice: fix ice dcf contrl thread crash

dpdklab at iol.unh.edu dpdklab at iol.unh.edu
Thu Feb 9 13:01:37 CET 2023


Test-Label: iol-testing
Test-Status: FAILURE
http://dpdk.org/patch/123442

_Testing issues_

Submitter: Ke Zhang <ke1x.zhang at intel.com>
Date: Wednesday, February 08 2023 08:30:05 
DPDK git baseline: Repo:dpdk
  Branch: master
  CommitID:a0c837ad1fb5b6a8b10a284ffeb5f9e31bd8ff00

123442 --> testing fail

Test environment and result as below:

+-------------------------------+----------------+
|          Environment          | dpdk_unit_test |
+===============================+================+
| Ubuntu 20.04 ARM GCC Native   | PASS           |
+-------------------------------+----------------+
| Ubuntu 20.04 ARM Clang Native | PASS           |
+-------------------------------+----------------+
| Windows Server 2019           | FAIL           |
+-------------------------------+----------------+
| Ubuntu 20.04                  | PASS           |
+-------------------------------+----------------+
| Ubuntu 22.04                  | PASS           |
+-------------------------------+----------------+
| RHEL8                         | PASS           |
+-------------------------------+----------------+

==== 20 line log output for Windows Server 2019 (dpdk_unit_test): ====
 [ 1 / 1 8 1 ]   C o m p i l i n g   C   o b j e c t   d r i v e r s / n e t / i c e / b a s e / l i b i c e _ b a s e . a . p / i c e _ i m e m . c . o b j 
 
 [ 2 / 1 8 1 ]   C o m p i l i n g   C   o b j e c t   d r i v e r s / l i b t m p _ r t e _ n e t _ i c e . a . p / n e t _ i c e _ i c e _ d c f . c . o b j 
 
 F A I L E D :   d r i v e r s / l i b t m p _ r t e _ n e t _ i c e . a . p / n e t _ i c e _ i c e _ d c f . c . o b j   
 
 " c l a n g "   " - I d r i v e r s \ l i b t m p _ r t e _ n e t _ i c e . a . p "   " - I d r i v e r s "   " - I . . \ d r i v e r s "   " - I d r i v e r s \ n e t \ i c e "   " - I . . \ d r i v e r s \ n e t \ i c e "   " - I d r i v e r s \ n e t \ i c e \ b a s e "   " - I . . \ d r i v e r s \ n e t \ i c e \ b a s e "   " - I d r i v e r s \ c o m m o n \ i a v f "   " - I . . \ d r i v e r s \ c o m m o n \ i a v f "   " - I l i b \ e t h d e v "   " - I . . \ l i b \ e t h d e v "   " - I . "   " - I . . "   " - I c o n f i g "   " - I . . \ c o n f i g "   " - I l i b \ e a l \ i n c l u d e "   " - I . . \ l i b \ e a l \ i n c l u d e "   " - I l i b \ e a l \ w i n d o w s \ i n c l u d e "   " - I . . \ l i b \ e a l \ w i n d o w s \ i n c l u d e "   " - I l i b \ e a l \ x 8 6 \ i n c l u d e "   " - I . . \ l i b \ e a l \ x 8 6 \ i n c l u d e "   " - I l i b \ e a l \ c o m m o n "   " - I . . \ l i b \ e a l \ c o m m o n "   " - I l i b \ e a l "   " - I . . \ l i b \ e a l "   " - I l i b \ k v a r g s "   " - I . . \ l i b \ k v a r g s "   " - I l i b \ n e t "   " - I . . \ l i b \ n e t "   " - I l i b \ m b u f "   " - I . . \ l i b \ m b u f "   " - I l i b \ m e m p o o l "   " - I . . \ l i b \ m e m p o o l "   " - I l i b \ r i n g "   " - I . . \ l i b \ r i n g "   " - I l i b \ m e t r i c s "   " - I . . \ l i b \ m e t r i c s "   " - I l i b \ t e l e m e t r y "   " - I . . \ l i b \ t e l e m e t r y "   " - I l i b \ m e t e r "   " - I . . \ l i b \ m e t e r "   " - I d r i v e r s \ b u s \ p c i "   " - I . . \ d r i v e r s \ b u s \ p c i "   " - I . . \ d r i v e r s \ b u s \ p c i \ w i n d o w s "   " - I l i b \ p c i "   " - I . . \ l i b \ p c i "   " - I d r i v e r s \ b u s \ v d e v "   " - I . . \ d r i v e r s \ b u s \ v d e v "   " - I l i b \ h a s h "   " - I . . \ l i b \ h a s h "   " - I l i b \ r c u "   " - I . . \ l i b \ r c u "   " - X c l a n g "   " - f c o l o r - d i a g n o s t i c s "   " - p i p e "   " - D _ F I L E _ O F F S E T _ B I T S = 6 4 "   " - W a l l "   " - W i n v a l i d - p c h "   " - W e x t r a "   " - W e r r o r "   " - O 3 "   " - i n c l u d e "   " r t e _ c o n f i g . h "   " - W c a s t - q u a l "   " - W d e p r e c a t e d "   " - W f o r m a t "   " - W f o r m a t - n o n l i t e r a l "   " - W f o r m a t - s e c u r i t y "   " - W m i s s i n g - d e c l a r a t i o n s "   " - W m i s s i n g - p r o t o t y p e s "   " - W n e s t e d - e x t e r n s "   " - W o l d - s t y l e - d e f i n i t i o n "   " - W p o i n t e r - a r i t h "   " - W s i g n - c o m p a r e "   " - W s t r i c t - p r o t o t y p e s "   " - W u n d e f "   " - W w r i t e - s t r i n g s "   " - W n o - a d d r e s s - o f - p a c k e d - m e m b e r "   " - W n o - m i s s i n g - f i e l d - i n i t i a l i z e r s "   " - D _ G N U _ S O U R C E "   " - D _ W I N 3 2 _ W I N N T = 0 x 0 A 0 0 "   " - D _ C R T _ S E C U R E _ N O _ W A R N I N G S "   " - m a r c h = n a t i v e "   " - D A L L O W _ E X P E R I M E N T A L _ A P I "   " - D A L L O W _ I N T E R N A L _ A P I "   " - D C C _ A V X 2 _ S U P P O R T "   " - D C C _ A V X 5 1 2 _ S U P P O R T "   " - D R T E _ L O G _ D E F A U L T _ L O G T Y P E = p m d . n e t . i c e "   - M D   - M Q   d r i v e r s / l i b t m p _ r t e _ n e t _ i c e . a . p / n e t _ i c e _ i c e _ d c f . c . o b j   - M F   " d r i v e r s \ l i b t m p _ r t e _ n e t _ i c e . a . p \ n e t _ i c e _ i c e _ d c f . c . o b j . d "   - o   d r i v e r s / l i b t m p _ r t e _ n e t _ i c e . a . p / n e t _ i c e _ i c e _ d c f . c . o b j   " - c "   . . / d r i v e r s / n e t / i c e / i c e _ d c f . c 
 
 . . / d r i v e r s / n e t / i c e / i c e _ d c f . c : 5 4 7 : 4 :   e r r o r :   i m p l i c i t   d e c l a r a t i o n   o f   f u n c t i o n   ' p t h r e a d _ e x i t '   i s   i n v a l i d   i n   C 9 9   [ - W e r r o r , - W i m p l i c i t - f u n c t i o n - d e c l a r a t i o n ] 
 
                                                 p t h r e a d _ e x i t ( N U L L ) ; 
 
                                                 ^ 
 
 . . / d r i v e r s / n e t / i c e / i c e _ d c f . c : 5 4 7 : 4 :   n o t e :   d i d   y o u   m e a n   ' p t h r e a d _ j o i n ' ? 
 
 . . \ l i b \ e a l \ w i n d o w s \ i n c l u d e \ p t h r e a d . h : 1 5 3 : 1 :   n o t e :   ' p t h r e a d _ j o i n '   d e c l a r e d   h e r e 
 
 p t h r e a d _ j o i n ( _ _ r t e _ u n u s e d   p t h r e a d _ t   t h r e a d , 
 
 ^ 
 
 1   e r r o r   g e n e r a t e d . 
 
 [ 3 / 1 8 1 ]   C o m p i l i n g   C   o b j e c t   d r i v e r s / l i b t m p _ r t e _ n e t _ i c e . a . p / n e t _ i c e _ i c e _ h a s h . c . o b j 
 
 [ 4 / 1 8 1 ]   C o m p i l i n g   C   o b j e c t   d r i v e r s / n e t / i c e / b a s e / l i b i c e _ b a s e . a . p / i c e _ d d p . c . o b j 
 
 [ 5 / 1 8 1 ]   C o m p i l i n g   C   o b j e c t   d r i v e r s / l i b t m p _ r t e _ n e t _ i c e . a . p / n e t _ i c e _ i c e _ d c f _ s c h e d . c . o b j 
 
 [ 6 / 1 8 1 ]   C o m p i l i n g   C   o b j e c t   d r i v e r s / n e t / i c e / b a s e / l i b i c e _ b a s e . a . p / i c e _ p r o t o _ g r p . c . o b j 
 
 [ 7 / 1 8 1 ]   C o m p i l i n g   C   o b j e c t   d r i v e r s / l i b t m p _ r t e _ n e t _ i x g b e . a . p / n e t _ i x g b e _ i x g b e _ e t h d e v . c . o b j 
 
 n i n j a :   b u i l d   s t o p p e d :   s u b c o m m a n d   f a i l e d . 
 
 C o u l d   n o t   r e b u i l d   C : \ U s e r s \ b u i l d e r \ j e n k i n s \ w o r k s p a c e \ G e n e r i c - V M - U n i t - T e s t - D P D K \ d p d k \ b u i l d 
 
 
==== End log output ====

Ubuntu 20.04 ARM GCC Native
	Kernel: 5.4.0-53-generic
	Compiler: gcc 9.3

Ubuntu 20.04 ARM Clang Native
	Kernel: 5.4.0-53-generic
	Compiler: clang 10.0.0-4ubuntu1

Windows Server 2019
	Kernel: 10.0
	Compiler: clang 14.0 and gcc 8.1.0 (MinGW)

Ubuntu 20.04
	Kernel: 4.18.0-240.10.1.el8_3.x86_64
	Compiler: gcc 9.3.0-17ubuntu1~20.04

Ubuntu 22.04
	Kernel: Container Host Kernel
	Compiler: clang 14.0.5-1.fc36

RHEL8
	Kernel: 4.18.0-240.10.1.el8_3.x86_64
	Compiler: gcc 8.3.1 20191121 (Red Hat 8.3.1-5)

To view detailed results, visit:
https://lab.dpdk.org/results/dashboard/patchsets/25288/

UNH-IOL DPDK Community Lab

To manage your email subscriptions, visit: 
https://lab.dpdk.org/results/dashboard/preferences/subscriptions/


More information about the test-report mailing list