|FAILURE| pw123419-123423 [PATCH] [5/5] ipsec: fix usage of RTE_LOGTYPE_USER1
dpdklab at iol.unh.edu
dpdklab at iol.unh.edu
Fri Feb 10 09:26:23 CET 2023
Test-Label: iol-aarch64-compile-testing
Test-Status: FAILURE
http://dpdk.org/patch/123423
_Testing issues_
Submitter: Stephen Hemminger <stephen at networkplumber.org>
Date: Wednesday, February 08 2023 04:48:25
DPDK git baseline: Repo:dpdk
Branch: master
CommitID:a0c837ad1fb5b6a8b10a284ffeb5f9e31bd8ff00
123419-123423 --> testing fail
Test environment and result as below:
+----------------------------------------+--------------------+
| Environment | dpdk_meson_compile |
+========================================+====================+
| Ubuntu 20.04 ARM GCC Native | FAIL |
+----------------------------------------+--------------------+
| Ubuntu 20.04 ARM Clang Native | FAIL |
+----------------------------------------+--------------------+
| Ubuntu 20.04 ARM GCC Cross Compile | FAIL |
+----------------------------------------+--------------------+
| Ubuntu 20.04 ARM Clang Cross Compile | FAIL |
+----------------------------------------+--------------------+
| Ubuntu 20.04 aarch32 GCC Cross Compile | FAIL |
+----------------------------------------+--------------------+
| Ubuntu 20.04 ARM SVE | FAIL |
+----------------------------------------+--------------------+
==== 20 line log output for Ubuntu 20.04 ARM SVE (dpdk_meson_compile): ====
[244/634] Compiling C object 'lib/76b5a35@@rte_eventdev at sta/eventdev_rte_event_timer_adapter.c.o'.
[245/634] Compiling C object 'lib/76b5a35@@rte_eventdev at sta/eventdev_rte_eventdev.c.o'.
[246/634] Linking static target lib/librte_eventdev.a.
[247/634] Generating eventdev.sym_chk with a meson_exe.py custom command.
[248/634] Compiling C object 'lib/76b5a35@@rte_ip_frag at sta/ip_frag_rte_ipv6_fragmentation.c.o'.
[249/634] Compiling C object 'lib/76b5a35@@rte_ip_frag at sta/ip_frag_rte_ipv4_fragmentation.c.o'.
[250/634] Compiling C object 'lib/76b5a35@@rte_ip_frag at sta/ip_frag_rte_ipv4_reassembly.c.o'.
[251/634] Linking target lib/librte_eventdev.so.23.1.
[252/634] Generating symbol file 'lib/76b5a35@@rte_eventdev at sha/librte_eventdev.so.23.1.symbols'.
[253/634] Compiling C object 'lib/76b5a35@@rte_ip_frag at sta/ip_frag_rte_ipv6_reassembly.c.o'.
[254/634] Compiling C object 'lib/76b5a35@@rte_ip_frag at sta/ip_frag_rte_ip_frag_common.c.o'.
[255/634] Compiling C object 'lib/76b5a35@@rte_ip_frag at sta/ip_frag_ip_frag_internal.c.o'.
FAILED: lib/76b5a35@@rte_ip_frag at sta/ip_frag_ip_frag_internal.c.o
gcc-10 -Ilib/76b5a35@@rte_ip_frag at sta -Ilib -I../lib -Ilib/ip_frag -I../lib/ip_frag -I. -I../ -Iconfig -I../config -Ilib/eal/include -I../lib/eal/include -Ilib/eal/linux/include -I../lib/eal/linux/include -Ilib/eal/arm/include -I../lib/eal/arm/include -Ilib/eal/common -I../lib/eal/common -Ilib/eal -I../lib/eal -Ilib/kvargs -I../lib/kvargs -I../lib/telemetry/../metrics -Ilib/telemetry -I../lib/telemetry -Ilib/ethdev -I../lib/ethdev -Ilib/net -I../lib/net -Ilib/mbuf -I../lib/mbuf -Ilib/mempool -I../lib/mempool -Ilib/ring -I../lib/ring -Ilib/meter -I../lib/meter -Ilib/hash -I../lib/hash -Ilib/rcu -I../lib/rcu -fdiagnostics-color=always -pipe -D_FILE_OFFSET_BITS=64 -Wall -Winvalid-pch -Wextra -Werror -O3 -include rte_config.h -Wcast-qual -Wdeprecated -Wformat -Wformat-nonliteral -Wformat-security -Wmissing-declarations -Wmissing-prototypes -Wnested-externs -Wold-style-definition -Wpointer-arith -Wsign-compare -Wstrict-prototypes -Wundef -Wwrite-strings -Wno-address-of-packed-member -Wno-packed-not-aligned -Wno-missing-field-initializers -Wno-zero-length-bounds -D_GNU_SOURCE -fPIC -march=armv8.2-a+crypto+sve -DALLOW_EXPERIMENTAL_API -DALLOW_INTERNAL_API -Wno-format-truncation -DRTE_LOG_DEFAULT_LOGTYPE=lib.ip_frag -MD -MQ 'lib/76b5a35@@rte_ip_frag at sta/ip_frag_ip_frag_internal.c.o' -MF 'lib/76b5a35@@rte_ip_frag at sta/ip_frag_ip_frag_internal.c.o.d' -o 'lib/76b5a35@@rte_ip_frag at sta/ip_frag_ip_frag_internal.c.o' -c ../lib/ip_frag/ip_frag_internal.c
../lib/ip_frag/ip_frag_internal.c: In function 'ip_frag_process':
../lib/ip_frag/ip_frag_internal.c:185:9: error: missing terminating " character [-Werror]
185 | "last fragment: ofs: %u, len: %u\n,
| ^
cc1: all warnings being treated as errors
ninja: build stopped: subcommand failed.
==== End log output ====
Ubuntu 20.04 ARM GCC Native
Kernel: 5.4.0-53-generic
Compiler: gcc 9.3
Ubuntu 20.04 ARM Clang Native
Kernel: 5.4.0-53-generic
Compiler: clang 10.0.0-4ubuntu1
Ubuntu 20.04 ARM GCC Cross Compile
Kernel: 5.4.0-72-generic
Compiler: aarch64-linux-gnu-gcc (Ubuntu 9.3.0-17ubuntu1~20.04) 9.3.0
Ubuntu 20.04 ARM Clang Cross Compile
Kernel: 5.4.0-72-generic
Compiler: clang version 10.0.0-4ubuntu1
Ubuntu 20.04 aarch32 GCC Cross Compile
Kernel: 5.4.0-72-generic
Compiler: gcc 9.3.0
Ubuntu 20.04 ARM SVE
Kernel: 5.4.0-80-generic
Compiler: gcc 10.3.0 (Ubuntu 10.3.0-1ubuntu1~20.04)
To view detailed results, visit:
https://lab.dpdk.org/results/dashboard/patchsets/25284/
UNH-IOL DPDK Community Lab
To manage your email subscriptions, visit:
https://lab.dpdk.org/results/dashboard/preferences/subscriptions/
More information about the test-report
mailing list