|FAILURE| pw123419-123423 [PATCH] [5/5] ipsec: fix usage of RTE_LOGTYPE_USER1

dpdklab at iol.unh.edu dpdklab at iol.unh.edu
Sun Feb 12 13:17:08 CET 2023


Test-Label: iol-x86_64-unit-testing
Test-Status: FAILURE
http://dpdk.org/patch/123423

_Testing issues_

Submitter: Stephen Hemminger <stephen at networkplumber.org>
Date: Wednesday, February 08 2023 04:48:25 
DPDK git baseline: Repo:dpdk
  Branch: master
  CommitID:a0c837ad1fb5b6a8b10a284ffeb5f9e31bd8ff00

123419-123423 --> testing fail

Test environment and result as below:

+---------------------+----------------+
|     Environment     | dpdk_unit_test |
+=====================+================+
| Windows Server 2019 | PASS           |
+---------------------+----------------+
| CentOS Stream 9     | FAIL           |
+---------------------+----------------+
| CentOS Stream 8     | FAIL           |
+---------------------+----------------+
| Debian Bullseye     | FAIL           |
+---------------------+----------------+
| Ubuntu 22.04        | FAIL           |
+---------------------+----------------+
| RHEL 7              | FAIL           |
+---------------------+----------------+
| Ubuntu 20.04        | FAIL           |
+---------------------+----------------+
| RHEL8               | FAIL           |
+---------------------+----------------+
| openSUSE Leap 15    | FAIL           |
+---------------------+----------------+
| Debian Buster       | FAIL           |
+---------------------+----------------+

==== 20 line log output for Debian Buster (dpdk_unit_test): ====
[284/3125] Linking static target lib/librte_gso.a.
[285/3125] Compiling C object 'lib/76b5a35@@rte_ip_frag at sta/ip_frag_rte_ipv6_fragmentation.c.o'.
[286/3125] Compiling C object 'lib/76b5a35@@rte_ip_frag at sta/ip_frag_rte_ipv4_fragmentation.c.o'.
[287/3125] Generating gso.sym_chk with a meson_exe.py custom command.
[288/3125] Linking target lib/librte_gso.so.23.1.
[289/3125] Compiling C object 'lib/76b5a35@@rte_ip_frag at sta/ip_frag_rte_ipv4_reassembly.c.o'.
[290/3125] Generating symbol file 'lib/76b5a35@@rte_gso at sha/librte_gso.so.23.1.symbols'.
[291/3125] Compiling C object 'lib/76b5a35@@rte_ip_frag at sta/ip_frag_rte_ipv6_reassembly.c.o'.
[292/3125] Compiling C object 'lib/76b5a35@@rte_ip_frag at sta/ip_frag_ip_frag_internal.c.o'.
FAILED: lib/76b5a35@@rte_ip_frag at sta/ip_frag_ip_frag_internal.c.o
ccache cc -Ilib/76b5a35@@rte_ip_frag at sta -Ilib -I../lib -Ilib/ip_frag -I../lib/ip_frag -I. -I../ -Iconfig -I../config -Ilib/eal/include -I../lib/eal/include -Ilib/eal/linux/include -I../lib/eal/linux/include -Ilib/eal/x86/include -I../lib/eal/x86/include -Ilib/eal/common -I../lib/eal/common -Ilib/eal -I../lib/eal -Ilib/kvargs -I../lib/kvargs -Ilib/telemetry/../metrics -I../lib/telemetry/../metrics -Ilib/telemetry -I../lib/telemetry -Ilib/ethdev -I../lib/ethdev -Ilib/net -I../lib/net -Ilib/mbuf -I../lib/mbuf -Ilib/mempool -I../lib/mempool -Ilib/ring -I../lib/ring -Ilib/meter -I../lib/meter -Ilib/hash -I../lib/hash -Ilib/rcu -I../lib/rcu -fdiagnostics-color=always -pipe -D_FILE_OFFSET_BITS=64 -Wall -Winvalid-pch -Wextra -Werror -O3 -include rte_config.h -Wcast-qual -Wdeprecated -Wformat -Wformat-nonliteral -Wformat-security -Wmissing-declarations -Wmissing-prototypes -Wnested-externs -Wold-style-definition -Wpointer-arith -Wsign-compare -Wstrict-prototypes -Wundef -Wwrite-strings -Wno-packed-not-aligned -Wno-missing-field-initializers -D_GNU_SOURCE -fPIC -march=native -DALLOW_EXPERIMENTAL_API -DALLOW_INTERNAL_API -Wno-format-truncation -DRTE_LOG_DEFAULT_LOGTYPE=lib.ip_frag -MD -MQ 'lib/76b5a35@@rte_ip_frag at sta/ip_frag_ip_frag_internal.c.o' -MF 'lib/76b5a35@@rte_ip_frag at sta/ip_frag_ip_frag_internal.c.o.d' -o 'lib/76b5a35@@rte_ip_frag at sta/ip_frag_ip_frag_internal.c.o' -c ../lib/ip_frag/ip_frag_internal.c
../lib/ip_frag/ip_frag_internal.c: In function 'ip_frag_process':
../lib/ip_frag/ip_frag_internal.c:185:9: error: missing terminating " character [-Werror]
"last fragment: ofs: %u, len: %u\n,
^
cc1: all warnings being treated as errors
[293/3125] Compiling C object 'lib/76b5a35@@rte_ip_frag at sta/ip_frag_rte_ip_frag_common.c.o'.
[294/3125] Compiling C object 'lib/76b5a35@@rte_latencystats at sta/latencystats_rte_latencystats.c.o'.
[295/3125] Generating eventdev.sym_chk with a meson_exe.py custom command.
ninja: build stopped: subcommand failed.
==== End log output ====

Windows Server 2019
	Kernel: 10.0
	Compiler: clang 14.0 and gcc 8.1.0 (MinGW)

CentOS Stream 9
	Kernel: 4.18.0-240.10.1.el8_3.x86_64
	Compiler: gcc 11.3.1 20220421

CentOS Stream 8
	Kernel: 4.18.0-240.10.1.el8_3.x86_64
	Compiler: gcc 8.4.1 20200928

Debian Bullseye
	Kernel: 5.4.0-122-generic
	Compiler: gcc 10.2.1-6

Ubuntu 22.04
	Kernel: Container Host Kernel
	Compiler: gcc 12.2.1-2

RHEL 7
	Kernel: 4.18.0-240.10.1.el8_3.x86_64
	Compiler: gcc 4.8.5 20150623 (Red Hat 4.8.5-44)

Ubuntu 20.04
	Kernel: 4.18.0-240.10.1.el8_3.x86_64
	Compiler: gcc 9.3.0-17ubuntu1~20.04

RHEL8
	Kernel: 4.18.0-240.10.1.el8_3.x86_64
	Compiler: gcc 8.3.1 20191121 (Red Hat 8.3.1-5)

openSUSE Leap 15
	Kernel: 4.18.0-240.10.1.el8_3.x86_64
	Compiler: gcc 7.5.0

Debian Buster
	Kernel: 5.4.0-122-generic
	Compiler: gcc 8.3.0-6

To view detailed results, visit:
https://lab.dpdk.org/results/dashboard/patchsets/25284/

UNH-IOL DPDK Community Lab

To manage your email subscriptions, visit: 
https://lab.dpdk.org/results/dashboard/preferences/subscriptions/


More information about the test-report mailing list