|FAILURE| pw123785-123788 [PATCH] [v10, 4/4] eal: add PMU support to tracing library

dpdklab at iol.unh.edu dpdklab at iol.unh.edu
Mon Feb 13 13:57:03 CET 2023


Test-Label: iol-aarch64-unit-testing
Test-Status: FAILURE
http://dpdk.org/patch/123788

_Testing issues_

Submitter: Tomasz Duszynski <tduszynski at marvell.com>
Date: Monday, February 13 2023 11:31:56 
DPDK git baseline: Repo:dpdk
  Branch: master
  CommitID:39d469a7eb4f157923be73aea0b0cc1015860ca7

123785-123788 --> testing fail

Test environment and result as below:

+-------------------------------+----------------+------------------------------+---------------------------+--------------+
|          Environment          | dpdk_unit_test | cryptodev_sw_snow3g_autotest | cryptodev_sw_zuc_autotest | lpm_autotest |
+===============================+================+==============================+===========================+==============+
| Ubuntu 20.04 ARM GCC Native   | FAIL           | SKIPPED                      | SKIPPED                   | SKIPPED      |
+-------------------------------+----------------+------------------------------+---------------------------+--------------+
| Ubuntu 20.04 ARM Clang Native | FAIL           | SKIPPED                      | SKIPPED                   | SKIPPED      |
+-------------------------------+----------------+------------------------------+---------------------------+--------------+
| Debian 11                     | SKIPPED        | PASS                         | PASS                      | SKIPPED      |
+-------------------------------+----------------+------------------------------+---------------------------+--------------+
| Ubuntu 20.04 ARM SVE          | SKIPPED        | SKIPPED                      | SKIPPED                   | PASS         |
+-------------------------------+----------------+------------------------------+---------------------------+--------------+

==== 20 line log output for Ubuntu 20.04 ARM Clang Native (dpdk_unit_test): ====
95/104 DPDK:fast-tests / telemetry_data_autotest        OK               0.23s
96/104 DPDK:fast-tests / table_autotest                 OK               4.86s
97/104 DPDK:fast-tests / ring_pmd_autotest              OK               0.14s
98/104 DPDK:fast-tests / event_eth_tx_adapter_autotest  OK               0.94s
99/104 DPDK:fast-tests / bitratestats_autotest          OK               0.14s
100/104 DPDK:fast-tests / latencystats_autotest          OK               0.14s
101/104 DPDK:fast-tests / pdump_autotest                 OK               5.22s
102/104 DPDK:fast-tests / vdev_autotest                  OK               0.14s
103/104 DPDK:fast-tests / compressdev_autotest           SKIP             0.23s   exit status 77
104/104 DPDK:fast-tests / telemetry_all                  OK              13.70s


Ok:                 97
Expected Fail:      0
Fail:               1
Unexpected Pass:    0
Skipped:            6
Timeout:            0

Full log written to /home-local/jenkins-local/jenkins-agent/workspace/Generic-VM-Unit-Test-DPDK/dpdk/build/meson-logs/testlog.txt
==== End log output ====

Ubuntu 20.04 ARM GCC Native
	Kernel: 5.4.0-53-generic
	Compiler: gcc 9.3

Ubuntu 20.04 ARM Clang Native
	Kernel: 5.4.0-53-generic
	Compiler: clang 10.0.0-4ubuntu1

Debian 11
	Kernel: Container Host Kernel
	Compiler: gcc 10.2.1

Ubuntu 20.04 ARM SVE
	Kernel: 5.4.0-80-generic
	Compiler: gcc 10.3.0 (Ubuntu 10.3.0-1ubuntu1~20.04)

To view detailed results, visit:
https://lab.dpdk.org/results/dashboard/patchsets/25370/

UNH-IOL DPDK Community Lab

To manage your email subscriptions, visit: 
https://lab.dpdk.org/results/dashboard/preferences/subscriptions/


More information about the test-report mailing list