|FAILURE| pw123804 [PATCH] [v2] eal: cleanup alarm and multiprocess hotplug before memory detach

dpdklab at iol.unh.edu dpdklab at iol.unh.edu
Mon Feb 13 17:32:01 CET 2023


Test-Label: iol-aarch64-unit-testing
Test-Status: FAILURE
http://dpdk.org/patch/123804

_Testing issues_

Submitter: Fengnan Chang <changfengnan at bytedance.com>
Date: Thursday, February 09 2023 12:03:26 
DPDK git baseline: Repo:dpdk
  Branch: master
  CommitID:39d469a7eb4f157923be73aea0b0cc1015860ca7

123804 --> testing fail

Test environment and result as below:

+-------------------------------+----------------+------------------------------+---------------------------+--------------+
|          Environment          | dpdk_unit_test | cryptodev_sw_snow3g_autotest | cryptodev_sw_zuc_autotest | lpm_autotest |
+===============================+================+==============================+===========================+==============+
| Ubuntu 20.04 ARM GCC Native   | PASS           | SKIPPED                      | SKIPPED                   | SKIPPED      |
+-------------------------------+----------------+------------------------------+---------------------------+--------------+
| Ubuntu 20.04 ARM Clang Native | FAIL           | SKIPPED                      | SKIPPED                   | SKIPPED      |
+-------------------------------+----------------+------------------------------+---------------------------+--------------+
| Debian 11                     | SKIPPED        | PASS                         | PASS                      | SKIPPED      |
+-------------------------------+----------------+------------------------------+---------------------------+--------------+
| Ubuntu 20.04 ARM SVE          | SKIPPED        | SKIPPED                      | SKIPPED                   | PASS         |
+-------------------------------+----------------+------------------------------+---------------------------+--------------+

==== 20 line log output for Ubuntu 20.04 ARM Clang Native (dpdk_unit_test): ====
94/103 DPDK:fast-tests / telemetry_data_autotest        OK               0.24s
95/103 DPDK:fast-tests / table_autotest                 OK               4.93s
96/103 DPDK:fast-tests / ring_pmd_autotest              OK               0.14s
97/103 DPDK:fast-tests / event_eth_tx_adapter_autotest  OK               0.94s
98/103 DPDK:fast-tests / bitratestats_autotest          OK               0.14s
99/103 DPDK:fast-tests / latencystats_autotest          OK               0.14s
100/103 DPDK:fast-tests / pdump_autotest                 OK               5.23s
101/103 DPDK:fast-tests / vdev_autotest                  OK               0.15s
102/103 DPDK:fast-tests / compressdev_autotest           SKIP             0.24s   exit status 77
103/103 DPDK:fast-tests / telemetry_all                  OK              13.72s


Ok:                 96
Expected Fail:      0
Fail:               1
Unexpected Pass:    0
Skipped:            6
Timeout:            0

Full log written to /home-local/jenkins-local/jenkins-agent/workspace/Generic-VM-Unit-Test-DPDK/dpdk/build/meson-logs/testlog.txt
==== End log output ====

Ubuntu 20.04 ARM GCC Native
	Kernel: 5.4.0-53-generic
	Compiler: gcc 9.3

Ubuntu 20.04 ARM Clang Native
	Kernel: 5.4.0-53-generic
	Compiler: clang 10.0.0-4ubuntu1

Debian 11
	Kernel: Container Host Kernel
	Compiler: gcc 10.2.1

Ubuntu 20.04 ARM SVE
	Kernel: 5.4.0-80-generic
	Compiler: gcc 10.3.0 (Ubuntu 10.3.0-1ubuntu1~20.04)

To view detailed results, visit:
https://lab.dpdk.org/results/dashboard/patchsets/25376/

UNH-IOL DPDK Community Lab

To manage your email subscriptions, visit: 
https://lab.dpdk.org/results/dashboard/preferences/subscriptions/


More information about the test-report mailing list