|FAILURE| pw123785-123788 [PATCH] [v10, 4/4] eal: add PMU support to tracing library

dpdklab at iol.unh.edu dpdklab at iol.unh.edu
Mon Feb 13 19:12:40 CET 2023


Test-Label: iol-x86_64-unit-testing
Test-Status: FAILURE
http://dpdk.org/patch/123788

_Testing issues_

Submitter: Tomasz Duszynski <tduszynski at marvell.com>
Date: Monday, February 13 2023 11:31:56 
DPDK git baseline: Repo:dpdk
  Branch: master
  CommitID:39d469a7eb4f157923be73aea0b0cc1015860ca7

123785-123788 --> testing fail

Test environment and result as below:

+---------------------+----------------+
|     Environment     | dpdk_unit_test |
+=====================+================+
| Windows Server 2019 | PASS           |
+---------------------+----------------+
| Ubuntu 22.04        | FAIL           |
+---------------------+----------------+
| RHEL 7              | FAIL           |
+---------------------+----------------+
| openSUSE Leap 15    | FAIL           |
+---------------------+----------------+
| CentOS Stream 9     | FAIL           |
+---------------------+----------------+
| CentOS Stream 8     | FAIL           |
+---------------------+----------------+
| Debian Bullseye     | FAIL           |
+---------------------+----------------+
| RHEL8               | FAIL           |
+---------------------+----------------+
| Debian Buster       | FAIL           |
+---------------------+----------------+
| Ubuntu 20.04        | FAIL           |
+---------------------+----------------+

==== 20 line log output for Ubuntu 20.04 (dpdk_unit_test): ====
94/104 DPDK:fast-tests / telemetry_json_autotest  OK       0.17 s
95/104 DPDK:fast-tests / telemetry_data_autotest  OK       0.17 s
96/104 DPDK:fast-tests / table_autotest        OK       5.98 s
97/104 DPDK:fast-tests / ring_pmd_autotest     OK       0.17 s
98/104 DPDK:fast-tests / event_eth_tx_adapter_autotest  OK       0.47 s
99/104 DPDK:fast-tests / bitratestats_autotest  OK       0.17 s
100/104 DPDK:fast-tests / latencystats_autotest  OK       0.17 s
101/104 DPDK:fast-tests / pdump_autotest        OK       5.23 s
102/104 DPDK:fast-tests / vdev_autotest         OK       0.17 s
103/104 DPDK:fast-tests / compressdev_autotest  SKIP     0.17 s
104/104 DPDK:fast-tests / telemetry_all         OK       7.13 s

Ok:                   95
Expected Fail:         0
Fail:                  1
Unexpected Pass:       0
Skipped:               8
Timeout:               0

Full log written to /home-local/jenkins-local/jenkins-agent/workspace/Generic-Unit-Test-DPDK at 3/dpdk/build/meson-logs/testlog.txt
==== End log output ====

Windows Server 2019
	Kernel: 10.0
	Compiler: clang 14.0 and gcc 8.1.0 (MinGW)

Ubuntu 22.04
	Kernel: 4.18.0-240.10.1.el8_3.x86_64
	Compiler: gcc 11.3.0

RHEL 7
	Kernel: 4.18.0-240.10.1.el8_3.x86_64
	Compiler: gcc 4.8.5 20150623 (Red Hat 4.8.5-44)

openSUSE Leap 15
	Kernel: 4.18.0-240.10.1.el8_3.x86_64
	Compiler: gcc 7.5.0

CentOS Stream 9
	Kernel: 4.18.0-240.10.1.el8_3.x86_64
	Compiler: gcc 11.3.1 20220421

CentOS Stream 8
	Kernel: 4.18.0-240.10.1.el8_3.x86_64
	Compiler: gcc 8.4.1 20200928

Debian Bullseye
	Kernel: 5.4.0-122-generic
	Compiler: gcc 10.2.1-6

RHEL8
	Kernel: 4.18.0-240.10.1.el8_3.x86_64
	Compiler: gcc 8.3.1 20191121 (Red Hat 8.3.1-5)

Debian Buster
	Kernel: 5.4.0-122-generic
	Compiler: gcc 8.3.0-6

Ubuntu 20.04
	Kernel: 4.18.0-240.10.1.el8_3.x86_64
	Compiler: gcc 9.3.0-17ubuntu1~20.04

To view detailed results, visit:
https://lab.dpdk.org/results/dashboard/patchsets/25370/

UNH-IOL DPDK Community Lab

To manage your email subscriptions, visit: 
https://lab.dpdk.org/results/dashboard/preferences/subscriptions/


More information about the test-report mailing list