|FAILURE| pw123806 [PATCH] disable lock annotation with clang 3.4.2

dpdklab at iol.unh.edu dpdklab at iol.unh.edu
Tue Feb 14 02:17:58 CET 2023


Test-Label: iol-testing
Test-Status: FAILURE
http://dpdk.org/patch/123806

_Testing issues_

Submitter: David Marchand <david.marchand at redhat.com>
Date: Monday, February 13 2023 14:44:55 
DPDK git baseline: Repo:dpdk
  Branch: master
  CommitID:39d469a7eb4f157923be73aea0b0cc1015860ca7

123806 --> testing fail

Test environment and result as below:

+-------------------------------+----------------+
|          Environment          | dpdk_unit_test |
+===============================+================+
| Ubuntu 20.04 ARM GCC Native   | FAIL           |
+-------------------------------+----------------+
| Ubuntu 20.04 ARM Clang Native | FAIL           |
+-------------------------------+----------------+
| Windows Server 2019           | PASS           |
+-------------------------------+----------------+
| Debian Bullseye               | PASS           |
+-------------------------------+----------------+
| RHEL 7                        | PASS           |
+-------------------------------+----------------+
| openSUSE Leap 15              | PASS           |
+-------------------------------+----------------+
| Ubuntu 22.04                  | PASS           |
+-------------------------------+----------------+
| Debian Buster                 | PASS           |
+-------------------------------+----------------+
| RHEL8                         | PASS           |
+-------------------------------+----------------+
| Ubuntu 20.04                  | PASS           |
+-------------------------------+----------------+

==== 20 line log output for Ubuntu 20.04 ARM Clang Native (dpdk_unit_test): ====
94/103 DPDK:fast-tests / telemetry_data_autotest        OK               2.94s
95/103 DPDK:fast-tests / table_autotest                 OK               7.65s
96/103 DPDK:fast-tests / ring_pmd_autotest              OK               2.94s
97/103 DPDK:fast-tests / event_eth_tx_adapter_autotest  OK               3.74s
98/103 DPDK:fast-tests / bitratestats_autotest          OK               2.95s
99/103 DPDK:fast-tests / latencystats_autotest          OK               2.94s
100/103 DPDK:fast-tests / pdump_autotest                 OK               8.02s
101/103 DPDK:fast-tests / vdev_autotest                  OK               2.94s
102/103 DPDK:fast-tests / compressdev_autotest           SKIP             2.94s   exit status 77
103/103 DPDK:fast-tests / telemetry_all                  OK              13.69s


Ok:                 96
Expected Fail:      0
Fail:               1
Unexpected Pass:    0
Skipped:            6
Timeout:            0

Full log written to /home-local/jenkins-local/jenkins-agent/workspace/Generic-VM-Unit-Test-DPDK/dpdk/build/meson-logs/testlog.txt
==== End log output ====

Ubuntu 20.04 ARM GCC Native
	Kernel: 5.4.0-53-generic
	Compiler: gcc 9.3

Ubuntu 20.04 ARM Clang Native
	Kernel: 5.4.0-53-generic
	Compiler: clang 10.0.0-4ubuntu1

Windows Server 2019
	Kernel: 10.0
	Compiler: clang 14.0 and gcc 8.1.0 (MinGW)

Debian Bullseye
	Kernel: 5.4.0-122-generic
	Compiler: gcc 10.2.1-6

RHEL 7
	Kernel: 4.18.0-240.10.1.el8_3.x86_64
	Compiler: gcc 4.8.5 20150623 (Red Hat 4.8.5-44)

openSUSE Leap 15
	Kernel: 4.18.0-240.10.1.el8_3.x86_64
	Compiler: gcc 7.5.0

Ubuntu 22.04
	Kernel: 4.18.0-240.10.1.el8_3.x86_64
	Compiler: gcc 11.3.0

Debian Buster
	Kernel: 5.4.0-122-generic
	Compiler: gcc 8.3.0-6

RHEL8
	Kernel: 4.18.0-240.10.1.el8_3.x86_64
	Compiler: gcc 8.3.1 20191121 (Red Hat 8.3.1-5)

Ubuntu 20.04
	Kernel: 4.18.0-240.10.1.el8_3.x86_64
	Compiler: gcc 9.3.0-17ubuntu1~20.04

To view detailed results, visit:
https://lab.dpdk.org/results/dashboard/patchsets/25378/

UNH-IOL DPDK Community Lab

To manage your email subscriptions, visit: 
https://lab.dpdk.org/results/dashboard/preferences/subscriptions/


More information about the test-report mailing list