|WARNING| pw123666-123669 [PATCH] [v6, 3/3] net/cnxk: skip red drop for ingress policer

dpdklab at iol.unh.edu dpdklab at iol.unh.edu
Wed Feb 15 18:37:27 CET 2023


Test-Label: iol-abi-testing
Test-Status: WARNING
http://dpdk.org/patch/123669

_Testing issues_

Submitter: Rakesh Kudurumalla <rkudurumalla at marvell.com>
Date: Friday, February 10 2023 08:26:23 
DPDK git baseline: Repo:dpdk
  Branch: master
  CommitID:183bdfe224760b72d3cd44f5367c80b5ee073327

123666-123669 --> testing fail

Test environment and result as below:

+------------------+----------+
|   Environment    | abi_test |
+==================+==========+
| RHEL 7           | FAIL     |
+------------------+----------+
| Debian Bullseye  | FAIL     |
+------------------+----------+
| Debian Buster    | FAIL     |
+------------------+----------+
| Ubuntu 22.04     | FAIL     |
+------------------+----------+
| Ubuntu 20.04     | FAIL     |
+------------------+----------+
| CentOS Stream 9  | FAIL     |
+------------------+----------+
| RHEL8            | FAIL     |
+------------------+----------+
| openSUSE Leap 15 | FAIL     |
+------------------+----------+
| CentOS Stream 8  | FAIL     |
+------------------+----------+

==== 20 line log output for CentOS Stream 8 (abi_test): ====
'rte_flow_action_type::RTE_FLOW_ACTION_TYPE_METER_COLOR' from value '53' to '54' at rte_flow.h:2132:1
'rte_flow_action_type::RTE_FLOW_ACTION_TYPE_PORT_REPRESENTOR' from value '54' to '55' at rte_flow.h:2132:1
'rte_flow_action_type::RTE_FLOW_ACTION_TYPE_REPRESENTED_PORT' from value '55' to '56' at rte_flow.h:2132:1
'rte_flow_action_type::RTE_FLOW_ACTION_TYPE_METER_MARK' from value '56' to '57' at rte_flow.h:2132:1
'rte_flow_action_type::RTE_FLOW_ACTION_TYPE_SEND_TO_KERNEL' from value '57' to '58' at rte_flow.h:2132:1

Error: ABI issue reported for abidiff --suppr dpdk/devtools/libabigail.abignore --no-added-syms --headers-dir1 reference/include --headers-dir2 build_install/include reference/dump/librte_net_dpaa2.dump build_install/dump/librte_net_dpaa2.dump
ABIDIFF_ABI_CHANGE, this change requires a review (abidiff flagged this as a potential issue).
Functions changes summary: 0 Removed, 0 Changed (14 filtered out), 0 Added functions
Variables changes summary: 0 Removed, 0 Changed, 0 Added variable

Functions changes summary: 0 Removed, 0 Changed (4 filtered out), 0 Added (1 filtered out) functions
Variables changes summary: 0 Removed, 0 Changed, 0 Added variable

Functions changes summary: 0 Removed, 0 Changed (14 filtered out), 0 Added (2 filtered out) functions
Variables changes summary: 0 Removed, 0 Changed (1 filtered out), 0 Added variable

Functions changes summary: 0 Removed, 0 Changed (69 filtered out), 0 Added (10 filtered out) functions
Variables changes summary: 0 Removed, 0 Changed, 0 Added variable

==== End log output ====

RHEL 7
	Kernel: 4.18.0-240.10.1.el8_3.x86_64
	Compiler: gcc 4.8.5 20150623 (Red Hat 4.8.5-44)

Debian Bullseye
	Kernel: 5.4.0-122-generic
	Compiler: gcc 10.2.1-6

Debian Buster
	Kernel: 5.4.0-122-generic
	Compiler: gcc 8.3.0-6

Ubuntu 22.04
	Kernel: 4.18.0-240.10.1.el8_3.x86_64
	Compiler: gcc 11.3.0

Ubuntu 20.04
	Kernel: 4.18.0-240.10.1.el8_3.x86_64
	Compiler: gcc 9.3.0-17ubuntu1~20.04

CentOS Stream 9
	Kernel: 4.18.0-240.10.1.el8_3.x86_64
	Compiler: gcc 11.3.1 20220421

RHEL8
	Kernel: 4.18.0-240.10.1.el8_3.x86_64
	Compiler: gcc 8.3.1 20191121 (Red Hat 8.3.1-5)

openSUSE Leap 15
	Kernel: 4.18.0-240.10.1.el8_3.x86_64
	Compiler: gcc 7.5.0

CentOS Stream 8
	Kernel: 4.18.0-240.10.1.el8_3.x86_64
	Compiler: gcc 8.4.1 20200928

To view detailed results, visit:
https://lab.dpdk.org/results/dashboard/patchsets/25340/

UNH-IOL DPDK Community Lab

To manage your email subscriptions, visit: 
https://lab.dpdk.org/results/dashboard/preferences/subscriptions/


More information about the test-report mailing list