|WARNING| pw123647-123648 [PATCH] [v4, 3/3] ring: add telemetry cmd for ring info

dpdklab at iol.unh.edu dpdklab at iol.unh.edu
Thu Feb 16 05:44:04 CET 2023


Test-Label: iol-abi-testing
Test-Status: WARNING
http://dpdk.org/patch/123648

_Testing issues_

Submitter: Jie Hai <haijie1 at huawei.com>
Date: Friday, February 10 2023 02:48:35 
DPDK git baseline: Repo:dpdk
  Branch: master
  CommitID:183bdfe224760b72d3cd44f5367c80b5ee073327

123647-123648 --> testing fail

Test environment and result as below:

+------------------+----------+
|   Environment    | abi_test |
+==================+==========+
| RHEL 7           | FAIL     |
+------------------+----------+
| Ubuntu 22.04     | FAIL     |
+------------------+----------+
| Debian Buster    | FAIL     |
+------------------+----------+
| openSUSE Leap 15 | FAIL     |
+------------------+----------+
| CentOS Stream 8  | FAIL     |
+------------------+----------+
| Debian Bullseye  | FAIL     |
+------------------+----------+
| CentOS Stream 9  | FAIL     |
+------------------+----------+
| Ubuntu 20.04     | FAIL     |
+------------------+----------+
| RHEL8            | FAIL     |
+------------------+----------+

==== 20 line log output for RHEL8 (abi_test): ====
1 function with some indirect sub-type change:

[C] 'function rte_event_ring* rte_event_ring_create(const char*, unsigned int, int, unsigned int)' at rte_event_ring.c:26:1 has some indirect sub-type changes:
return type changed:
in pointed to type 'struct rte_event_ring' at rte_event_ring.h:37:1:
type size hasn't changed
1 data member change:
type of 'rte_ring r' changed:
type size hasn't changed
1 data member change:
type of 'int flags' changed:
entity changed from 'int' to compatible type 'typedef uint32_t' at stdint-uintn.h:26:1
type name changed from 'int' to 'unsigned int'
type size hasn't changed

Error: ABI issue reported for abidiff --suppr dpdk/devtools/libabigail.abignore --no-added-syms --headers-dir1 reference/include --headers-dir2 build_install/include reference/dump/librte_eventdev.dump build_install/dump/librte_eventdev.dump
ABIDIFF_ABI_CHANGE, this change requires a review (abidiff flagged this as a potential issue).
Functions changes summary: 0 Removed, 0 Changed (69 filtered out), 0 Added (10 filtered out) functions
Variables changes summary: 0 Removed, 0 Changed, 0 Added variable

==== End log output ====

RHEL 7
	Kernel: 4.18.0-240.10.1.el8_3.x86_64
	Compiler: gcc 4.8.5 20150623 (Red Hat 4.8.5-44)

Ubuntu 22.04
	Kernel: Container Host Kernel
	Compiler: clang 14.0.5-1.fc36

Debian Buster
	Kernel: 5.4.0-122-generic
	Compiler: gcc 8.3.0-6

openSUSE Leap 15
	Kernel: 4.18.0-240.10.1.el8_3.x86_64
	Compiler: gcc 7.5.0

CentOS Stream 8
	Kernel: 4.18.0-240.10.1.el8_3.x86_64
	Compiler: gcc 8.4.1 20200928

Debian Bullseye
	Kernel: 5.4.0-122-generic
	Compiler: gcc 10.2.1-6

CentOS Stream 9
	Kernel: 4.18.0-240.10.1.el8_3.x86_64
	Compiler: gcc 11.3.1 20220421

Ubuntu 20.04
	Kernel: 4.18.0-240.10.1.el8_3.x86_64
	Compiler: gcc 9.3.0-17ubuntu1~20.04

RHEL8
	Kernel: 4.18.0-240.10.1.el8_3.x86_64
	Compiler: gcc 8.3.1 20191121 (Red Hat 8.3.1-5)

To view detailed results, visit:
https://lab.dpdk.org/results/dashboard/patchsets/25332/

UNH-IOL DPDK Community Lab

To manage your email subscriptions, visit: 
https://lab.dpdk.org/results/dashboard/preferences/subscriptions/


More information about the test-report mailing list