|FAILURE| pw124086-124089 [PATCH] [v11, 4/4] eal: add PMU support to tracing library
dpdklab at iol.unh.edu
dpdklab at iol.unh.edu
Thu Feb 16 23:10:00 CET 2023
Test-Label: iol-testing
Test-Status: FAILURE
http://dpdk.org/patch/124089
_Testing issues_
Submitter: Tomasz Duszynski <tduszynski at marvell.com>
Date: Thursday, February 16 2023 17:55:02
DPDK git baseline: Repo:dpdk
Branch: master
CommitID:01314192b7856d3737eb6d80aa351f60a07631af
124086-124089 --> testing fail
Test environment and result as below:
+---------------------+----------------+
| Environment | dpdk_unit_test |
+=====================+================+
| Windows Server 2019 | PASS |
+---------------------+----------------+
| RHEL 7 | FAIL |
+---------------------+----------------+
| CentOS Stream 8 | FAIL |
+---------------------+----------------+
==== 20 line log output for CentOS Stream 8 (dpdk_unit_test): ====
94/104 DPDK:fast-tests / telemetry_json_autotest OK 0.18 s
95/104 DPDK:fast-tests / telemetry_data_autotest OK 0.24 s
96/104 DPDK:fast-tests / table_autotest OK 11.09 s
97/104 DPDK:fast-tests / ring_pmd_autotest OK 0.18 s
98/104 DPDK:fast-tests / event_eth_tx_adapter_autotest OK 0.90 s
99/104 DPDK:fast-tests / bitratestats_autotest OK 0.18 s
100/104 DPDK:fast-tests / latencystats_autotest OK 0.13 s
101/104 DPDK:fast-tests / pdump_autotest OK 5.35 s
102/104 DPDK:fast-tests / vdev_autotest OK 0.33 s
103/104 DPDK:fast-tests / compressdev_autotest SKIP 0.18 s
104/104 DPDK:fast-tests / telemetry_all SKIP 0.01 s
Ok: 94
Expected Fail: 0
Fail: 1
Unexpected Pass: 0
Skipped: 9
Timeout: 0
Full log written to /home-local/jenkins-local/jenkins-agent/workspace/Generic-Unit-Test-DPDK/dpdk/build/meson-logs/testlog.txt
==== End log output ====
Windows Server 2019
Kernel: 10.0
Compiler: clang 14.0 and gcc 8.1.0 (MinGW)
RHEL 7
Kernel: 4.18.0-240.10.1.el8_3.x86_64
Compiler: gcc 4.8.5 20150623 (Red Hat 4.8.5-44)
CentOS Stream 8
Kernel: 4.18.0-240.10.1.el8_3.x86_64
Compiler: gcc 8.4.1 20200928
To view detailed results, visit:
https://lab.dpdk.org/results/dashboard/patchsets/25429/
UNH-IOL DPDK Community Lab
To manage your email subscriptions, visit:
https://lab.dpdk.org/results/dashboard/preferences/subscriptions/
More information about the test-report
mailing list