|FAILURE| pw124035-124036 [PATCH] [2/2] app/testpmd: add support for bonding port's LACP negotiation

dpdklab at iol.unh.edu dpdklab at iol.unh.edu
Fri Feb 17 18:01:33 CET 2023


Test-Label: iol-x86_64-compile-testing
Test-Status: FAILURE
http://dpdk.org/patch/124036

_Testing issues_

Submitter: Chaoyong He <chaoyong.he at corigine.com>
Date: Thursday, February 16 2023 07:15:14 
DPDK git baseline: Repo:dpdk
  Branch: master
  CommitID:01314192b7856d3737eb6d80aa351f60a07631af

124035-124036 --> testing fail

Test environment and result as below:

+------------------+--------------------+
|   Environment    | dpdk_meson_compile |
+==================+====================+
| FreeBSD 13       | PASS               |
+------------------+--------------------+
| Ubuntu 22.04     | FAIL               |
+------------------+--------------------+
| RHEL8            | FAIL               |
+------------------+--------------------+
| openSUSE Leap 15 | FAIL               |
+------------------+--------------------+
| Ubuntu 20.04     | FAIL               |
+------------------+--------------------+
| RHEL 7           | FAIL               |
+------------------+--------------------+
| CentOS Stream 8  | FAIL               |
+------------------+--------------------+
| CentOS Stream 9  | FAIL               |
+------------------+--------------------+
| Debian Buster    | FAIL               |
+------------------+--------------------+
| Debian Bullseye  | FAIL               |
+------------------+--------------------+

==== 20 line log output for Debian Bullseye (dpdk_meson_compile): ====
[2988/3162] Compiling C object 'app/a172ced@@dpdk-testpmd at exe/test-pmd_testpmd.c.o'.
[2989/3162] Compiling C object 'app/a172ced@@dpdk-testpmd at exe/test-pmd_txonly.c.o'.
[2990/3162] Compiling C object 'app/a172ced@@dpdk-test-security-perf at exe/test_test_cryptodev_security_ipsec.c.o'.
[2991/3162] Compiling C object 'app/a172ced@@dpdk-test-sad at exe/test-sad_main.c.o'.
[2992/3162] Compiling C object 'app/a172ced@@dpdk-test-regex at exe/test-regex_main.c.o'.
[2993/3162] Linking target app/dpdk-test-regex.
[2994/3162] Compiling C object 'app/test/3062f5d@@dpdk-test at exe/test.c.o'.
[2995/3162] Compiling C object 'app/test/3062f5d@@dpdk-test at exe/commands.c.o'.
[2996/3162] Linking target app/dpdk-testpmd.
FAILED: app/dpdk-testpmd
cc  -o app/dpdk-testpmd 'app/a172ced@@dpdk-testpmd at exe/test-pmd_5tswap.c.o' 'app/a172ced@@dpdk-testpmd at exe/test-pmd_cmdline.c.o' 'app/a172ced@@dpdk-testpmd at exe/test-pmd_cmdline_cman.c.o' 'app/a172ced@@dpdk-testpmd at exe/test-pmd_cmdline_flow.c.o' 'app/a172ced@@dpdk-testpmd at exe/test-pmd_cmdline_mtr.c.o' 'app/a172ced@@dpdk-testpmd at exe/test-pmd_cmdline_tm.c.o' 'app/a172ced@@dpdk-testpmd at exe/test-pmd_cmd_flex_item.c.o' 'app/a172ced@@dpdk-testpmd at exe/test-pmd_config.c.o' 'app/a172ced@@dpdk-testpmd at exe/test-pmd_csumonly.c.o' 'app/a172ced@@dpdk-testpmd at exe/test-pmd_flowgen.c.o' 'app/a172ced@@dpdk-testpmd at exe/test-pmd_icmpecho.c.o' 'app/a172ced@@dpdk-testpmd at exe/test-pmd_ieee1588fwd.c.o' 'app/a172ced@@dpdk-testpmd at exe/test-pmd_iofwd.c.o' 'app/a172ced@@dpdk-testpmd at exe/test-pmd_macfwd.c.o' 'app/a172ced@@dpdk-testpmd at exe/test-pmd_macswap.c.o' 'app/a172ced@@dpdk-testpmd at exe/test-pmd_noisy_vnf.c.o' 'app/a172ced@@dpdk-testpmd at exe/test-pmd_parameters.c.o' 'app/a172ced@@dpdk-testpmd at exe/test-pmd_rxonly.c.o' 'app/a172ced@@dpdk-testpmd at exe/test-pmd_shared_rxq_fwd.c.o' 'app/a172ced@@dpdk-testpmd at exe/test-pmd_testpmd.c.o' 'app/a172ced@@dpdk-testpmd at exe/test-pmd_txonly.c.o' 'app/a172ced@@dpdk-testpmd at exe/test-pmd_util.c.o' 'app/a172ced@@dpdk-testpmd at exe/test-pmd_bpf_cmd.c.o' 'app/a172ced@@dpdk-testpmd at exe/.._drivers_net_bonding_bonding_testpmd.c.o' 'app/a172ced@@dpdk-testpmd at exe/.._drivers_net_i40e_i40e_testpmd.c.o' 'app/a172ced@@dpdk-testpmd at exe/.._drivers_net_ice_ice_testpmd.c.o' 'app/a172ced@@dpdk-testpmd at exe/.._drivers_net_ixgbe_ixgbe_testpmd.c.o' 'app/a172ced@@dpdk-testpmd at exe/.._drivers_net_mlx5_mlx5_testpmd.c.o' -Wl,--as-needed -Wl,--no-undefined -Wl,-O1 -Wl,--no-as-needed -pthread -Wl,--start-group -lm -ldl -lnuma lib/librte_ethdev.so.23.1 lib/librte_eal.so.23.1 lib/librte_kvargs.so.23.1 lib/librte_telemetry.so.23.1 lib/librte_net.so.23.1 lib/librte_mbuf.so.23.1 lib/librte_mempool.so.23.1 lib/librte_ring.so.23.1 lib/librte_meter.so.23.1 lib/librte_cmdline.so.23.1 drivers/librte_crypto_scheduler.so.23.1 lib/librte_cryptodev.so.23.1 lib/librte_rcu.so.23.1 drivers/librte_bus_vdev.so.23.1 lib/librte_reorder.so.23.1 lib/librte_bitratestats.so.23.1 lib/librte_metrics.so.23.1 lib/librte_bpf.so.23.1 lib/librte_gro.so.23.1 lib/librte_gso.so.23.1 lib/librte_latencystats.so.23.1 lib/librte_pdump.so.23.1 lib/librte_pcapng.so.23.1 drivers/librte_net_bnxt.so.23.1 drivers/librte_bus_pci.so.23.1 lib/librte_pci.so.23.1 drivers/librte_net_i40e.so.23.1 lib/librte_hash.so.23.1 drivers/librte_net_ixgbe.so.23.1 lib/librte_security.so.23.1 drivers/librte_bus_dpaa.so.23.1 drivers/librte_common_dpaax.so.23.1 lib/librte_eventdev.so.23.1 lib/librte_timer.so.23.1 drivers/librte_mempool_dpaa.so.23.1 drivers/librte_net_dpaa.so.23.1 drivers/librte_net_bond.so.23.1 lib/librte_sched.so.23.1 lib/librte_ip_frag.so.23.1 drivers/librte_net_ice.so.23.1 drivers/librte_common_iavf.so.23.1 drivers/librte_net_mlx5.so.23.1 drivers/librte_common_mlx5.so.23.1 drivers/librte_bus_auxiliary.so.23.1 /usr/lib/x86_64-linux-gnu/libjansson.so /usr/lib/x86_64-linux-gnu/libelf.so /usr/lib/x86_64-linux-gnu/libpcap.so /usr/lib/x86_64-linux-gnu/libmlx5.so /usr/lib/x86_64-linux-gnu/libibverbs.so -Wl,--end-group '-Wl,-rpath,$ORIGIN/../lib:$ORIGIN/../drivers:XXXXXXXXXXXXX' -Wl,-rpath-link,/home-local/jenkins-local/jenkins-agent/workspace/Generic-DPDK-Compile-Meson/dpdk/build/lib -Wl,-rpath-link,/home-local/jenkins-local/jenkins-agent/workspace/Generic-DPDK-Compile-Meson/dpdk/build/drivers
/usr/bin/ld: app/a172ced@@dpdk-testpmd at exe/test-pmd_config.c.o: in function `dcb_fwd_config_setup':
config.c:(.text+0x13cf): undefined reference to `rte_eth_bond_8023ad_dedicated_queues_get'
/usr/bin/ld: app/a172ced@@dpdk-testpmd at exe/test-pmd_config.c.o: in function `fwd_config_setup':
config.c:(.text+0xa7f0): undefined reference to `rte_eth_bond_8023ad_dedicated_queues_get'
/usr/bin/ld: config.c:(.text+0xad4c): undefined reference to `rte_eth_bond_8023ad_dedicated_queues_get'
/usr/bin/ld: app/a172ced@@dpdk-testpmd at exe/test-pmd_testpmd.c.o: in function `run_pkt_fwd_on_lcore':
testpmd.c:(.text+0x266b): undefined reference to `rte_eth_bond_8023ad_lacp_send_one'
collect2: error: ld returned 1 exit status
ninja: build stopped: subcommand failed.
==== End log output ====

FreeBSD 13
	Kernel: 13.0
	Compiler: clang 11.0.1

Ubuntu 22.04
	Kernel: Container Host Kernel
	Compiler: gcc 12.2.1-2

RHEL8
	Kernel: 4.18.0-240.10.1.el8_3.x86_64
	Compiler: gcc 8.3.1 20191121 (Red Hat 8.3.1-5)

openSUSE Leap 15
	Kernel: 4.18.0-240.10.1.el8_3.x86_64
	Compiler: gcc 7.5.0

Ubuntu 20.04
	Kernel: 4.18.0-240.10.1.el8_3.x86_64
	Compiler: gcc 9.3.0-17ubuntu1~20.04

RHEL 7
	Kernel: 4.18.0-240.10.1.el8_3.x86_64
	Compiler: gcc 4.8.5 20150623 (Red Hat 4.8.5-44)

CentOS Stream 8
	Kernel: 4.18.0-240.10.1.el8_3.x86_64
	Compiler: gcc 8.4.1 20200928

CentOS Stream 9
	Kernel: 4.18.0-240.10.1.el8_3.x86_64
	Compiler: gcc 11.3.1 20220421

Debian Buster
	Kernel: 5.4.0-122-generic
	Compiler: gcc 8.3.0-6

Debian Bullseye
	Kernel: 5.4.0-122-generic
	Compiler: gcc 10.2.1-6

To view detailed results, visit:
https://lab.dpdk.org/results/dashboard/patchsets/25419/

UNH-IOL DPDK Community Lab

To manage your email subscriptions, visit: 
https://lab.dpdk.org/results/dashboard/preferences/subscriptions/


More information about the test-report mailing list