|WARNING| pw123828-123846 [PATCH] [v4, 19/19] hash: convert RTE_LOGTYPE_HASH to dynamic type

dpdklab at iol.unh.edu dpdklab at iol.unh.edu
Sat Feb 18 01:34:25 CET 2023


Test-Label: iol-abi-testing
Test-Status: WARNING
http://dpdk.org/patch/123846

_Testing issues_

Submitter: Stephen Hemminger <stephen at networkplumber.org>
Date: Monday, February 13 2023 19:55:51 
DPDK git baseline: Repo:dpdk
  Branch: master
  CommitID:39d469a7eb4f157923be73aea0b0cc1015860ca7

123828-123846 --> testing fail

Test environment and result as below:

+------------------+----------+
|   Environment    | abi_test |
+==================+==========+
| Ubuntu 22.04     | FAIL     |
+------------------+----------+
| RHEL 7           | FAIL     |
+------------------+----------+
| CentOS Stream 8  | FAIL     |
+------------------+----------+
| openSUSE Leap 15 | FAIL     |
+------------------+----------+
| Debian Buster    | FAIL     |
+------------------+----------+
| RHEL8            | FAIL     |
+------------------+----------+
| CentOS Stream 9  | FAIL     |
+------------------+----------+
| Ubuntu 20.04     | FAIL     |
+------------------+----------+
| Debian Bullseye  | FAIL     |
+------------------+----------+

==== 20 line log output for Debian Bullseye (abi_test): ====
ccache cc -Iexamples/c590b3c@@dpdk-distributor at exe -Iexamples -I../examples -Iexamples/distributor -I../examples/distributor -I../examples/common -I. -I../ -Iconfig -I../config -Ilib/eal/include -I../lib/eal/include -Ilib/eal/linux/include -I../lib/eal/linux/include -Ilib/eal/x86/include -I../lib/eal/x86/include -Ilib/eal/common -I../lib/eal/common -Ilib/eal -I../lib/eal -Ilib/kvargs -I../lib/kvargs -Ilib/telemetry/../metrics -I../lib/telemetry/../metrics -Ilib/telemetry -I../lib/telemetry -Ilib/mempool -I../lib/mempool -Ilib/ring -I../lib/ring -Ilib/net -I../lib/net -Ilib/mbuf -I../lib/mbuf -Ilib/ethdev -I../lib/ethdev -Ilib/meter -I../lib/meter -Ilib/cmdline -I../lib/cmdline -Ilib/distributor -I../lib/distributor -Ilib/power -I../lib/power -Ilib/timer -I../lib/timer -fdiagnostics-color=always -pipe -D_FILE_OFFSET_BITS=64 -Wall -Winvalid-pch -Wextra -O2 -g -include rte_config.h -Wcast-qual -Wdeprecated -Wformat -Wformat-nonliteral -Wformat-security -Wmissing-declarations -Wmissing-prototypes -Wnested-externs -Wold-style-definition -Wpointer-arith -Wsign-compare -Wstrict-prototypes -Wundef -Wwrite-strings -Wno-address-of-packed-member -Wno-packed-not-aligned -Wno-missing-field-initializers -Wno-zero-length-bounds -D_GNU_SOURCE -march=native -Wno-format-truncation -DALLOW_EXPERIMENTAL_API -MD -MQ 'examples/c590b3c@@dpdk-distributor at exe/distributor_main.c.o' -MF 'examples/c590b3c@@dpdk-distributor at exe/distributor_main.c.o.d' -o 'examples/c590b3c@@dpdk-distributor at exe/distributor_main.c.o' -c ../examples/distributor/main.c
In file included from ../lib/eal/include/rte_debug.h:17,
from ../lib/eal/include/rte_bitops.h:17,
from ../lib/ethdev/rte_cman.h:12,
from ../lib/ethdev/rte_ethdev.h:163,
from ../examples/distributor/main.c:13:
../examples/distributor/main.c: In function 'init_power_library':
../lib/eal/include/rte_log.h:337:4: error: 'RTE_LOGTYPE_POWER' undeclared (first use in this function); did you mean 'RTE_LOGTYPE_PMD'?
337 |    RTE_LOGTYPE_ ## t, # t ": " __VA_ARGS__)
|    ^~~~~~~~~~~~
../examples/distributor/main.c:682:4: note: in expansion of macro 'RTE_LOG'
682 |    RTE_LOG(ERR, POWER,
|    ^~~~~~~
../lib/eal/include/rte_log.h:337:4: note: each undeclared identifier is reported only once for each function it appears in
337 |    RTE_LOGTYPE_ ## t, # t ": " __VA_ARGS__)
|    ^~~~~~~~~~~~
../examples/distributor/main.c:682:4: note: in expansion of macro 'RTE_LOG'
682 |    RTE_LOG(ERR, POWER,
|    ^~~~~~~
ninja: build stopped: subcommand failed.
==== End log output ====

Ubuntu 22.04
	Kernel: Container Host Kernel
	Compiler: clang 14.0.5-1.fc36

RHEL 7
	Kernel: 4.18.0-240.10.1.el8_3.x86_64
	Compiler: gcc 4.8.5 20150623 (Red Hat 4.8.5-44)

CentOS Stream 8
	Kernel: 4.18.0-240.10.1.el8_3.x86_64
	Compiler: gcc 8.4.1 20200928

openSUSE Leap 15
	Kernel: 4.18.0-240.10.1.el8_3.x86_64
	Compiler: gcc 7.5.0

Debian Buster
	Kernel: 5.4.0-122-generic
	Compiler: gcc 8.3.0-6

RHEL8
	Kernel: 4.18.0-240.10.1.el8_3.x86_64
	Compiler: gcc 8.3.1 20191121 (Red Hat 8.3.1-5)

CentOS Stream 9
	Kernel: 4.18.0-240.10.1.el8_3.x86_64
	Compiler: gcc 11.3.1 20220421

Ubuntu 20.04
	Kernel: 4.18.0-240.10.1.el8_3.x86_64
	Compiler: gcc 9.3.0-17ubuntu1~20.04

Debian Bullseye
	Kernel: 5.4.0-122-generic
	Compiler: gcc 10.2.1-6

To view detailed results, visit:
https://lab.dpdk.org/results/dashboard/patchsets/25382/

UNH-IOL DPDK Community Lab

To manage your email subscriptions, visit: 
https://lab.dpdk.org/results/dashboard/preferences/subscriptions/


More information about the test-report mailing list