|FAILURE| pw124479-124488 [PATCH] [11/11] crypto/cnxk: add model check for pdcp chain

dpdklab at iol.unh.edu dpdklab at iol.unh.edu
Fri Feb 24 10:50:50 CET 2023


Test-Label: iol-testing
Test-Status: FAILURE
http://dpdk.org/patch/124488

_Testing issues_

Submitter: Tejasree Kondoj <ktejasree at marvell.com>
Date: Friday, February 24 2023 05:48:13 
DPDK git baseline: Repo:dpdk
  Branch: master
  CommitID:7710b5d15a014872a3aaf646668dafa928ca8473

124479-124488 --> testing fail

Test environment and result as below:

+---------------------+--------------------+----------------------+----------------+
|     Environment     | dpdk_meson_compile | dpdk_mingw64_compile | dpdk_unit_test |
+=====================+====================+======================+================+
| FreeBSD 13          | PASS               | SKIPPED              | SKIPPED        |
+---------------------+--------------------+----------------------+----------------+
| Windows Server 2019 | PASS               | PASS                 | PASS           |
+---------------------+--------------------+----------------------+----------------+
| CentOS Stream 9     | PASS               | SKIPPED              | PASS           |
+---------------------+--------------------+----------------------+----------------+
| Ubuntu 22.04        | PASS               | SKIPPED              | FAIL           |
+---------------------+--------------------+----------------------+----------------+
| RHEL 7              | PASS               | SKIPPED              | SKIPPED        |
+---------------------+--------------------+----------------------+----------------+
| Debian Bullseye     | PASS               | SKIPPED              | PASS           |
+---------------------+--------------------+----------------------+----------------+
| openSUSE Leap 15    | PASS               | SKIPPED              | SKIPPED        |
+---------------------+--------------------+----------------------+----------------+
| CentOS Stream 8     | PASS               | SKIPPED              | SKIPPED        |
+---------------------+--------------------+----------------------+----------------+
| Ubuntu 20.04        | PASS               | SKIPPED              | PASS           |
+---------------------+--------------------+----------------------+----------------+
| Debian Buster       | PASS               | SKIPPED              | PASS           |
+---------------------+--------------------+----------------------+----------------+
| RHEL8               | PASS               | SKIPPED              | SKIPPED        |
+---------------------+--------------------+----------------------+----------------+

==== 20 line log output for Ubuntu 22.04 (dpdk_unit_test): ====
[2102/3156] Linking static target drivers/librte_crypto_bcmfs.a.
[2103/3156] Compiling C object 'drivers/a715181@@rte_crypto_bcmfs at sha/meson-generated_.._rte_crypto_bcmfs.pmd.c.o'.
[2104/3156] Linking target drivers/librte_crypto_bcmfs.so.23.1.
[2105/3156] Compiling C object 'drivers/a715181@@tmp_rte_crypto_ccp at sta/crypto_ccp_rte_ccp_pmd.c.o'.
[2106/3156] Compiling C object 'drivers/a715181@@tmp_rte_crypto_ccp at sta/crypto_ccp_ccp_pci.c.o'.
[2107/3156] Compiling C object 'drivers/a715181@@tmp_rte_crypto_ccp at sta/crypto_ccp_ccp_dev.c.o'.
[2108/3156] Compiling C object 'drivers/a715181@@tmp_rte_crypto_ccp at sta/crypto_ccp_ccp_pmd_ops.c.o'.
[2109/3156] Compiling C object 'drivers/a715181@@tmp_rte_crypto_cnxk at sta/crypto_cnxk_cn9k_cryptodev.c.o'.
[2110/3156] Compiling C object 'drivers/a715181@@tmp_rte_crypto_cnxk at sta/crypto_cnxk_cn9k_cryptodev_ops.c.o'.
FAILED: drivers/a715181@@tmp_rte_crypto_cnxk at sta/crypto_cnxk_cn9k_cryptodev_ops.c.o
clang -Idrivers/a715181@@tmp_rte_crypto_cnxk at sta -Idrivers -I../drivers -Idrivers/crypto/cnxk -I../drivers/crypto/cnxk -Idrivers/crypto/cnxk/../../../lib/net -I../drivers/crypto/cnxk/../../../lib/net -Idrivers/crypto/cnxk/../../event/cnxk -I../drivers/crypto/cnxk/../../event/cnxk -Ilib/cryptodev -I../lib/cryptodev -I. -I../ -Iconfig -I../config -Ilib/eal/include -I../lib/eal/include -Ilib/eal/linux/include -I../lib/eal/linux/include -Ilib/eal/x86/include -I../lib/eal/x86/include -Ilib/eal/common -I../lib/eal/common -Ilib/eal -I../lib/eal -Ilib/kvargs -I../lib/kvargs -Ilib/telemetry/../metrics -I../lib/telemetry/../metrics -Ilib/telemetry -I../lib/telemetry -Ilib/mbuf -I../lib/mbuf -Ilib/mempool -I../lib/mempool -Ilib/ring -I../lib/ring -Ilib/rcu -I../lib/rcu -Idrivers/bus/pci -I../drivers/bus/pci -I../drivers/bus/pci/linux -Ilib/pci -I../lib/pci -Idrivers/common/cnxk -I../drivers/common/cnxk -Idrivers/common/cnxk/../../bus/pci -I../drivers/common/cnxk/../../bus/pci -Idrivers/common/c
 nxk/../../../lib/net -I../drivers/common/cnxk/../../../lib/net -Idrivers/common/cnxk/../../../lib/ethdev -I../drivers/common/cnxk/../../../lib/ethdev -Idrivers/common/cnxk/../../../lib/meter -I../drivers/common/cnxk/../../../lib/meter -Ilib/security -I../lib/security -Ilib/net -I../lib/net -Ilib/eventdev -I../lib/eventdev -Ilib/ethdev -I../lib/ethdev -Ilib/meter -I../lib/meter -Ilib/hash -I../lib/hash -Ilib/timer -I../lib/timer -Xclang -fcolor-diagnostics -pipe -D_FILE_OFFSET_BITS=64 -Wall -Winvalid-pch -Wextra -Werror -O3 -include rte_config.h -Wcast-qual -Wdeprecated -Wformat -Wformat-nonliteral -Wformat-security -Wmissing-declarations -Wmissing-prototypes -Wnested-externs -Wold-style-definition -Wpointer-arith -Wsign-compare -Wstrict-prototypes -Wundef -Wwrite-strings -Wno-address-of-packed-member -Wno-missing-field-initializers -D_GNU_SOURCE -fPIC -march=native -DALLOW_EXPERIMENTAL_API -DALLOW_INTERNAL_API -ULA_IPSEC_DEBUG -UCNXK_CRYPTODEV_DEBUG -DRTE_LOG_DEFAULT_LOGTYPE=pmd.cry
 pto.cnxk -MD -MQ 'drivers/a715181@@tmp_rte_crypto_cnxk at sta/crypto_cnxk_cn9k_cryptodev_ops.c.o' -MF 'drivers/a715181@@tmp_rte_crypto_cnxk at sta/crypto_cnxk_cn9k_cryptodev_ops.c.o.d' -o 'drivers/a715181@@tmp_rte_crypto_cnxk at sta/crypto_cnxk_cn9k_cryptodev_ops.c.o' -c ../drivers/crypto/cnxk/cn9k_cryptodev_ops.c
In file included from ../drivers/crypto/cnxk/cn9k_cryptodev_ops.c:24:
../drivers/crypto/cnxk/cnxk_ae.h:17:36: error: field 'rte_sess' with variable sized type 'struct rte_cryptodev_asym_session' not at the end of a struct or class is a GNU extension [-Werror,-Wgnu-variable-sized-type-not-at-end]
struct rte_cryptodev_asym_session rte_sess;
^
1 error generated.
[2111/3156] Compiling C object 'drivers/a715181@@tmp_rte_crypto_cnxk at sta/crypto_cnxk_cn9k_ipsec.c.o'.
[2112/3156] Compiling C object 'drivers/a715181@@tmp_rte_crypto_caam_jr at sta/crypto_caam_jr_caam_jr.c.o'.
[2113/3156] Compiling C object 'drivers/a715181@@tmp_rte_crypto_ccp at sta/crypto_ccp_ccp_crypto.c.o'.
ninja: build stopped: subcommand failed.
==== End log output ====

FreeBSD 13
	Kernel: 13.0
	Compiler: clang 11.0.1

Windows Server 2019
	Kernel: 10.0
	Compiler: clang 14.0 and gcc 8.1.0 (MinGW)

CentOS Stream 9
	Kernel: 4.18.0-240.10.1.el8_3.x86_64
	Compiler: gcc 11.3.1 20220421

Ubuntu 22.04
	Kernel: Container Host Kernel
	Compiler: clang 14.0.5-1.fc36

RHEL 7
	Kernel: 4.18.0-240.10.1.el8_3.x86_64
	Compiler: gcc 4.8.5 20150623 (Red Hat 4.8.5-44)

Debian Bullseye
	Kernel: 5.4.0-122-generic
	Compiler: gcc 10.2.1-6

openSUSE Leap 15
	Kernel: 4.18.0-240.10.1.el8_3.x86_64
	Compiler: gcc 7.5.0

CentOS Stream 8
	Kernel: 4.18.0-240.10.1.el8_3.x86_64
	Compiler: gcc 8.4.1 20200928

Ubuntu 20.04
	Kernel: 4.18.0-240.10.1.el8_3.x86_64
	Compiler: gcc 9.3.0-17ubuntu1~20.04

Debian Buster
	Kernel: 5.4.0-122-generic
	Compiler: gcc 8.3.0-6

RHEL8
	Kernel: 4.18.0-240.10.1.el8_3.x86_64
	Compiler: gcc 8.3.1 20191121 (Red Hat 8.3.1-5)

To view detailed results, visit:
https://lab.dpdk.org/results/dashboard/patchsets/25539/

UNH-IOL DPDK Community Lab

To manage your email subscriptions, visit: 
https://lab.dpdk.org/results/dashboard/preferences/subscriptions/


More information about the test-report mailing list