|FAILURE| pw124491-124504 [PATCH] [14/14] enable lock check

dpdklab at iol.unh.edu dpdklab at iol.unh.edu
Fri Feb 24 12:18:20 CET 2023


Test-Label: iol-x86_64-unit-testing
Test-Status: FAILURE
http://dpdk.org/patch/124504

_Testing issues_

Submitter: David Marchand <david.marchand at redhat.com>
Date: Friday, February 24 2023 08:16:42 
DPDK git baseline: Repo:dpdk
  Branch: master
  CommitID:7710b5d15a014872a3aaf646668dafa928ca8473

124491-124504 --> testing fail

Test environment and result as below:

+---------------------+----------------+
|     Environment     | dpdk_unit_test |
+=====================+================+
| Windows Server 2019 | FAIL           |
+---------------------+----------------+
| openSUSE Leap 15    | PASS           |
+---------------------+----------------+
| RHEL 7              | PASS           |
+---------------------+----------------+
| CentOS Stream 9     | PASS           |
+---------------------+----------------+
| Debian Buster       | PASS           |
+---------------------+----------------+
| Ubuntu 22.04        | PASS           |
+---------------------+----------------+
| RHEL8               | PASS           |
+---------------------+----------------+
| Debian Bullseye     | PASS           |
+---------------------+----------------+
| Ubuntu 20.04        | PASS           |
+---------------------+----------------+
| CentOS Stream 8     | PASS           |
+---------------------+----------------+

==== 20 line log output for Windows Server 2019 (dpdk_unit_test): ====
                 r t e _ s p i n l o c k _ l o c k ( & t a s k . l o c k ) ; 
 
                 ^ 
 
 . . / l i b / e a l / w i n d o w s / e a l _ a l a r m . c : 2 4 4 : 2 :   n o t e :   m u t e x   a c q u i r e d   h e r e 
 
                 r t e _ s p i n l o c k _ l o c k ( & t a s k . l o c k ) ; 
 
                 ^ 
 
 . . / l i b / e a l / w i n d o w s / e a l _ a l a r m . c : 2 5 4 : 1 :   e r r o r :   m u t e x   ' t a s k . l o c k '   i s   s t i l l   h e l d   a t   t h e   e n d   o f   f u n c t i o n   [ - W e r r o r , - W t h r e a d - s a f e t y - a n a l y s i s ] 
 
 } 
 
 ^ 
 
 . . / l i b / e a l / w i n d o w s / e a l _ a l a r m . c : 2 4 4 : 2 :   n o t e :   m u t e x   a c q u i r e d   h e r e 
 
                 r t e _ s p i n l o c k _ l o c k ( & t a s k . l o c k ) ; 
 
                 ^ 
 
 3   e r r o r s   g e n e r a t e d . 
 
 [ 5 / 4 2 1 ]   C o m p i l i n g   C   o b j e c t   l i b / l i b r t e _ e a l . a . p / e a l _ c o m m o n _ e a l _ c o m m o n _ d y n m e m . c . o b j 
 
 [ 6 / 4 2 1 ]   C o m p i l i n g   C   o b j e c t   l i b / l i b r t e _ e a l . a . p / e a l _ w i n d o w s _ e a l _ l c o r e . c . o b j 
 
 [ 7 / 4 2 1 ]   C o m p i l i n g   C   o b j e c t   l i b / l i b r t e _ e a l . a . p / e a l _ c o m m o n _ e a l _ c o m m o n _ t a i l q s . c . o b j 
 
 [ 8 / 4 2 1 ]   C o m p i l i n g   C   o b j e c t   d r i v e r s / l i b t m p _ r t e _ n e t _ v m x n e t 3 . a . p / n e t _ v m x n e t 3 _ v m x n e t 3 _ e t h d e v . c . o b j 
 
 [ 9 / 4 2 1 ]   C o m p i l i n g   C   o b j e c t   d r i v e r s / l i b t m p _ r t e _ n e t _ m l x 5 . a . p / n e t _ m l x 5 _ m l x 5 _ r x q . c . o b j 
 
 n i n j a :   b u i l d   s t o p p e d :   s u b c o m m a n d   f a i l e d . 
 
 C o u l d   n o t   r e b u i l d   C : \ U s e r s \ b u i l d e r \ j e n k i n s \ w o r k s p a c e \ G e n e r i c - V M - U n i t - T e s t - D P D K \ d p d k \ b u i l d 
 
 
==== End log output ====

Windows Server 2019
	Kernel: 10.0
	Compiler: clang 14.0 and gcc 8.1.0 (MinGW)

openSUSE Leap 15
	Kernel: 4.18.0-240.10.1.el8_3.x86_64
	Compiler: gcc 7.5.0

RHEL 7
	Kernel: 4.18.0-240.10.1.el8_3.x86_64
	Compiler: gcc 4.8.5 20150623 (Red Hat 4.8.5-44)

CentOS Stream 9
	Kernel: 4.18.0-240.10.1.el8_3.x86_64
	Compiler: gcc 11.3.1 20220421

Debian Buster
	Kernel: 5.4.0-122-generic
	Compiler: gcc 8.3.0-6

Ubuntu 22.04
	Kernel: Container Host Kernel
	Compiler: gcc 12.2.1-2

RHEL8
	Kernel: 4.18.0-240.10.1.el8_3.x86_64
	Compiler: gcc 8.3.1 20191121 (Red Hat 8.3.1-5)

Debian Bullseye
	Kernel: 5.4.0-122-generic
	Compiler: gcc 10.2.1-6

Ubuntu 20.04
	Kernel: 4.18.0-240.10.1.el8_3.x86_64
	Compiler: gcc 9.3.0-17ubuntu1~20.04

CentOS Stream 8
	Kernel: 4.18.0-240.10.1.el8_3.x86_64
	Compiler: gcc 8.4.1 20200928

To view detailed results, visit:
https://lab.dpdk.org/results/dashboard/patchsets/25541/

UNH-IOL DPDK Community Lab

To manage your email subscriptions, visit: 
https://lab.dpdk.org/results/dashboard/preferences/subscriptions/


More information about the test-report mailing list