|WARNING| pw124564 [PATCH] crypto/openssl: support SM3/SM4 in openssl

dpdklab at iol.unh.edu dpdklab at iol.unh.edu
Tue Feb 28 12:14:42 CET 2023


Test-Label: iol-aarch64-unit-testing
Test-Status: WARNING
http://dpdk.org/patch/124564

_Testing issues_

Submitter: Sunyang Wu <sunyang.wu at jaguarmicro.com>
Date: Tuesday, February 28 2023 08:54:10 
DPDK git baseline: Repo:dpdk
  Branch: master
  CommitID:7710b5d15a014872a3aaf646668dafa928ca8473

124564 --> testing fail

Test environment and result as below:

+----------------------+---------------------------+------------------------------+--------------+
|     Environment      | cryptodev_sw_zuc_autotest | cryptodev_sw_snow3g_autotest | lpm_autotest |
+======================+===========================+==============================+==============+
| Debian 11            | FAIL                      | FAIL                         | SKIPPED      |
+----------------------+---------------------------+------------------------------+--------------+
| Ubuntu 20.04 ARM SVE | SKIPPED                   | SKIPPED                      | PASS         |
+----------------------+---------------------------+------------------------------+--------------+

==== 20 line log output for Debian 11 (cryptodev_sw_snow3g_autotest): ====
[2186/3120] Linking target drivers/librte_crypto_null.so.23.1.
[2187/3120] Compiling C object 'drivers/a715181@@tmp_rte_crypto_openssl at sta/crypto_openssl_rte_openssl_pmd_ops.c.o'.
[2188/3120] Compiling C object 'drivers/a715181@@tmp_rte_crypto_scheduler at sta/crypto_scheduler_scheduler_failover.c.o'.
[2189/3120] Compiling C object 'drivers/a715181@@tmp_rte_crypto_scheduler at sta/crypto_scheduler_rte_cryptodev_scheduler.c.o'.
[2190/3120] Compiling C object 'drivers/a715181@@tmp_rte_crypto_scheduler at sta/crypto_scheduler_scheduler_pkt_size_distr.c.o'.
[2191/3120] Compiling C object 'drivers/a715181@@tmp_rte_crypto_openssl at sta/crypto_openssl_rte_openssl_pmd.c.o'.
FAILED: drivers/a715181@@tmp_rte_crypto_openssl at sta/crypto_openssl_rte_openssl_pmd.c.o
ccache cc -Idrivers/a715181@@tmp_rte_crypto_openssl at sta -Idrivers -I../drivers -Idrivers/crypto/openssl -I../drivers/crypto/openssl -Ilib/cryptodev -I../lib/cryptodev -I. -I../ -Iconfig -I../config -Ilib/eal/include -I../lib/eal/include -Ilib/eal/linux/include -I../lib/eal/linux/include -Ilib/eal/arm/include -I../lib/eal/arm/include -Ilib/eal/common -I../lib/eal/common -Ilib/eal -I../lib/eal -Ilib/kvargs -I../lib/kvargs -Ilib/telemetry/../metrics -I../lib/telemetry/../metrics -Ilib/telemetry -I../lib/telemetry -Ilib/mbuf -I../lib/mbuf -Ilib/mempool -I../lib/mempool -Ilib/ring -I../lib/ring -Ilib/rcu -I../lib/rcu -Idrivers/bus/vdev -I../drivers/bus/vdev -fdiagnostics-color=always -pipe -D_FILE_OFFSET_BITS=64 -Wall -Winvalid-pch -Wextra -Werror -O3 -include rte_config.h -Wcast-qual -Wdeprecated -Wformat -Wformat-nonliteral -Wformat-security -Wmissing-declarations -Wmissing-prototypes -Wnested-externs -Wold-style-definition -Wpointer-arith -Wsign-compare -Wstrict-prototypes -Wundef -Wwr
 ite-strings -Wno-address-of-packed-member -Wno-packed-not-aligned -Wno-missing-field-initializers -Wno-zero-length-bounds -D_GNU_SOURCE -march=armv8-a+crc+crypto -fPIC -march=armv8-a+crc -moutline-atomics -DALLOW_EXPERIMENTAL_API -DALLOW_INTERNAL_API -Wno-format-truncation -DRTE_LOG_DEFAULT_LOGTYPE=pmd.crypto.openssl -MD -MQ 'drivers/a715181@@tmp_rte_crypto_openssl at sta/crypto_openssl_rte_openssl_pmd.c.o' -MF 'drivers/a715181@@tmp_rte_crypto_openssl at sta/crypto_openssl_rte_openssl_pmd.c.o.d' -o 'drivers/a715181@@tmp_rte_crypto_openssl at sta/crypto_openssl_rte_openssl_pmd.c.o' -c ../drivers/crypto/openssl/rte_openssl_pmd.c
../drivers/crypto/openssl/rte_openssl_pmd.c: In function 'get_cipher_algo':
../drivers/crypto/openssl/rte_openssl_pmd.c:229:4: error: this statement may fall through [-Werror=implicit-fallthrough=]
229 |    switch (keylen) {
|    ^~~~~~
../drivers/crypto/openssl/rte_openssl_pmd.c:242:3: note: here
242 |   case RTE_CRYPTO_CIPHER_SM4_ECB:
|   ^~~~
cc1: all warnings being treated as errors
[2192/3120] Compiling C object 'drivers/a715181@@tmp_rte_crypto_scheduler at sta/crypto_scheduler_scheduler_pmd.c.o'.
[2193/3120] Compiling C object 'drivers/a715181@@tmp_rte_crypto_scheduler at sta/crypto_scheduler_scheduler_multicore.c.o'.
[2194/3120] Compiling C object 'drivers/a715181@@tmp_rte_crypto_octeontx at sta/crypto_octeontx_otx_cryptodev_ops.c.o'.
ninja: build stopped: subcommand failed.
==== End log output ====

Debian 11
	Kernel: Container Host Kernel
	Compiler: gcc 10.2.1

Ubuntu 20.04 ARM SVE
	Kernel: 5.4.0-80-generic
	Compiler: gcc 10.3.0 (Ubuntu 10.3.0-1ubuntu1~20.04)

To view detailed results, visit:
https://lab.dpdk.org/results/dashboard/patchsets/25556/

UNH-IOL DPDK Community Lab

To manage your email subscriptions, visit: 
https://lab.dpdk.org/results/dashboard/preferences/subscriptions/


More information about the test-report mailing list