|FAILURE| pw124564 [PATCH] crypto/openssl: support SM3/SM4 in openssl

dpdklab at iol.unh.edu dpdklab at iol.unh.edu
Tue Feb 28 12:56:12 CET 2023


Test-Label: iol-testing
Test-Status: FAILURE
http://dpdk.org/patch/124564

_Testing issues_

Submitter: Sunyang Wu <sunyang.wu at jaguarmicro.com>
Date: Tuesday, February 28 2023 08:54:10 
DPDK git baseline: Repo:dpdk
  Branch: master
  CommitID:7710b5d15a014872a3aaf646668dafa928ca8473

124564 --> testing fail

Test environment and result as below:

+---------------------+--------------------+----------------------+----------------+
|     Environment     | dpdk_meson_compile | dpdk_mingw64_compile | dpdk_unit_test |
+=====================+====================+======================+================+
| FreeBSD 13          | FAIL               | SKIPPED              | SKIPPED        |
+---------------------+--------------------+----------------------+----------------+
| Windows Server 2019 | PASS               | PASS                 | PASS           |
+---------------------+--------------------+----------------------+----------------+
| CentOS Stream 8     | FAIL               | SKIPPED              | FAIL           |
+---------------------+--------------------+----------------------+----------------+
| Debian Bullseye     | FAIL               | SKIPPED              | SKIPPED        |
+---------------------+--------------------+----------------------+----------------+
| Debian Buster       | FAIL               | SKIPPED              | SKIPPED        |
+---------------------+--------------------+----------------------+----------------+
| CentOS Stream 9     | FAIL               | SKIPPED              | SKIPPED        |
+---------------------+--------------------+----------------------+----------------+
| RHEL 7              | SKIPPED            | SKIPPED              | FAIL           |
+---------------------+--------------------+----------------------+----------------+
| RHEL8               | SKIPPED            | SKIPPED              | FAIL           |
+---------------------+--------------------+----------------------+----------------+
| openSUSE Leap 15    | SKIPPED            | SKIPPED              | FAIL           |
+---------------------+--------------------+----------------------+----------------+

==== 20 line log output for openSUSE Leap 15 (dpdk_unit_test): ====
[2186/3149] Compiling C object 'drivers/a715181@@rte_crypto_null at sha/meson-generated_.._rte_crypto_null.pmd.c.o'.
[2187/3149] Linking target drivers/librte_crypto_null.so.23.1.
[2188/3149] Generating symbol file 'drivers/a715181@@rte_crypto_dpaa2_sec at sha/librte_crypto_dpaa2_sec.so.23.1.symbols'.
[2189/3149] Compiling C object 'drivers/a715181@@tmp_rte_crypto_openssl at sta/crypto_openssl_rte_openssl_pmd_ops.c.o'.
[2190/3149] Compiling C object 'drivers/a715181@@tmp_rte_crypto_scheduler at sta/crypto_scheduler_rte_cryptodev_scheduler.c.o'.
[2191/3149] Compiling C object 'drivers/a715181@@tmp_rte_crypto_openssl at sta/crypto_openssl_rte_openssl_pmd.c.o'.
FAILED: drivers/a715181@@tmp_rte_crypto_openssl at sta/crypto_openssl_rte_openssl_pmd.c.o
ccache cc -Idrivers/a715181@@tmp_rte_crypto_openssl at sta -Idrivers -I../drivers -Idrivers/crypto/openssl -I../drivers/crypto/openssl -Ilib/cryptodev -I../lib/cryptodev -I. -I../ -Iconfig -I../config -Ilib/eal/include -I../lib/eal/include -Ilib/eal/linux/include -I../lib/eal/linux/include -Ilib/eal/x86/include -I../lib/eal/x86/include -Ilib/eal/common -I../lib/eal/common -Ilib/eal -I../lib/eal -Ilib/kvargs -I../lib/kvargs -Ilib/telemetry/../metrics -I../lib/telemetry/../metrics -Ilib/telemetry -I../lib/telemetry -Ilib/mbuf -I../lib/mbuf -Ilib/mempool -I../lib/mempool -Ilib/ring -I../lib/ring -Ilib/rcu -I../lib/rcu -Idrivers/bus/vdev -I../drivers/bus/vdev -fdiagnostics-color=always -pipe -D_FILE_OFFSET_BITS=64 -Wall -Winvalid-pch -Wextra -Werror -O3 -include rte_config.h -Wcast-qual -Wdeprecated -Wformat -Wformat-nonliteral -Wformat-security -Wmissing-declarations -Wmissing-prototypes -Wnested-externs -Wold-style-definition -Wpointer-arith -Wsign-compare -Wstrict-prototypes -Wundef -Wwr
 ite-strings -Wno-missing-field-initializers -D_GNU_SOURCE -fPIC -DOPENSSL_LOAD_CONF -march=native -DALLOW_EXPERIMENTAL_API -DALLOW_INTERNAL_API -Wno-format-truncation -DRTE_LOG_DEFAULT_LOGTYPE=pmd.crypto.openssl -MD -MQ 'drivers/a715181@@tmp_rte_crypto_openssl at sta/crypto_openssl_rte_openssl_pmd.c.o' -MF 'drivers/a715181@@tmp_rte_crypto_openssl at sta/crypto_openssl_rte_openssl_pmd.c.o.d' -o 'drivers/a715181@@tmp_rte_crypto_openssl at sta/crypto_openssl_rte_openssl_pmd.c.o' -c ../drivers/crypto/openssl/rte_openssl_pmd.c
../drivers/crypto/openssl/rte_openssl_pmd.c: In function 'get_cipher_algo':
../drivers/crypto/openssl/rte_openssl_pmd.c:240:9: error: this statement may fall through [-Werror=implicit-fallthrough=]
res = -EINVAL;
^
../drivers/crypto/openssl/rte_openssl_pmd.c:242:3: note: here
case RTE_CRYPTO_CIPHER_SM4_ECB:
^~~~
cc1: all warnings being treated as errors
[2192/3149] Compiling C object 'drivers/a715181@@tmp_rte_crypto_scheduler at sta/crypto_scheduler_scheduler_failover.c.o'.
[2193/3149] Compiling C object 'drivers/a715181@@tmp_rte_crypto_cnxk at sta/crypto_cnxk_cn10k_cryptodev_ops.c.o'.
[2194/3149] Compiling C object 'drivers/a715181@@tmp_rte_crypto_octeontx at sta/crypto_octeontx_otx_cryptodev_ops.c.o'.
ninja: build stopped: subcommand failed.
==== End log output ====

FreeBSD 13
	Kernel: 13.0
	Compiler: clang 11.0.1

Windows Server 2019
	Kernel: 10.0
	Compiler: clang 14.0 and gcc 8.1.0 (MinGW)

CentOS Stream 8
	Kernel: 4.18.0-240.10.1.el8_3.x86_64
	Compiler: gcc 8.4.1 20200928

Debian Bullseye
	Kernel: 5.4.0-122-generic
	Compiler: gcc 10.2.1-6

Debian Buster
	Kernel: 5.4.0-122-generic
	Compiler: gcc 8.3.0-6

CentOS Stream 9
	Kernel: 4.18.0-240.10.1.el8_3.x86_64
	Compiler: gcc 11.3.1 20220421

RHEL 7
	Kernel: 4.18.0-240.10.1.el8_3.x86_64
	Compiler: gcc 4.8.5 20150623 (Red Hat 4.8.5-44)

RHEL8
	Kernel: 4.18.0-240.10.1.el8_3.x86_64
	Compiler: gcc 8.3.1 20191121 (Red Hat 8.3.1-5)

openSUSE Leap 15
	Kernel: 4.18.0-240.10.1.el8_3.x86_64
	Compiler: gcc 7.5.0

To view detailed results, visit:
https://lab.dpdk.org/results/dashboard/patchsets/25556/

UNH-IOL DPDK Community Lab

To manage your email subscriptions, visit: 
https://lab.dpdk.org/results/dashboard/preferences/subscriptions/


More information about the test-report mailing list