|FAILURE| pw124564 [PATCH] crypto/openssl: support SM3/SM4 in openssl

dpdklab at iol.unh.edu dpdklab at iol.unh.edu
Tue Feb 28 13:01:16 CET 2023


Test-Label: iol-testing
Test-Status: FAILURE
http://dpdk.org/patch/124564

_Testing issues_

Submitter: Sunyang Wu <sunyang.wu at jaguarmicro.com>
Date: Tuesday, February 28 2023 08:54:10 
DPDK git baseline: Repo:dpdk
  Branch: master
  CommitID:7710b5d15a014872a3aaf646668dafa928ca8473

124564 --> testing fail

Test environment and result as below:

+---------------------+--------------------+----------------------+----------------+
|     Environment     | dpdk_meson_compile | dpdk_mingw64_compile | dpdk_unit_test |
+=====================+====================+======================+================+
| FreeBSD 13          | FAIL               | SKIPPED              | SKIPPED        |
+---------------------+--------------------+----------------------+----------------+
| Windows Server 2019 | PASS               | PASS                 | PASS           |
+---------------------+--------------------+----------------------+----------------+
| CentOS Stream 8     | FAIL               | SKIPPED              | FAIL           |
+---------------------+--------------------+----------------------+----------------+
| Debian Bullseye     | FAIL               | SKIPPED              | FAIL           |
+---------------------+--------------------+----------------------+----------------+
| Debian Buster       | FAIL               | SKIPPED              | FAIL           |
+---------------------+--------------------+----------------------+----------------+
| CentOS Stream 9     | FAIL               | SKIPPED              | SKIPPED        |
+---------------------+--------------------+----------------------+----------------+
| Ubuntu 22.04        | FAIL               | SKIPPED              | SKIPPED        |
+---------------------+--------------------+----------------------+----------------+
| openSUSE Leap 15    | FAIL               | SKIPPED              | FAIL           |
+---------------------+--------------------+----------------------+----------------+
| RHEL 7              | SKIPPED            | SKIPPED              | FAIL           |
+---------------------+--------------------+----------------------+----------------+
| RHEL8               | SKIPPED            | SKIPPED              | FAIL           |
+---------------------+--------------------+----------------------+----------------+

==== 20 line log output for RHEL8 (dpdk_unit_test): ====
^
../drivers/crypto/openssl/rte_openssl_pmd.c:249:12: error: implicit declaration of function 'EVP_sm4_ctr'; did you mean 'NID_sm4_ctr'? [-Werror=implicit-function-declaration]
*algo = EVP_sm4_ctr();
^~~~~~~~~~~
NID_sm4_ctr
../drivers/crypto/openssl/rte_openssl_pmd.c:249:12: error: nested extern declaration of 'EVP_sm4_ctr' [-Werror=nested-externs]
../drivers/crypto/openssl/rte_openssl_pmd.c:249:10: error: assignment to 'const EVP_CIPHER *' {aka 'const struct evp_cipher_st *'} from 'int' makes pointer from integer without a cast [-Werror=int-conversion]
*algo = EVP_sm4_ctr();
^
../drivers/crypto/openssl/rte_openssl_pmd.c:229:4: error: this statement may fall through [-Werror=implicit-fallthrough=]
switch (keylen) {
^~~~~~
../drivers/crypto/openssl/rte_openssl_pmd.c:242:3: note: here
case RTE_CRYPTO_CIPHER_SM4_ECB:
^~~~
cc1: all warnings being treated as errors
[2207/3163] Compiling C object 'drivers/a715181@@tmp_rte_crypto_scheduler at sta/crypto_scheduler_rte_cryptodev_scheduler.c.o'.
[2208/3163] Compiling C object 'drivers/a715181@@tmp_rte_crypto_scheduler at sta/crypto_scheduler_scheduler_multicore.c.o'.
[2209/3163] Compiling C object 'drivers/a715181@@tmp_rte_crypto_octeontx at sta/crypto_octeontx_otx_cryptodev_ops.c.o'.
ninja: build stopped: subcommand failed.
==== End log output ====

FreeBSD 13
	Kernel: 13.0
	Compiler: clang 11.0.1

Windows Server 2019
	Kernel: 10.0
	Compiler: clang 14.0 and gcc 8.1.0 (MinGW)

CentOS Stream 8
	Kernel: 4.18.0-240.10.1.el8_3.x86_64
	Compiler: gcc 8.4.1 20200928

Debian Bullseye
	Kernel: 5.4.0-122-generic
	Compiler: gcc 10.2.1-6

Debian Buster
	Kernel: 5.4.0-122-generic
	Compiler: gcc 8.3.0-6

CentOS Stream 9
	Kernel: 4.18.0-240.10.1.el8_3.x86_64
	Compiler: gcc 11.3.1 20220421

Ubuntu 22.04
	Kernel: Container Host Kernel
	Compiler: gcc 11.3.1-2

openSUSE Leap 15
	Kernel: 4.18.0-240.10.1.el8_3.x86_64
	Compiler: gcc 7.5.0

RHEL 7
	Kernel: 4.18.0-240.10.1.el8_3.x86_64
	Compiler: gcc 4.8.5 20150623 (Red Hat 4.8.5-44)

RHEL8
	Kernel: 4.18.0-240.10.1.el8_3.x86_64
	Compiler: gcc 8.3.1 20191121 (Red Hat 8.3.1-5)

To view detailed results, visit:
https://lab.dpdk.org/results/dashboard/patchsets/25556/

UNH-IOL DPDK Community Lab

To manage your email subscriptions, visit: 
https://lab.dpdk.org/results/dashboard/preferences/subscriptions/


More information about the test-report mailing list