|FAILURE| pw124564 [PATCH] crypto/openssl: support SM3/SM4 in openssl

dpdklab at iol.unh.edu dpdklab at iol.unh.edu
Tue Feb 28 13:12:01 CET 2023


Test-Label: iol-x86_64-compile-testing
Test-Status: FAILURE
http://dpdk.org/patch/124564

_Testing issues_

Submitter: Sunyang Wu <sunyang.wu at jaguarmicro.com>
Date: Tuesday, February 28 2023 08:54:10 
DPDK git baseline: Repo:dpdk
  Branch: master
  CommitID:7710b5d15a014872a3aaf646668dafa928ca8473

124564 --> testing fail

Test environment and result as below:

+------------------+--------------------+
|   Environment    | dpdk_meson_compile |
+==================+====================+
| FreeBSD 13       | FAIL               |
+------------------+--------------------+
| CentOS Stream 8  | FAIL               |
+------------------+--------------------+
| Debian Bullseye  | FAIL               |
+------------------+--------------------+
| Debian Buster    | FAIL               |
+------------------+--------------------+
| CentOS Stream 9  | FAIL               |
+------------------+--------------------+
| Ubuntu 22.04     | FAIL               |
+------------------+--------------------+
| openSUSE Leap 15 | FAIL               |
+------------------+--------------------+
| Ubuntu 20.04     | FAIL               |
+------------------+--------------------+
| RHEL8            | FAIL               |
+------------------+--------------------+
| RHEL 7           | FAIL               |
+------------------+--------------------+

==== 20 line log output for RHEL 7 (dpdk_meson_compile): ====
../drivers/crypto/openssl/rte_openssl_pmd.c:246:10: error: assignment makes pointer from integer without a cast [-Werror]
*algo = EVP_sm4_cbc();
^
../drivers/crypto/openssl/rte_openssl_pmd.c:249:4: error: implicit declaration of function 'EVP_sm4_ctr' [-Werror=implicit-function-declaration]
*algo = EVP_sm4_ctr();
^
../drivers/crypto/openssl/rte_openssl_pmd.c:249:4: error: nested extern declaration of 'EVP_sm4_ctr' [-Werror=nested-externs]
../drivers/crypto/openssl/rte_openssl_pmd.c:249:10: error: assignment makes pointer from integer without a cast [-Werror]
*algo = EVP_sm4_ctr();
^
../drivers/crypto/openssl/rte_openssl_pmd.c: In function 'get_auth_algo':
../drivers/crypto/openssl/rte_openssl_pmd.c:296:4: error: implicit declaration of function 'EVP_sm3' [-Werror=implicit-function-declaration]
*algo = EVP_sm3();
^
../drivers/crypto/openssl/rte_openssl_pmd.c:296:4: error: nested extern declaration of 'EVP_sm3' [-Werror=nested-externs]
../drivers/crypto/openssl/rte_openssl_pmd.c:296:10: error: assignment makes pointer from integer without a cast [-Werror]
*algo = EVP_sm3();
^
cc1: all warnings being treated as errors
ninja: build stopped: subcommand failed.
==== End log output ====

FreeBSD 13
	Kernel: 13.0
	Compiler: clang 11.0.1

CentOS Stream 8
	Kernel: 4.18.0-240.10.1.el8_3.x86_64
	Compiler: gcc 8.4.1 20200928

Debian Bullseye
	Kernel: 5.4.0-122-generic
	Compiler: gcc 10.2.1-6

Debian Buster
	Kernel: 5.4.0-122-generic
	Compiler: gcc 8.3.0-6

CentOS Stream 9
	Kernel: 4.18.0-240.10.1.el8_3.x86_64
	Compiler: gcc 11.3.1 20220421

Ubuntu 22.04
	Kernel: Container Host Kernel
	Compiler: gcc 11.3.1-2

openSUSE Leap 15
	Kernel: 4.18.0-240.10.1.el8_3.x86_64
	Compiler: gcc 7.5.0

Ubuntu 20.04
	Kernel: 4.18.0-240.10.1.el8_3.x86_64
	Compiler: gcc 9.3.0-17ubuntu1~20.04

RHEL8
	Kernel: 4.18.0-240.10.1.el8_3.x86_64
	Compiler: gcc 8.3.1 20191121 (Red Hat 8.3.1-5)

RHEL 7
	Kernel: 4.18.0-240.10.1.el8_3.x86_64
	Compiler: gcc 4.8.5 20150623 (Red Hat 4.8.5-44)

To view detailed results, visit:
https://lab.dpdk.org/results/dashboard/patchsets/25556/

UNH-IOL DPDK Community Lab

To manage your email subscriptions, visit: 
https://lab.dpdk.org/results/dashboard/preferences/subscriptions/


More information about the test-report mailing list