|FAILURE| pw124570 [PATCH] crypto/openssl: support SM3/SM4 in openssl
dpdklab at iol.unh.edu
dpdklab at iol.unh.edu
Tue Feb 28 13:55:02 CET 2023
Test-Label: iol-testing
Test-Status: FAILURE
http://dpdk.org/patch/124570
_Testing issues_
Submitter: Sunyang Wu <sunyang.wu at jaguarmicro.com>
Date: Tuesday, February 28 2023 10:06:31
DPDK git baseline: Repo:dpdk
Branch: master
CommitID:7710b5d15a014872a3aaf646668dafa928ca8473
124570 --> testing fail
Test environment and result as below:
+------------------------------------+--------------------+----------------------+----------------+
| Environment | dpdk_meson_compile | dpdk_mingw64_compile | dpdk_unit_test |
+====================================+====================+======================+================+
| FreeBSD 13 | PASS | SKIPPED | SKIPPED |
+------------------------------------+--------------------+----------------------+----------------+
| Windows Server 2019 | PASS | PASS | PASS |
+------------------------------------+--------------------+----------------------+----------------+
| CentOS Stream 9 | PASS | SKIPPED | PASS |
+------------------------------------+--------------------+----------------------+----------------+
| CentOS Stream 8 | PASS | SKIPPED | PASS |
+------------------------------------+--------------------+----------------------+----------------+
| Debian Bullseye | PASS | SKIPPED | PASS |
+------------------------------------+--------------------+----------------------+----------------+
| Debian Buster | PASS | SKIPPED | PASS |
+------------------------------------+--------------------+----------------------+----------------+
| Ubuntu 22.04 | PASS | SKIPPED | PASS |
+------------------------------------+--------------------+----------------------+----------------+
| openSUSE Leap 15 | PASS | SKIPPED | PASS |
+------------------------------------+--------------------+----------------------+----------------+
| RHEL 7 | FAIL | SKIPPED | FAIL |
+------------------------------------+--------------------+----------------------+----------------+
| Ubuntu 20.04 | PASS | SKIPPED | PASS |
+------------------------------------+--------------------+----------------------+----------------+
| RHEL8 | PASS | SKIPPED | SKIPPED |
+------------------------------------+--------------------+----------------------+----------------+
| Ubuntu 20.04 ARM GCC Cross Compile | PASS | SKIPPED | SKIPPED |
+------------------------------------+--------------------+----------------------+----------------+
==== 20 line log output for RHEL 7 (dpdk_unit_test): ====
../drivers/crypto/openssl/rte_openssl_pmd.c:251:4: error: implicit declaration of function 'EVP_sm4_ctr' [-Werror=implicit-function-declaration]
*algo = EVP_sm4_ctr();
^
../drivers/crypto/openssl/rte_openssl_pmd.c:251:4: error: nested extern declaration of 'EVP_sm4_ctr' [-Werror=nested-externs]
../drivers/crypto/openssl/rte_openssl_pmd.c:251:10: error: assignment makes pointer from integer without a cast [-Werror]
*algo = EVP_sm4_ctr();
^
../drivers/crypto/openssl/rte_openssl_pmd.c: In function 'get_auth_algo':
../drivers/crypto/openssl/rte_openssl_pmd.c:300:4: error: implicit declaration of function 'EVP_sm3' [-Werror=implicit-function-declaration]
*algo = EVP_sm3();
^
../drivers/crypto/openssl/rte_openssl_pmd.c:300:4: error: nested extern declaration of 'EVP_sm3' [-Werror=nested-externs]
../drivers/crypto/openssl/rte_openssl_pmd.c:300:10: error: assignment makes pointer from integer without a cast [-Werror]
*algo = EVP_sm3();
^
cc1: all warnings being treated as errors
[2175/3139] Compiling C object 'drivers/a715181@@tmp_rte_crypto_scheduler at sta/crypto_scheduler_rte_cryptodev_scheduler.c.o'.
[2176/3139] Generating rte_crypto_cnxk.pmd.c with a custom command.
[2177/3139] Compiling C object 'drivers/a715181@@tmp_rte_crypto_octeontx at sta/crypto_octeontx_otx_cryptodev_ops.c.o'.
ninja: build stopped: subcommand failed.
==== End log output ====
FreeBSD 13
Kernel: 13.0
Compiler: clang 11.0.1
Windows Server 2019
Kernel: 10.0
Compiler: clang 14.0 and gcc 8.1.0 (MinGW)
CentOS Stream 9
Kernel: 4.18.0-240.10.1.el8_3.x86_64
Compiler: gcc 11.3.1 20220421
CentOS Stream 8
Kernel: 4.18.0-240.10.1.el8_3.x86_64
Compiler: gcc 8.4.1 20200928
Debian Bullseye
Kernel: 5.4.0-122-generic
Compiler: gcc 10.2.1-6
Debian Buster
Kernel: 5.4.0-122-generic
Compiler: gcc 8.3.0-6
Ubuntu 22.04
Kernel: Container Host Kernel
Compiler: gcc 11.3.1-2
openSUSE Leap 15
Kernel: 4.18.0-240.10.1.el8_3.x86_64
Compiler: gcc 7.5.0
RHEL 7
Kernel: 4.18.0-240.10.1.el8_3.x86_64
Compiler: gcc 4.8.5 20150623 (Red Hat 4.8.5-44)
Ubuntu 20.04
Kernel: 4.18.0-240.10.1.el8_3.x86_64
Compiler: gcc 9.3.0-17ubuntu1~20.04
RHEL8
Kernel: 4.18.0-240.10.1.el8_3.x86_64
Compiler: gcc 8.3.1 20191121 (Red Hat 8.3.1-5)
Ubuntu 20.04 ARM GCC Cross Compile
Kernel: 5.4.0-72-generic
Compiler: aarch64-linux-gnu-gcc (Ubuntu 9.3.0-17ubuntu1~20.04) 9.3.0
To view detailed results, visit:
https://lab.dpdk.org/results/dashboard/patchsets/25560/
UNH-IOL DPDK Community Lab
To manage your email subscriptions, visit:
https://lab.dpdk.org/results/dashboard/preferences/subscriptions/
More information about the test-report
mailing list